/*M!999999\- enable the sandbox mode */ 
/*!40101 SET @saved_cs_client     = @@character_set_client */;
/*!40101 SET character_set_client = utf8 */;
CREATE TABLE `t0` (
  `t0_c0` bigint(20) NOT NULL,
  `t0_c1` float DEFAULT NULL,
  PRIMARY KEY (`t0_c0`)
) ENGINE=InnoDB DEFAULT CHARSET=utf8mb4 COLLATE=utf8mb4_uca1400_ai_ci;
/*!40101 SET character_set_client = @saved_cs_client */;
INSERT INTO `t0` VALUES
(-985,0.348114),
(-951,NULL),
(-932,NULL),
(-916,0.0770142),
(-874,0.0474278),
(-862,NULL),
(-857,0.448287),
(-852,-813),
(-784,NULL),
(-783,NULL),
(-780,0.74396),
(-763,0.331908),
(-749,0.365247),
(-744,0.86778),
(-675,NULL),
(-643,0.876732),
(-612,NULL),
(-588,NULL),
(-561,0.289801),
(-452,0.721262),
(-426,0.0509106),
(-397,0.391195),
(-396,0.556418),
(-334,NULL),
(-283,0.6582),
(-268,0.742527),
(-242,0.487082),
(-199,0.212413),
(-191,0.463496),
(-186,NULL),
(-184,488),
(-111,0.0776229),
(-110,0.86585),
(-103,-577),
(-76,0.609478),
(-1,0.190175),
(0,0.676962),
(21,NULL),
(69,0.904032),
(136,NULL),
(157,0.16963),
(206,NULL),
(243,0.316362),
(260,90),
(267,NULL),
(350,NULL),
(356,-195),
(363,NULL),
(379,0.502864),
(441,0.221361),
(470,0.296025),
(488,0.952826),
(495,0.627784),
(611,NULL),
(616,0.751999),
(634,0.498211),
(675,0.854865),
(678,NULL),
(698,NULL),
(746,NULL),
(764,NULL),
(769,316),
(789,0.380773),
(792,-636),
(800,NULL),
(802,NULL),
(846,NULL),
(872,0.485574),
(879,NULL),
(892,0.401439),
(947,NULL),
(982,NULL),
(988,NULL),
(997,-780);
/*!40101 SET @saved_cs_client     = @@character_set_client */;
/*!40101 SET character_set_client = utf8 */;
CREATE TABLE `t1` (
  `t1_c0` float NOT NULL,
  `t1_c1` float NOT NULL,
  PRIMARY KEY (`t1_c0`),
  UNIQUE KEY `ic0` (`t1_c0`) USING HASH,
  KEY `fk_t1_t1_c1` (`t1_c1`),
  CONSTRAINT `fk_t1_t1_c1` FOREIGN KEY (`t1_c1`) REFERENCES `t1` (`t1_c0`)
) ENGINE=InnoDB DEFAULT CHARSET=utf8mb4 COLLATE=utf8mb4_uca1400_ai_ci;
/*!40101 SET character_set_client = @saved_cs_client */;
INSERT INTO `t1` VALUES
(0.0477938,-951),
(-951,-452),
(0.237038,-452),
(0.331908,-452),
(0.367911,-452),
(0.395307,-452),
(0.556112,-452),
(0.721349,-452),
(0.813972,-452),
(0.32957,-110),
(0.770707,-110),
(0.781752,-110),
(-452,0),
(-110,0),
(0,0),
(0.0714911,0),
(0.324988,0),
(0.393722,0),
(0.632074,0),
(0.664357,0),
(0.870665,0),
(0.897724,0),
(0.915345,0);
/*!40101 SET @saved_cs_client     = @@character_set_client */;
/*!40101 SET character_set_client = utf8 */;
CREATE TABLE `t2` (
  `t2_c0` int(11) NOT NULL,
  `t2_c1` float DEFAULT NULL,
  `t2_c2` float DEFAULT NULL,
  `t2_c3` int(11) NOT NULL,
  `t2_c4` bigint(20) NOT NULL,
  `t2_c5` float NOT NULL,
  PRIMARY KEY (`t2_c0`),
  KEY `fk_t2_t2_c4` (`t2_c4`),
  KEY `fk_t2_t2_c5` (`t2_c5`),
  KEY `fk_t2_t2_c3` (`t2_c3`),
  CONSTRAINT `fk_t2_t2_c3` FOREIGN KEY (`t2_c3`) REFERENCES `t2` (`t2_c0`),
  CONSTRAINT `fk_t2_t2_c4` FOREIGN KEY (`t2_c4`) REFERENCES `t0` (`t0_c0`),
  CONSTRAINT `fk_t2_t2_c5` FOREIGN KEY (`t2_c5`) REFERENCES `t1` (`t1_c0`)
) ENGINE=InnoDB DEFAULT CHARSET=utf8mb4 COLLATE=utf8mb4_uca1400_ai_ci;
/*!40101 SET character_set_client = @saved_cs_client */;
INSERT INTO `t2` VALUES
(-101,0.69856,0.0846123,197,634,0),
(-15,NULL,NULL,0,746,0),
(0,NULL,NULL,0,0,0),
(79,0.21518,0.0726407,0,260,0),
(197,0.367911,NULL,441,-916,-951),
(441,816,824,0,634,-452),
(879,0.207477,0.406797,197,0,0);
/*!40101 SET @saved_cs_client     = @@character_set_client */;
/*!40101 SET character_set_client = utf8 */;
CREATE TABLE `t3` (
  `t3_c0` int(11) NOT NULL,
  `t3_c1` int(11) NOT NULL,
  `t3_c2` int(11) NOT NULL,
  `t3_c3` float NOT NULL,
  `t3_c4` bigint(20) NOT NULL,
  PRIMARY KEY (`t3_c0`),
  KEY `fk_t3_t3_c4` (`t3_c4`),
  KEY `fk_t3_t3_c3` (`t3_c3`),
  KEY `fk_t3_t3_c2` (`t3_c2`),
  KEY `fk_t3_t3_c1` (`t3_c1`),
  CONSTRAINT `fk_t3_t3_c1` FOREIGN KEY (`t3_c1`) REFERENCES `t3` (`t3_c0`),
  CONSTRAINT `fk_t3_t3_c2` FOREIGN KEY (`t3_c2`) REFERENCES `t2` (`t2_c0`),
  CONSTRAINT `fk_t3_t3_c3` FOREIGN KEY (`t3_c3`) REFERENCES `t1` (`t1_c0`),
  CONSTRAINT `fk_t3_t3_c4` FOREIGN KEY (`t3_c4`) REFERENCES `t0` (`t0_c0`)
) ENGINE=InnoDB DEFAULT CHARSET=utf8mb4 COLLATE=utf8mb4_uca1400_ai_ci;
/*!40101 SET character_set_client = @saved_cs_client */;
INSERT INTO `t3` VALUES
(-965,772,441,-951,-916),
(-712,0,0,0,-588),
(0,0,0,0,243),
(194,-712,79,-951,800),
(284,0,0,0,0),
(772,-712,441,-110,698);
/*!40101 SET @saved_cs_client     = @@character_set_client */;
/*!40101 SET character_set_client = utf8 */;
CREATE TABLE `t4` (
  `t4_c0` float NOT NULL,
  `t4_c1` bigint(20) NOT NULL,
  PRIMARY KEY (`t4_c0`),
  KEY `fk_t4_t4_c1` (`t4_c1`),
  CONSTRAINT `fk_t4_t4_c1` FOREIGN KEY (`t4_c1`) REFERENCES `t0` (`t0_c0`)
) ENGINE=InnoDB DEFAULT CHARSET=utf8mb4 COLLATE=utf8mb4_uca1400_ai_ci;
/*!40101 SET character_set_client = @saved_cs_client */;
INSERT INTO `t4` VALUES
(0.175947,-985),
(0.989226,-985),
(775,-985),
(0.0736763,-932),
(0.30573,-932),
(0.596995,-932),
(0.324526,-916),
(-727,-862),
(0.0776229,-862),
(0.191057,-862),
(0.6582,-862),
(684,-862),
(0.739397,-784),
(-662,-783),
(0.491344,-763),
(-652,-744),
(0.429947,-744),
(0.863206,-744),
(286,-744),
(0.070254,-675),
(0.171184,-675),
(0.409492,-675),
(0.438413,-675),
(0.985679,-675),
(0.445335,-588),
(0.665379,-561),
(0.0582692,-452),
(0.0770142,-452),
(0.178183,-452),
(0.338564,-452),
(0.393722,-452),
(0.674115,-452),
(0.676962,-452),
(0.774572,-452),
(0.563224,-426),
(675,-426),
(0.309902,-268),
(0.474699,-268),
(0.551897,-268),
(0.973082,-268),
(816,-268),
(0,-242),
(0.642486,-242),
(0.702878,-242),
(0.721262,-242),
(0.648248,-184),
(-101,-110),
(0.277605,-110),
(0.355538,-110),
(0.406797,-110),
(0.479042,-110),
(0.650007,-110),
(0.763592,-110),
(0.868345,-110),
(0.578486,-103),
(0.407859,-1),
(0.686419,-1),
(0.909422,-1),
(0.13952,0),
(0.583088,0),
(0.744533,0),
(0.912738,0),
(0.956117,0),
(-452,21),
(0.562758,21),
(0.358975,157),
(0.358656,267),
(0.91056,495),
(0.0884832,611),
(0.338948,634),
(0.380695,634),
(0.489691,634),
(0.709056,634),
(0.905468,634),
(-823,800),
(-231,800),
(0.0159004,800),
(0.753149,800),
(0.737721,872),
(0.808101,879),
(0.771538,988),
(0.919347,988),
(0.0263376,997);
/*!40101 SET @saved_cs_client     = @@character_set_client */;
/*!40101 SET character_set_client = utf8 */;
CREATE TABLE `t5` (
  `t5_c0` smallint(6) NOT NULL,
  `t5_c1` decimal(10,0) DEFAULT NULL,
  `t5_c2` int(11) NOT NULL,
  PRIMARY KEY (`t5_c0`),
  KEY `fk_t5_t5_c2` (`t5_c2`),
  CONSTRAINT `fk_t5_t5_c2` FOREIGN KEY (`t5_c2`) REFERENCES `t3` (`t3_c0`)
) ENGINE=InnoDB DEFAULT CHARSET=utf8mb4 COLLATE=utf8mb4_uca1400_ai_ci;
/*!40101 SET character_set_client = @saved_cs_client */;
INSERT INTO `t5` VALUES
(-951,0,-712),
(-801,1,-712),
(-446,1,0),
(-411,0,0),
(-334,NULL,-712),
(-223,0,0),
(-76,NULL,0),
(0,0,0),
(56,775,0),
(203,0,-712),
(325,0,0),
(369,0,-712),
(411,NULL,0),
(425,1,-712),
(666,982,-712),
(789,0,0),
(800,1,0),
(922,NULL,0),
(978,0,772);
/*!40101 SET @saved_cs_client     = @@character_set_client */;
/*!40101 SET character_set_client = utf8 */;
CREATE TABLE `t6` (
  `t6_c0` smallint(6) NOT NULL,
  `t6_c1` float NOT NULL,
  `t6_c2` bigint(20) NOT NULL,
  PRIMARY KEY (`t6_c0`),
  KEY `fk_t6_t6_c2` (`t6_c2`),
  KEY `fk_t6_t6_c1` (`t6_c1`),
  CONSTRAINT `fk_t6_t6_c1` FOREIGN KEY (`t6_c1`) REFERENCES `t4` (`t4_c0`),
  CONSTRAINT `fk_t6_t6_c2` FOREIGN KEY (`t6_c2`) REFERENCES `t0` (`t0_c0`)
) ENGINE=InnoDB DEFAULT CHARSET=utf8mb4 COLLATE=utf8mb4_uca1400_ai_ci;
/*!40101 SET character_set_client = @saved_cs_client */;
INSERT INTO `t6` VALUES
(-967,0,-110),
(-951,0,0),
(-839,0,0),
(-815,0,0),
(-652,0,800),
(-607,0,0),
(-597,0,764),
(-461,0,-1),
(-331,0,441),
(-268,675,-784),
(-60,0,-932),
(0,0,-110),
(181,0.30573,-780),
(363,-101,-110),
(488,0,-1),
(647,0,-242),
(658,-101,-242),
(689,0,-452);
/*!40101 SET @saved_cs_client     = @@character_set_client */;
/*!40101 SET character_set_client = utf8 */;
CREATE TABLE `t7` (
  `t7_c0` float NOT NULL,
  `t7_c1` smallint(6) NOT NULL,
  `t7_c2` smallint(6) NOT NULL,
  `t7_c3` bigint(20) NOT NULL,
  `t7_c4` int(11) NOT NULL,
  `t7_c5` float NOT NULL,
  PRIMARY KEY (`t7_c0`),
  KEY `fk_t7_t7_c3` (`t7_c3`),
  KEY `fk_t7_t7_c5` (`t7_c5`),
  KEY `fk_t7_t7_c4` (`t7_c4`),
  KEY `fk_t7_t7_c1` (`t7_c1`),
  KEY `fk_t7_t7_c2` (`t7_c2`),
  CONSTRAINT `fk_t7_t7_c1` FOREIGN KEY (`t7_c1`) REFERENCES `t5` (`t5_c0`),
  CONSTRAINT `fk_t7_t7_c2` FOREIGN KEY (`t7_c2`) REFERENCES `t6` (`t6_c0`),
  CONSTRAINT `fk_t7_t7_c3` FOREIGN KEY (`t7_c3`) REFERENCES `t0` (`t0_c0`),
  CONSTRAINT `fk_t7_t7_c4` FOREIGN KEY (`t7_c4`) REFERENCES `t3` (`t3_c0`),
  CONSTRAINT `fk_t7_t7_c5` FOREIGN KEY (`t7_c5`) REFERENCES `t1` (`t1_c0`)
) ENGINE=InnoDB DEFAULT CHARSET=utf8mb4 COLLATE=utf8mb4_uca1400_ai_ci;
/*!40101 SET character_set_client = @saved_cs_client */;
INSERT INTO `t7` VALUES
(0,666,0,0,284,0);
/*!40101 SET @saved_cs_client     = @@character_set_client */;
/*!40101 SET character_set_client = utf8 */;
CREATE TABLE `t8` (
  `t8_c0` float NOT NULL,
  `t8_c1` float NOT NULL,
  `t8_c2` bigint(20) NOT NULL,
  PRIMARY KEY (`t8_c0`),
  KEY `fk_t8_t8_c2` (`t8_c2`),
  KEY `fk_t8_t8_c1` (`t8_c1`),
  CONSTRAINT `fk_t8_t8_c1` FOREIGN KEY (`t8_c1`) REFERENCES `t8` (`t8_c0`),
  CONSTRAINT `fk_t8_t8_c2` FOREIGN KEY (`t8_c2`) REFERENCES `t0` (`t0_c0`)
) ENGINE=InnoDB DEFAULT CHARSET=utf8mb4 COLLATE=utf8mb4_uca1400_ai_ci;
/*!40101 SET character_set_client = @saved_cs_client */;
INSERT INTO `t8` VALUES
(-169,684,800),
(0,0,-452),
(0.0180099,-169,988),
(0.0578648,0,0),
(0.356055,0,495),
(0.368067,0,-675),
(0.428688,0,363),
(0.487529,-169,495),
(0.524777,-169,-612),
(0.60904,0,-862),
(0.613811,0,-452),
(0.676962,-169,800),
(0.692254,684,-675),
(0.702894,0,846),
(0.781752,0,-110),
(0.795234,0.60904,616),
(0.832044,0.60904,21),
(0.83743,0,0),
(0.93841,0,-184),
(684,0,-675);
/*!40101 SET @saved_cs_client     = @@character_set_client */;
/*!40101 SET character_set_client = utf8 */;
CREATE TABLE `t9` (
  `t9_c0` bigint(20) NOT NULL,
  `t9_c1` smallint(6) DEFAULT NULL,
  `t9_c2` bigint(20) NOT NULL,
  PRIMARY KEY (`t9_c0`),
  KEY `fk_t9_t9_c2` (`t9_c2`),
  CONSTRAINT `fk_t9_t9_c2` FOREIGN KEY (`t9_c2`) REFERENCES `t0` (`t0_c0`)
) ENGINE=InnoDB DEFAULT CHARSET=utf8mb4 COLLATE=utf8mb4_uca1400_ai_ci;
/*!40101 SET character_set_client = @saved_cs_client */;
INSERT INTO `t9` VALUES
(-978,NULL,0),
(-954,704,-184),
(-839,-588,-561),
(-832,NULL,0),
(-823,-334,800),
(-767,NULL,678),
(-749,NULL,-862),
(-744,NULL,-744),
(-742,-395,-1),
(-675,-932,-452),
(-652,NULL,-862),
(-636,NULL,-110),
(-595,-560,-242),
(-594,439,157),
(-480,NULL,-862),
(-426,-532,-1),
(-423,NULL,-675),
(-409,NULL,-744),
(-403,-381,-862),
(-392,-908,-932),
(-381,-985,-452),
(-362,NULL,-76),
(-334,-710,-561),
(-312,NULL,800),
(-261,-963,-103),
(-226,NULL,0),
(-195,-274,616),
(-194,-703,379),
(-163,-452,-110),
(-124,286,-110),
(-101,-381,-452),
(-15,NULL,879),
(0,NULL,-452),
(18,-98,-268),
(55,NULL,0),
(105,-665,495),
(136,863,879),
(137,-124,-110),
(260,NULL,-862),
(291,NULL,-932),
(293,257,-561),
(316,NULL,-452),
(321,NULL,0),
(363,60,800),
(383,-460,-985),
(384,155,-242),
(408,420,-242),
(434,824,-744),
(441,-47,634),
(447,NULL,-612),
(457,NULL,-862),
(555,NULL,495),
(580,-442,-916),
(584,-801,-744),
(609,-769,-862),
(611,NULL,634),
(616,NULL,-242),
(634,-751,872),
(722,835,-612),
(727,-978,0),
(728,NULL,764),
(752,-676,800),
(789,-727,-110),
(792,NULL,800),
(808,-922,872),
(846,-978,-76),
(849,18,157),
(874,-210,-561),
(932,-924,-397);
