(2332,108,11,'EM5','CANDIDA ALBICANS (levure)',NULL,NULL,'2024-04-11 08:45:21','2024-04-11 08:45:38','EM5',10,NULL,'\0','\0',4,'\0'),(2333,109,11,'EM6','ALTERNARIA ALTERNATA (m6)',NULL,NULL,'2024-04-11 08:45:21','2024-04-11 08:45:38','EM6',10,NULL,'\0','\0',4,'\0'),(2334,110,11,'EMX1','MELANGE MOISISSURES (mx1)',NULL,NULL,'2024-04-11 08:45:21','2024-04-11 08:45:38','EMX1',10,NULL,'\0','\0',4,'\0'),(2335,111,11,'ET208','TILLEUL (t208)',NULL,NULL,'2024-04-11 08:45:21','2024-04-11 08:45:38','ET208',10,NULL,'\0','\0',4,'\0'),(2336,112,11,'ET215','rBet v 1 (t215) Bouleau recombinant',NULL,NULL,'2024-04-11 08:45:22','2024-04-11 08:45:38','ET215',10,NULL,'\0','\0',4,'\0'),(2337,113,11,'ET216','rBet v 2 (t216) Bouleau recombinant',NULL,NULL,'2024-04-11 08:45:22','2024-04-11 08:45:38','ET216',10,NULL,'\0','\0',4,'\0'),(2338,114,11,'ET3','BOULEAU (t3)',NULL,NULL,'2024-04-11 08:45:22','2024-04-11 08:45:39','ET3',10,NULL,'\0','\0',4,'\0'),(2339,115,11,'ET4','NOISETIER (t4)',NULL,NULL,'2024-04-11 08:45:22','2024-04-11 08:45:39','ET4',10,NULL,'\0','\0',4,'\0'),(2340,116,11,'ETX8','MELANGE POLLENS D\'ARBRES (tx8)',NULL,NULL,'2024-04-11 08:45:22','2024-04-11 08:45:39','ETX8',10,NULL,'\0','\0',4,'\0'),(2341,117,11,'EW6','ARMOISE commune (w6)',NULL,NULL,'2024-04-11 08:45:22','2024-04-11 08:45:39','EW6',10,NULL,'\0','\0',4,'\0'),(2342,118,11,'EWX1','MELANGE POLLENS D\'HERBACEES (wx1)',NULL,NULL,'2024-04-11 08:45:23','2024-04-11 08:45:39','EWX1',10,NULL,'\0','\0',4,'\0'),(2343,121,11,'IGET','IgE Totales',NULL,NULL,'2024-04-11 08:45:23','2024-04-11 08:45:39','IGET',10,NULL,'\0','\0',4,'\0'),(2344,123,11,'PHADI','PHADIATOP',NULL,NULL,'2024-04-11 08:45:23','2024-04-11 08:45:40','PHADI',10,NULL,'\0','\0',4,'\0'),(2345,162,3,'TRYPTA','TRYPTASE',NULL,NULL,'2024-04-11 08:45:23','2024-04-11 08:45:40','TRYPTA1',10,NULL,'\0','\0',4,'\0'),(2346,36,12,'ADNFA','ANTI-ADN FEIA',NULL,NULL,'2024-04-11 08:45:23',NULL,'ADNFA',9,NULL,'\0','\0',4,'\0'),(2347,29,12,'AGBM','ANTI-GBM.',NULL,NULL,'2024-04-11 08:45:24',NULL,'AGBM',9,NULL,'\0','\0',4,'\0'),(2348,30,14,'ASCAA','ASCA IgA',NULL,NULL,'2024-04-11 08:45:24',NULL,'ASCAA',9,NULL,'\0','\0',4,'\0'),(2349,31,14,'ASCAG','ASCA IgG',NULL,NULL,'2024-04-11 08:45:24',NULL,'ASCAG',9,NULL,'\0','\0',4,'\0'),(2350,32,12,'ATGFA','ANTI-THYROGLOBULINE',NULL,NULL,'2024-04-11 08:45:24',NULL,'ATGFA',9,NULL,'\0','\0',4,'\0'),(2351,33,14,'CCPFA','ANTI-CCP.',NULL,NULL,'2024-04-11 08:45:24',NULL,'CCPFA',9,NULL,'\0','\0',4,'\0'),(2352,119,12,'FR','FR IgM',NULL,NULL,'2024-04-11 08:45:24',NULL,'FR',9,NULL,'\0','\0',4,'\0'),(2353,120,14,'FRIGA','FRIGA',NULL,NULL,'2024-04-11 08:45:25',NULL,'FRIGA',9,NULL,'\0','\0',4,'\0'),(2354,122,12,'MPOFA','ANTI MPO UNICAP',NULL,NULL,'2024-04-11 08:45:25',NULL,'MPOFA',9,NULL,'\0','\0',4,'\0'),(2355,124,12,'PR3FA','ANTI PR3 UNICAP',NULL,NULL,'2024-04-11 08:45:25',NULL,'PR3FA',9,NULL,'\0','\0',4,'\0'),(2356,125,14,'TGLUFA','ANTI-TGLUT IgA',NULL,NULL,'2024-04-11 08:45:25',NULL,'TGLUFA',9,NULL,'\0','\0',4,'\0'),(2357,126,12,'TPOFA','ANTI-TPO',NULL,NULL,'2024-04-11 08:45:25',NULL,'TPOFA',9,NULL,'\0','\0',4,'\0'),(2358,34,12,'EC1','PENICILLINE G (c1)',NULL,NULL,'2024-04-11 08:45:25',NULL,'EC1',10,NULL,'\0','\0',4,'\0'),(2359,35,12,'EC2','PENICILLINE V (c2)',NULL,NULL,'2024-04-11 08:45:26',NULL,'EC2',10,NULL,'\0','\0',4,'\0'),(2360,40,12,'EC260','AMMONIUM QUATERNAIRE (c260)',NULL,NULL,'2024-04-11 08:45:26',NULL,'EC260',10,NULL,'\0','\0',4,'\0'),(2361,39,12,'EC6','AMOXICILLINE (c6)',NULL,NULL,'2024-04-11 08:45:26',NULL,'EC6',10,NULL,'\0','\0',4,'\0'),(2362,38,12,'ED1','ACARIENS PTERONYSSINUS (d1)',NULL,NULL,'2024-04-11 08:45:26',NULL,'ED1',10,NULL,'\0','\0',4,'\0'),(2363,37,10,'ED2','ACARIENS FARINAE (d2)',NULL,NULL,'2024-04-11 08:45:26',NULL,'ED2',10,NULL,'\0','\0',4,'\0'),(2364,41,12,'ED202','nDer p 1(d202) Acariens recombinant',NULL,NULL,'2024-04-11 08:45:26',NULL,'ED202',10,NULL,'\0','\0',4,'\0'),(2365,42,12,'ED203','rDer p 2 (d203) Acariens recombinant',NULL,NULL,'2024-04-11 08:45:27',NULL,'ED203',10,NULL,'\0','\0',4,'\0'),(2366,43,12,'ED205','rDer p 10 (d205) Acariens recombinant',NULL,NULL,'2024-04-11 08:45:27',NULL,'ED205',10,NULL,'\0','\0',4,'\0'),(2367,44,12,'EE1','CHAT squames (e1)',NULL,NULL,'2024-04-11 08:45:27',NULL,'EE1',10,NULL,'\0','\0',4,'\0'),(2368,45,12,'EE3','CHEVAL squames (e3)',NULL,NULL,'2024-04-11 08:45:27',NULL,'EE3',10,NULL,'\0','\0',4,'\0'),(2369,46,12,'EE5','CHIEN squames (e5)',NULL,NULL,'2024-04-11 08:45:27',NULL,'EE5',10,NULL,'\0','\0',4,'\0'),(2370,47,12,'EE82','LAPIN épithélium (e82)',NULL,NULL,'2024-04-11 08:45:27',NULL,'EE82',10,NULL,'\0','\0',4,'\0'),(2371,48,12,'EF1','BLANC D OEUF (f1)',NULL,NULL,'2024-04-11 08:45:28',NULL,'EF1',10,NULL,'\0','\0',4,'\0'),(2372,49,12,'EF13','ARACHIDE (f13)',NULL,NULL,'2024-04-11 08:45:28',NULL,'EF13',10,NULL,'\0','\0',4,'\0'),(2373,50,12,'EF14','SOJA (f14)',NULL,NULL,'2024-04-11 08:45:28',NULL,'EF14',10,NULL,'\0','\0',4,'\0'),(2374,51,12,'EF17','NOISETTE (f17)',NULL,NULL,'2024-04-11 08:45:28',NULL,'EF17',10,NULL,'\0','\0',4,'\0'),(2375,52,12,'EF2','LAIT DE VACHE (f2)',NULL,NULL,'2024-04-11 08:45:28',NULL,'EF2',10,NULL,'\0','\0',4,'\0'),(2376,53,12,'EF20','AMANDE (f20)',NULL,NULL,'2024-04-11 08:45:29',NULL,'EF20',10,NULL,'\0','\0',4,'\0'),(2377,54,12,'EF24','CREVETTE (f24)',NULL,NULL,'2024-04-11 08:45:29',NULL,'EF24',10,NULL,'\0','\0',4,'\0'),(2378,55,12,'EF245','OEUF ENTIER (f245)',NULL,NULL,'2024-04-11 08:45:29',NULL,'EF245',10,NULL,'\0','\0',4,'\0'),(2379,56,12,'EF256','NOIX (f256)',NULL,NULL,'2024-04-11 08:45:29',NULL,'EF256',10,NULL,'\0','\0',4,'\0'),(2380,57,12,'EF3','MORUE - CABILLAUD (f3)',NULL,NULL,'2024-04-11 08:45:29',NULL,'EF3',10,NULL,'\0','\0',4,'\0'),(2381,58,12,'EF352','rAra h 8 (f352)  Arachide recombinant',NULL,NULL,'2024-04-11 08:45:29',NULL,'EF352',10,NULL,'\0','\0',4,'\0'),(2382,59,12,'EF353','rGly m 4 (f353) Soja recombinant',NULL,NULL,'2024-04-11 08:45:29',NULL,'EF353',10,NULL,'\0','\0',4,'\0'),(2383,60,12,'EF4','BLE aliment (f4)',NULL,NULL,'2024-04-11 08:45:30',NULL,'EF4',10,NULL,'\0','\0',4,'\0'),(2384,61,12,'EF416','rTri a 19 (f416) Blé recombinant',NULL,NULL,'2024-04-11 08:45:30',NULL,'EF416',10,NULL,'\0','\0',4,'\0'),(2385,62,12,'EF422','rAra h 1 (f422)  Arachide recombinant',NULL,NULL,'2024-04-11 08:45:30',NULL,'EF422',10,NULL,'\0','\0',4,'\0'),(2386,63,12,'EF423','rAra h2 (f423) Arachide recombinant',NULL,NULL,'2024-04-11 08:45:30',NULL,'EF423',10,NULL,'\0','\0',4,'\0'),(2387,64,12,'EF424','rAra h 3 (f424) Arachide recombinant',NULL,NULL,'2024-04-11 08:45:30',NULL,'EF424',10,NULL,'\0','\0',4,'\0'),(2388,65,12,'EF425','rCor a 8 (f425) Noisette recombinant',NULL,NULL,'2024-04-11 08:45:30',NULL,'EF425',10,NULL,'\0','\0',4,'\0'),(2389,66,12,'EF428','rCor a 1(f428) Noisette recombinant',NULL,NULL,'2024-04-11 08:45:31',NULL,'EF428',10,NULL,'\0','\0',4,'\0'),(2390,67,12,'EF433','rTri a 14 (f433) Blé recombinant',NULL,NULL,'2024-04-11 08:45:31',NULL,'EF433',10,NULL,'\0','\0',4,'\0'),(2391,68,12,'EF439','rCor a 14 (f439) Noisette recombinant',NULL,NULL,'2024-04-11 08:45:31',NULL,'EF439',10,NULL,'\0','\0',4,'\0'),(2392,69,12,'EF440','nCor a 9 (f440) Noisette recombinant',NULL,NULL,'2024-04-11 08:45:31',NULL,'EF440',10,NULL,'\0','\0',4,'\0'),(2393,70,12,'EF49','POMME (f49)',NULL,NULL,'2024-04-11 08:45:31',NULL,'EF49',10,NULL,'\0','\0',4,'\0'),(2394,71,12,'EF75','JAUNE D OEUF (f75)',NULL,NULL,'2024-04-11 08:45:31',NULL,'EF75',10,NULL,'\0','\0',4,'\0'),(2395,72,12,'EF76','ALPHA-LACTALBUMINE (f76)',NULL,NULL,'2024-04-11 08:45:32',NULL,'EF76',10,NULL,'\0','\0',4,'\0'),(2396,73,12,'EF77','BETA-LACTOGLOBULINE (f77)',NULL,NULL,'2024-04-11 08:45:32',NULL,'EF77',10,NULL,'\0','\0',4,'\0'),(2397,74,12,'EF78','CASEINE (f78)',NULL,NULL,'2024-04-11 08:45:32',NULL,'EF78',10,NULL,'\0','\0',4,'\0'),(2398,75,12,'EF79','GLUTEN (f79)',NULL,NULL,'2024-04-11 08:45:32',NULL,'EF79',10,NULL,'\0','\0',4,'\0'),(2399,76,12,'EF89','MOUTARDE (f89)',NULL,NULL,'2024-04-11 08:45:32',NULL,'EF89',10,NULL,'\0','\0',4,'\0'),(2400,77,12,'EFX24','TROPHATOP 2 adulte (fx24)',NULL,NULL,'2024-04-11 08:45:32',NULL,'EFX24',10,NULL,'\0','\0',4,'\0'),(2401,78,14,'EFX25','TROPHATOP 3 adulte (fx25)',NULL,NULL,'2024-04-11 08:45:33',NULL,'EFX25',10,NULL,'\0','\0',4,'\0'),(2402,79,12,'EFX26','TROPHATOP 1 enfant (fx26)',NULL,NULL,'2024-04-11 08:45:33',NULL,'EFX26',10,NULL,'\0','\0',4,'\0'),(2403,80,12,'EFX27','TROPHATOP 2 enfant (fx27)',NULL,NULL,'2024-04-11 08:45:33',NULL,'EFX27',10,NULL,'\0','\0',4,'\0'),(2404,81,12,'EFX28','TROPHATOP 3 enfant (fx28)',NULL,NULL,'2024-04-11 08:45:33',NULL,'EFX28',10,NULL,'\0','\0',4,'\0'),(2405,82,12,'EFX5','TROPHATOP 1 adulte (fx5)',NULL,NULL,'2024-04-11 08:45:33',NULL,'EFX5',10,NULL,'\0','\0',4,'\0'),(2406,83,12,'EG15','POLLEN DE BLE (g15)',NULL,NULL,'2024-04-11 08:45:33',NULL,'EG15',10,NULL,'\0','\0',4,'\0'),(2407,84,12,'EG205','rPhl p1 (g205) Phéole recombinant',NULL,NULL,'2024-04-11 08:45:34',NULL,'EG205',10,NULL,'\0','\0',4,'\0'),(2408,85,12,'EG212','rPhl p12 (g212) Phéole recombinant',NULL,NULL,'2024-04-11 08:45:34',NULL,'EG212',10,NULL,'\0','\0',4,'\0'),(2409,86,12,'EG213','rPhl p1+rPhl p5b(g213)Phéole recombinant',NULL,NULL,'2024-04-11 08:45:34',NULL,'EG213',10,NULL,'\0','\0',4,'\0'),(2410,87,12,'EG3','DACTYLE PELOTONNE (g3)',NULL,NULL,'2024-04-11 08:45:34',NULL,'EG3',10,NULL,'\0','\0',4,'\0'),(2411,88,12,'EG5','IVRAIE VIVACE (g5)',NULL,NULL,'2024-04-11 08:45:34',NULL,'EG5',10,NULL,'\0','\0',4,'\0'),(2412,89,12,'EG6','PHLEOLE DES PRES (g6)',NULL,NULL,'2024-04-11 08:45:34',NULL,'EG6',10,NULL,'\0','\0',4,'\0'),(2413,90,12,'EG8','PATURIN DES PRES (g8)',NULL,NULL,'2024-04-11 08:45:35',NULL,'EG8',10,NULL,'\0','\0',4,'\0'),(2414,91,12,'EGX3','MELANGE GRAMINEES (gx3)',NULL,NULL,'2024-04-11 08:45:35',NULL,'EGX3',10,NULL,'\0','\0',4,'\0'),(2415,92,12,'EI1','VENIN D ABEILLE (i1)',NULL,NULL,'2024-04-11 08:45:35',NULL,'EI1',10,NULL,'\0','\0',4,'\0'),(2416,93,12,'EI3','VENIN DE GUEPE (vespula-i3)',NULL,NULL,'2024-04-11 08:45:35',NULL,'EI3',10,NULL,'\0','\0',4,'\0'),(2417,94,12,'EI4','VENIN DE GUEPE (poliste-i4)',NULL,NULL,'2024-04-11 08:45:35',NULL,'EI4',10,NULL,'\0','\0',4,'\0'),(2418,95,12,'EI6','CAFARD (i6)',NULL,NULL,'2024-04-11 08:45:35',NULL,'EI6',10,NULL,'\0','\0',4,'\0'),(2419,96,12,'EK219','rHev b 6.01 (k219) Latex recombinant',NULL,NULL,'2024-04-11 08:45:36',NULL,'EK219',10,NULL,'\0','\0',4,'\0'),(2420,97,12,'EK220','rHev b 6.02 (k220) Latex recombinant',NULL,NULL,'2024-04-11 08:45:36',NULL,'EK220',10,NULL,'\0','\0',4,'\0'),(2421,98,12,'EK221','rHev b 8 (k221) Latex recombinant',NULL,NULL,'2024-04-11 08:45:36',NULL,'EK221',10,NULL,'\0','\0',4,'\0'),(2422,99,12,'EK82','LATEX (k82)',NULL,NULL,'2024-04-11 08:45:36',NULL,'EK82',10,NULL,'\0','\0',4,'\0'),(2423,100,12,'EM2','CLADOSPORIUM herbarum (m2)',NULL,NULL,'2024-04-11 08:45:36',NULL,'EM2',10,NULL,'\0','\0',4,'\0'),(2424,101,12,'EM218','rAsp f 1 (m218) Aspergillus recombinant',NULL,NULL,'2024-04-11 08:45:37',NULL,'EM218',10,NULL,'\0','\0',4,'\0'),(2425,102,12,'EM219','rAsp f 2 (m219) Aspergillus recombinant',NULL,NULL,'2024-04-11 08:45:37',NULL,'EM219',10,NULL,'\0','\0',4,'\0'),(2426,103,12,'EM220','rAsp f 3 (m220) Aspergillus recombinant',NULL,NULL,'2024-04-11 08:45:37',NULL,'EM220',10,NULL,'\0','\0',4,'\0'),(2427,104,12,'EM221','rAsp f 4 (m221) Aspergillus recombinant',NULL,NULL,'2024-04-11 08:45:37',NULL,'EM221',10,NULL,'\0','\0',4,'\0'),(2428,105,12,'EM222','rAsp f 6 (m222) Aspergillus recombinant',NULL,NULL,'2024-04-11 08:45:37',NULL,'EM222',10,NULL,'\0','\0',4,'\0'),(2429,106,12,'EM229','rAlt a 1 (m229) Alternaria recombinant',NULL,NULL,'2024-04-11 08:45:37',NULL,'EM229',10,NULL,'\0','\0',4,'\0'),(2430,107,12,'EM3','ASPERGILLUS fumigatus (m3)',NULL,NULL,'2024-04-11 08:45:38',NULL,'EM3',10,NULL,'\0','\0',4,'\0'),(2431,108,12,'EM5','CANDIDA ALBICANS (levure)',NULL,NULL,'2024-04-11 08:45:38',NULL,'EM5',10,NULL,'\0','\0',4,'\0'),(2432,109,12,'EM6','ALTERNARIA ALTERNATA (m6)',NULL,NULL,'2024-04-11 08:45:38',NULL,'EM6',10,NULL,'\0','\0',4,'\0'),(2433,110,12,'EMX1','MELANGE MOISISSURES (mx1)',NULL,NULL,'2024-04-11 08:45:38',NULL,'EMX1',10,NULL,'\0','\0',4,'\0'),(2434,111,12,'ET208','TILLEUL (t208)',NULL,NULL,'2024-04-11 08:45:38',NULL,'ET208',10,NULL,'\0','\0',4,'\0'),(2435,112,12,'ET215','rBet v 1 (t215) Bouleau recombinant',NULL,NULL,'2024-04-11 08:45:38',NULL,'ET215',10,NULL,'\0','\0',4,'\0'),(2436,113,12,'ET216','rBet v 2 (t216) Bouleau recombinant',NULL,NULL,'2024-04-11 08:45:38',NULL,'ET216',10,NULL,'\0','\0',4,'\0'),(2437,114,12,'ET3','BOULEAU (t3)',NULL,NULL,'2024-04-11 08:45:39',NULL,'ET3',10,NULL,'\0','\0',4,'\0'),(2438,115,12,'ET4','NOISETIER (t4)',NULL,NULL,'2024-04-11 08:45:39',NULL,'ET4',10,NULL,'\0','\0',4,'\0'),(2439,116,12,'ETX8','MELANGE POLLENS D\'ARBRES (tx8)',NULL,NULL,'2024-04-11 08:45:39',NULL,'ETX8',10,NULL,'\0','\0',4,'\0'),(2440,117,12,'EW6','ARMOISE commune (w6)',NULL,NULL,'2024-04-11 08:45:39',NULL,'EW6',10,NULL,'\0','\0',4,'\0'),(2441,118,12,'EWX1','MELANGE POLLENS D\'HERBACEES (wx1)',NULL,NULL,'2024-04-11 08:45:39',NULL,'EWX1',10,NULL,'\0','\0',4,'\0'),(2442,121,12,'IGET','IgE Totales',NULL,NULL,'2024-04-11 08:45:39',NULL,'IGET',10,NULL,'\0','\0',4,'\0'),(2443,123,12,'PHADI','PHADIATOP',NULL,NULL,'2024-04-11 08:45:40',NULL,'PHADI',10,NULL,'\0','\0',4,'\0'),(2444,162,4,'TRYPTA','TRYPTASE',NULL,NULL,'2024-04-11 08:45:40',NULL,'TRYPTA1',10,NULL,'\0','\0',4,'\0'),(2445,21,11,'COL7','ANTI-COLLAGENE VII',NULL,NULL,'2024-04-11 08:58:10','2024-04-11 08:58:11','COL7',2,NULL,'\0','\0',3,'\0'),(2446,24,13,'ENVO','ANTI-ENVOPLAKINE',NULL,NULL,'2024-04-11 08:58:10','2024-04-11 08:58:12','ENVORN',2,NULL,'\0','\0',3,'\0'),(2447,27,17,'ADALIA','Surveillance de l\'Adalimumab',NULL,NULL,'2024-04-11 08:58:10','2024-04-11 08:58:12','ADALIA',11,NULL,'\0','\0',3,'\0'),(2448,28,13,'ADALIR','Surveillance de l\'Adalimumab',NULL,NULL,'2024-04-11 08:58:11','2024-04-11 08:58:12','ADALIR',11,NULL,'\0','\0',3,'\0'),(2449,26,13,'IFXA','Surveillance de l\'Infliximab',NULL,NULL,'2024-04-11 08:58:11','2024-04-11 08:58:12','IFXA',11,NULL,'\0','\0',3,'\0'),(2450,25,13,'IFXR','Surveillance de l\'Infliximab',NULL,NULL,'2024-04-11 08:58:11','2024-04-11 08:58:12','IFXR',11,NULL,'\0','\0',3,'\0'),(2451,22,11,'DSG1A','ANTI-DSG1',NULL,NULL,'2024-04-11 08:58:11','2024-04-11 08:58:12','DSG1A',12,NULL,'\0','\0',3,'\0'),(2452,23,11,'DSG3A','ANTI-DSG3',NULL,NULL,'2024-04-11 08:58:11','2024-04-11 08:58:12','DSG3A',12,NULL,'\0','\0',3,'\0'),(2453,19,11,'BPAG1A','ANTI-BP230/BPAG1',NULL,NULL,'2024-04-11 08:58:11','2024-04-11 08:58:12','BPAG1A',13,NULL,'\0','\0',3,'\0'),(2454,20,11,'BPAG2A','ANTI-BP180/BPAG2',NULL,NULL,'2024-04-11 08:58:11','2024-04-11 08:58:13','BPAG2A',13,NULL,'\0','\0',3,'\0'),(2455,21,12,'COL7','ANTI-COLLAGENE VII',NULL,NULL,'2024-04-11 08:58:11',NULL,'COL7',2,NULL,'\0','\0',3,'\0'),(2456,24,14,'ENVO','ANTI-ENVOPLAKINE',NULL,NULL,'2024-04-11 08:58:12',NULL,'ENVORN',2,NULL,'\0','\0',3,'\0'),(2457,27,18,'ADALIA','Surveillance de l\'Adalimumab',NULL,NULL,'2024-04-11 08:58:12',NULL,'ADALIA',11,NULL,'\0','\0',3,'\0'),(2458,28,14,'ADALIR','Surveillance de l\'Adalimumab',NULL,NULL,'2024-04-11 08:58:12',NULL,'ADALIR',11,NULL,'\0','\0',3,'\0'),(2459,26,14,'IFXA','Surveillance de l\'Infliximab',NULL,NULL,'2024-04-11 08:58:12',NULL,'IFXA',11,NULL,'\0','\0',3,'\0'),(2460,25,14,'IFXR','Surveillance de l\'Infliximab',NULL,NULL,'2024-04-11 08:58:12',NULL,'IFXR',11,NULL,'\0','\0',3,'\0'),(2461,22,12,'DSG1A','ANTI-DSG1',NULL,NULL,'2024-04-11 08:58:12',NULL,'DSG1A',12,NULL,'\0','\0',3,'\0'),(2462,23,12,'DSG3A','ANTI-DSG3',NULL,NULL,'2024-04-11 08:58:12',NULL,'DSG3A',12,NULL,'\0','\0',3,'\0'),(2463,19,12,'BPAG1A','ANTI-BP230/BPAG1',NULL,NULL,'2024-04-11 08:58:12',NULL,'BPAG1A',13,NULL,'\0','\0',3,'\0'),(2464,20,12,'BPAG2A','ANTI-BP180/BPAG2',NULL,NULL,'2024-04-11 08:58:13',NULL,'BPAG2A',13,NULL,'\0','\0',3,'\0'),(2465,12,35,'HMGDA','ANTICORPS ANTI-HMGCR',NULL,NULL,'2024-04-11 08:58:23','2024-04-11 08:58:26','HMGDA',1,NULL,'\0','\0',1,'\0'),(2466,14,37,'RIBA','ANTICORPS ANTI-RIBOSOMES',NULL,NULL,'2024-04-11 08:58:23','2024-04-11 08:58:26','RIBA',1,NULL,'\0','\0',1,'\0'),(2467,2,33,'CEN','ANTICORPS ANTI-CENTROMERES (anti-CENP-B)',NULL,NULL,'2024-04-11 08:58:23','2024-04-11 08:58:26','CEN',1,NULL,'\0','\0',1,'\0'),(2468,3,35,'ECTF2','ANTI-ECT dépistage',NULL,NULL,'2024-04-11 08:58:23','2024-04-11 08:58:26','ECTF2',1,NULL,'\0','\0',1,'\0'),(2469,1,39,'ABETG','ANTI-BETA2 GLYCOPROTEINE 1 (IgG)',NULL,NULL,'2024-04-11 08:58:23','2024-04-11 08:58:26','ABETGDOA',14,NULL,'\0','\0',1,'\0'),(2470,15,35,'ABETM','ANTI-BETA2 GLYCOPROTEINE 1 (IgM)',NULL,NULL,'2024-04-11 08:58:24','2024-04-11 08:58:26','ABETMDOA',14,NULL,'\0','\0',1,'\0'),(2471,16,35,'ACAG','ANTICORPS ANTI-CARDIOLIPINE (IgG)',NULL,NULL,'2024-04-11 08:58:24','2024-04-11 08:58:26','ACAGDOA',14,NULL,'\0','\0',1,'\0'),(2472,17,35,'ACAM','ANTICORPS ANTI-CARDIOLIPINE (IgM)',NULL,NULL,'2024-04-11 08:58:24','2024-04-11 08:58:27','ACAMDOA',14,NULL,'\0','\0',1,'\0'),(2473,18,35,'AMPO','ANTICORPS ANTI-MYELOPEROXYDASE (IgG)',NULL,NULL,'2024-04-11 08:58:24','2024-04-11 08:58:27','AMPO',15,NULL,'\0','\0',1,'\0'),(2474,11,35,'GBMA','ANTI-MEMBRANE BASALE GLOMERULAIRE',NULL,NULL,'2024-04-11 08:58:24','2024-04-11 08:58:27','GBMA',15,NULL,'\0','\0',1,'\0'),(2475,13,35,'PR3','ANTICORPS ANTI-PROTEINASE 3 (IgG)',NULL,NULL,'2024-04-11 08:58:24','2024-04-11 08:58:27','PR3',15,NULL,'\0','\0',1,'\0'),(2476,4,35,'FID52','ANTI-RO 52',NULL,NULL,'2024-04-11 08:58:25','2024-04-11 08:58:27','FID52DO',16,NULL,'\0','\0',1,'\0'),(2477,5,35,'FIDJO1','ANTI-JO1.',NULL,NULL,'2024-04-11 08:58:25','2024-04-11 08:58:27','FIDJO1DO',16,NULL,'\0','\0',1,'\0'),(2478,6,35,'FIDRNP','ANTI-RNP',NULL,NULL,'2024-04-11 08:58:25','2024-04-11 08:58:27','FIDRNPDO',16,NULL,'\0','\0',1,'\0'),(2479,7,35,'FIDSCL','ANTI-Scl70',NULL,NULL,'2024-04-11 08:58:25','2024-04-11 08:58:28','FIDSCLDO',16,NULL,'\0','\0',1,'\0'),(2480,8,35,'FIDSM','ANTI-Sm',NULL,NULL,'2024-04-11 08:58:25','2024-04-11 08:58:28','FIDSMDO',16,NULL,'\0','\0',1,'\0'),(2481,9,35,'FIDSSA','ANTI-RO 60 (SS-A)',NULL,NULL,'2024-04-11 08:58:25','2024-04-11 08:58:28','FIDSSADO',16,NULL,'\0','\0',1,'\0'),(2482,10,35,'FIDSSB','ANTI-LA (SS-B)',NULL,NULL,'2024-04-11 08:58:25','2024-04-11 08:58:28','FIDSSBDO',16,NULL,'\0','\0',1,'\0'),(2483,12,36,'HMGDA','ANTICORPS ANTI-HMGCR',NULL,NULL,'2024-04-11 08:58:26',NULL,'HMGDA',1,NULL,'\0','\0',1,'\0'),(2484,14,38,'RIBA','ANTICORPS ANTI-RIBOSOMES',NULL,NULL,'2024-04-11 08:58:26',NULL,'RIBA',1,NULL,'\0','\0',1,'\0'),(2485,2,34,'CEN','ANTICORPS ANTI-CENTROMERES (anti-CENP-B)',NULL,NULL,'2024-04-11 08:58:26',NULL,'CEN',1,NULL,'\0','\0',1,'\0'),(2486,3,36,'ECTF2','ANTI-ECT dépistage',NULL,NULL,'2024-04-11 08:58:26',NULL,'ECTF2',1,NULL,'\0','\0',1,'\0'),(2487,1,40,'ABETG','ANTI-BETA2 GLYCOPROTEINE 1 (IgG)',NULL,NULL,'2024-04-11 08:58:26',NULL,'ABETGDOA',14,NULL,'\0','\0',1,'\0'),(2488,15,36,'ABETM','ANTI-BETA2 GLYCOPROTEINE 1 (IgM)',NULL,NULL,'2024-04-11 08:58:26',NULL,'ABETMDOA',14,NULL,'\0','\0',1,'\0'),(2489,16,36,'ACAG','ANTICORPS ANTI-CARDIOLIPINE (IgG)',NULL,NULL,'2024-04-11 08:58:26',NULL,'ACAGDOA',14,NULL,'\0','\0',1,'\0'),(2490,17,36,'ACAM','ANTICORPS ANTI-CARDIOLIPINE (IgM)',NULL,NULL,'2024-04-11 08:58:27',NULL,'ACAMDOA',14,NULL,'\0','\0',1,'\0'),(2491,18,36,'AMPO','ANTICORPS ANTI-MYELOPEROXYDASE (IgG)',NULL,NULL,'2024-04-11 08:58:27',NULL,'AMPO',15,NULL,'\0','\0',1,'\0'),(2492,11,36,'GBMA','ANTI-MEMBRANE BASALE GLOMERULAIRE',NULL,NULL,'2024-04-11 08:58:27',NULL,'GBMA',15,NULL,'\0','\0',1,'\0'),(2493,13,36,'PR3','ANTICORPS ANTI-PROTEINASE 3 (IgG)',NULL,NULL,'2024-04-11 08:58:27',NULL,'PR3',15,NULL,'\0','\0',1,'\0'),(2494,4,36,'FID52','ANTI-RO 52',NULL,NULL,'2024-04-11 08:58:27',NULL,'FID52DO',16,NULL,'\0','\0',1,'\0'),(2495,5,36,'FIDJO1','ANTI-JO1.',NULL,NULL,'2024-04-11 08:58:27',NULL,'FIDJO1DO',16,NULL,'\0','\0',1,'\0'),(2496,6,36,'FIDRNP','ANTI-RNP',NULL,NULL,'2024-04-11 08:58:27',NULL,'FIDRNPDO',16,NULL,'\0','\0',1,'\0'),(2497,7,36,'FIDSCL','ANTI-Scl70',NULL,NULL,'2024-04-11 08:58:28',NULL,'FIDSCLDO',16,NULL,'\0','\0',1,'\0'),(2498,8,36,'FIDSM','ANTI-Sm',NULL,NULL,'2024-04-11 08:58:28',NULL,'FIDSMDO',16,NULL,'\0','\0',1,'\0'),(2499,9,36,'FIDSSA','ANTI-RO 60 (SS-A)',NULL,NULL,'2024-04-11 08:58:28',NULL,'FIDSSADO',16,NULL,'\0','\0',1,'\0'),(2500,10,36,'FIDSSB','ANTI-LA (SS-B)',NULL,NULL,'2024-04-11 08:58:28',NULL,'FIDSSBDO',16,NULL,'\0','\0',1,'\0'),(2501,129,15,'AIFOIAG210','ANTI-GP210.',NULL,NULL,'2024-04-18 12:11:58','2024-04-18 12:12:05','AIFOIAG210',7,NULL,'\0','\0',5,'\0'),(2502,130,15,'AIFOIALC1','Anti-LC1.',NULL,NULL,'2024-04-18 12:11:58','2024-04-18 12:12:05','AIFOIALC1',7,NULL,'\0','\0',5,'\0'),(2503,131,15,'AIFOIALKM','ANTI-LKM1.',NULL,NULL,'2024-04-18 12:11:59','2024-04-18 12:12:05','AIFOIALKM',7,NULL,'\0','\0',5,'\0'),(2504,132,15,'AIFOIAMIT','ANTI-MITOCHONDRIE 2',NULL,NULL,'2024-04-18 12:11:59','2024-04-18 12:12:05','MITM2',7,NULL,'\0','\0',5,'\0'),(2505,133,17,'AIFOIAMIT2','ANTI-MITOCHONDRIE 23E',NULL,NULL,'2024-04-18 12:11:59','2024-04-18 12:12:05','MITM23E',7,NULL,'\0','\0',5,'\0'),(2506,134,15,'AIFOIAS100','ANTI-SP100.',NULL,NULL,'2024-04-18 12:11:59','2024-04-18 12:12:05','AIFOIAS100',7,NULL,'\0','\0',5,'\0'),(2507,135,15,'AIFOIASLA','ANTI-SLA/LP.',NULL,NULL,'2024-04-18 12:11:59','2024-04-18 12:12:05','AIFOIASLA',7,NULL,'\0','\0',5,'\0'),(2508,136,15,'AMYOEEJ','DERMATO/POLYMYOSITES',NULL,NULL,'2024-04-18 12:11:59','2024-04-18 12:12:06','AMYOEEJ',6,NULL,'\0','\0',5,'\0'),(2509,137,15,'AMYOEJO1','DERMATO/POLYMYOSITES',NULL,NULL,'2024-04-18 12:12:00','2024-04-18 12:12:06','AMYOEJO1',6,NULL,'\0','\0',5,'\0'),(2510,138,15,'AMYOEKU','DERMATO/POLYMYOSITES',NULL,NULL,'2024-04-18 12:12:00','2024-04-18 12:12:06','AMYOEKU',6,NULL,'\0','\0',5,'\0'),(2511,139,15,'AMYOEMDA5','DERMATO/POLYMYOSITES',NULL,NULL,'2024-04-18 12:12:00','2024-04-18 12:12:06','AMYOEMDA5',6,NULL,'\0','\0',5,'\0'),(2512,140,15,'AMYOEMI2A','DERMATO/POLYMYOSITES',NULL,NULL,'2024-04-18 12:12:00','2024-04-18 12:12:06','AMYOEMI2A',6,NULL,'\0','\0',5,'\0'),(2513,141,15,'AMYOEMI2B','DERMATO/POLYMYOSITES',NULL,NULL,'2024-04-18 12:12:00','2024-04-18 12:12:06','AMYOEMI2B',6,NULL,'\0','\0',5,'\0'),(2514,142,15,'AMYOENXP2','DERMATO/POLYMYOSITES',NULL,NULL,'2024-04-18 12:12:00','2024-04-18 12:12:07','AMYOENXP2',6,NULL,'\0','\0',5,'\0'),(2515,143,15,'AMYOEOJ','DERMATO/POLYMYOSITES',NULL,NULL,'2024-04-18 12:12:00','2024-04-18 12:12:07','AMYOEOJ',6,NULL,'\0','\0',5,'\0'),(2516,144,15,'AMYOEPL12','DERMATO/POLYMYOSITES',NULL,NULL,'2024-04-18 12:12:01','2024-04-18 12:12:07','AMYOEPL12',6,NULL,'\0','\0',5,'\0'),(2517,145,15,'AMYOEPL7','DERMATO/POLYMYOSITES',NULL,NULL,'2024-04-18 12:12:01','2024-04-18 12:12:07','AMYOEPL7',6,NULL,'\0','\0',5,'\0'),(2518,146,15,'AMYOEPMSCL','DERMATO/POLYMYOSITES',NULL,NULL,'2024-04-18 12:12:01','2024-04-18 12:12:07','AMYOEPMSCL',6,NULL,'\0','\0',5,'\0'),(2519,147,15,'AMYOESAE','DERMATO/POLYMYOSITES',NULL,NULL,'2024-04-18 12:12:01','2024-04-18 12:12:07','AMYOESAE',6,NULL,'\0','\0',5,'\0'),(2520,148,15,'AMYOESRP','DERMATO/POLYMYOSITES',NULL,NULL,'2024-04-18 12:12:01','2024-04-18 12:12:08','AMYOESRP',6,NULL,'\0','\0',5,'\0'),(2521,149,15,'AMYOETIF','DERMATO/POLYMYOSITES',NULL,NULL,'2024-04-18 12:12:01','2024-04-18 12:12:08','AMYOETIF',6,NULL,'\0','\0',5,'\0'),(2522,128,15,'AHISD','ANTI-HISTONES Dot',NULL,NULL,'2024-04-18 12:12:01','2024-04-18 12:12:08','AHISDREC',8,NULL,'\0','\0',5,'\0'),(2523,150,15,'ANUCD','ANTI-NUCLEOSOMES Dot',NULL,NULL,'2024-04-18 12:12:02','2024-04-18 12:12:08','ANUCDREC',8,NULL,'\0','\0',5,'\0'),(2524,151,15,'DSCLFIB','Anti-fibrillarine',NULL,NULL,'2024-04-18 12:12:02','2024-04-18 12:12:08','DSCLFIB',5,NULL,'\0','\0',5,'\0'),(2525,152,15,'DSCLKU','Anti-Ku',NULL,NULL,'2024-04-18 12:12:02','2024-04-18 12:12:08','DSCLKU',5,NULL,'\0','\0',5,'\0'),(2526,153,15,'DSCLNOR','Anti-NOR90',NULL,NULL,'2024-04-18 12:12:02','2024-04-18 12:12:09','DSCLNOR',5,NULL,'\0','\0',5,'\0'),(2527,154,15,'DSCLPMSC','Anti-PM/Scl',NULL,NULL,'2024-04-18 12:12:02','2024-04-18 12:12:09','DSCLPMSC',5,NULL,'\0','\0',5,'\0'),(2528,155,15,'DSCLTHTO','Anti-Th/To',NULL,NULL,'2024-04-18 12:12:02','2024-04-18 12:12:09','DSCLTHTO',5,NULL,'\0','\0',5,'\0'),(2529,156,15,'RNA3P11','Anti-ARN polymérase III',NULL,NULL,'2024-04-18 12:12:03','2024-04-18 12:12:09','RNA3P11',5,NULL,'\0','\0',5,'\0'),(2530,157,15,'RNA3P155','Anti-ARN polymérase III',NULL,NULL,'2024-04-18 12:12:03','2024-04-18 12:12:09','RNA3P155',5,NULL,'\0','\0',5,'\0'),(2531,193,1,'QMYOEEJ','',NULL,NULL,'2024-04-18 12:12:03','2024-04-18 12:12:09','QLMYOEEJ',6,NULL,'\0','\0',5,'\0'),(2532,194,1,'QDSCLFIB','',NULL,NULL,'2024-04-18 12:12:03','2024-04-18 12:12:10','QLDSCLFIB',5,NULL,'\0','\0',5,'\0'),(2533,195,1,'QDSCLKU','',NULL,NULL,'2024-04-18 12:12:03','2024-04-18 12:12:10','QLDSCLKU',5,NULL,'\0','\0',5,'\0'),(2534,196,1,'QDSCLNOR','',NULL,NULL,'2024-04-18 12:12:03','2024-04-18 12:12:10','QLDSCLNOR',5,NULL,'\0','\0',5,'\0'),(2535,197,1,'QDSCLPMSC','',NULL,NULL,'2024-04-18 12:12:03','2024-04-18 12:12:10','QLDSCLPMSC',5,NULL,'\0','\0',5,'\0'),(2536,198,1,'QDSCLTHTO','',NULL,NULL,'2024-04-18 12:12:03','2024-04-18 12:12:10','QLDSCLTHTO',5,NULL,'\0','\0',5,'\0'),(2537,199,1,'QFOIAG210','',NULL,NULL,'2024-04-18 12:12:03','2024-04-18 12:12:10','QLFOIAG210',7,NULL,'\0','\0',5,'\0'),(2538,200,1,'QFOIALC1','',NULL,NULL,'2024-04-18 12:12:03','2024-04-18 12:12:11','QLFOIALC1',7,NULL,'\0','\0',5,'\0'),(2539,201,1,'QFOIALKM','',NULL,NULL,'2024-04-18 12:12:03','2024-04-18 12:12:11','QLFOIALKM',7,NULL,'\0','\0',5,'\0'),(2540,202,1,'QFOIAMIT','',NULL,NULL,'2024-04-18 12:12:03','2024-04-18 12:12:11','QLFOIAMIT',7,NULL,'\0','\0',5,'\0'),(2541,203,1,'QFOIAMIT2','',NULL,NULL,'2024-04-18 12:12:03','2024-04-18 12:12:11','QLFOIAMIT2',7,NULL,'\0','\0',5,'\0'),(2542,204,1,'QFOIAS100','',NULL,NULL,'2024-04-18 12:12:03','2024-04-18 12:12:11','QLFOIAS100',7,NULL,'\0','\0',5,'\0'),(2543,205,1,'QFOIASLA','',NULL,NULL,'2024-04-18 12:12:04','2024-04-18 12:12:11','QFOIASLA',7,NULL,'\0','\0',5,'\0'),(2544,206,1,'QHISD','',NULL,NULL,'2024-04-18 12:12:04','2024-04-18 12:12:11','QLHISD',8,NULL,'\0','\0',5,'\0'),(2545,207,1,'QMYOEJO1','',NULL,NULL,'2024-04-18 12:12:04','2024-04-18 12:12:12','QLMYOEJO1',6,NULL,'\0','\0',5,'\0'),(2546,208,1,'QMYOEKU','',NULL,NULL,'2024-04-18 12:12:04','2024-04-18 12:12:12','QLMYOEKU',6,NULL,'\0','\0',5,'\0'),(2547,209,1,'QMYOEMDA5','',NULL,NULL,'2024-04-18 12:12:04','2024-04-18 12:12:12','QLMYOEMDA5',6,NULL,'\0','\0',5,'\0'),(2548,210,1,'QMYOEMI2A','',NULL,NULL,'2024-04-18 12:12:04','2024-04-18 12:12:12','QLMYOEMI2A',6,NULL,'\0','\0',5,'\0'),(2549,211,1,'QMYOEMI2B','',NULL,NULL,'2024-04-18 12:12:04','2024-04-18 12:12:12','QLMYOEMI2B',6,NULL,'\0','\0',5,'\0'),(2550,212,1,'QMYOENXP2','',NULL,NULL,'2024-04-18 12:12:04','2024-04-18 12:12:12','QLMYOENXP2',6,NULL,'\0','\0',5,'\0'),(2551,213,1,'QMYOEOJ','',NULL,NULL,'2024-04-18 12:12:04','2024-04-18 12:12:13','QLMYOEOJ',6,NULL,'\0','\0',5,'\0'),(2552,214,1,'QMYOEPL12','',NULL,NULL,'2024-04-18 12:12:04','2024-04-18 12:12:13','QLMYOEPL12',6,NULL,'\0','\0',5,'\0'),(2553,215,1,'QMYOEPL7','',NULL,NULL,'2024-04-18 12:12:04','2024-04-18 12:12:13','QLMYOEPL7',6,NULL,'\0','\0',5,'\0'),(2554,216,1,'QMYOESAE','',NULL,NULL,'2024-04-18 12:12:04','2024-04-18 12:12:13','QLMYOESAE',6,NULL,'\0','\0',5,'\0'),(2555,217,1,'QMYOESRP','',NULL,NULL,'2024-04-18 12:12:04','2024-04-18 12:12:13','QLMYOESRP',6,NULL,'\0','\0',5,'\0'),(2556,218,1,'QMYOETIF','',NULL,NULL,'2024-04-18 12:12:04','2024-04-18 12:12:13','QLMYOETIF',6,NULL,'\0','\0',5,'\0'),(2557,219,1,'QNUCD','',NULL,NULL,'2024-04-18 12:12:04','2024-04-18 12:12:14','QLNUCD',8,NULL,'\0','\0',5,'\0'),(2558,220,1,'QRNA3P11','',NULL,NULL,'2024-04-18 12:12:04','2024-04-18 12:12:14','QLRNA3P11',5,NULL,'\0','\0',5,'\0'),(2559,221,1,'QRNA3P155','',NULL,NULL,'2024-04-18 12:12:04','2024-04-18 12:12:14','QLRNA3P155',5,NULL,'\0','\0',5,'\0'),(2560,222,1,'QMYOEPMSCL','',NULL,NULL,'2024-04-18 12:12:04','2024-04-18 12:12:14','QLMYOEPMSC',6,NULL,'\0','\0',5,'\0'),(2561,129,16,'AIFOIAG210','ANTI-GP210.',NULL,NULL,'2024-04-18 12:12:05',NULL,'AIFOIAG210',7,NULL,'\0','\0',5,'\0'),(2562,130,16,'AIFOIALC1','Anti-LC1.',NULL,NULL,'2024-04-18 12:12:05',NULL,'AIFOIALC1',7,NULL,'\0','\0',5,'\0'),(2563,131,16,'AIFOIALKM','ANTI-LKM1.',NULL,NULL,'2024-04-18 12:12:05',NULL,'AIFOIALKM',7,NULL,'\0','\0',5,'\0'),(2564,132,16,'AIFOIAMIT','ANTI-MITOCHONDRIE 2',NULL,NULL,'2024-04-18 12:12:05',NULL,'MITM2',7,NULL,'\0','\0',5,'\0'),(2565,133,18,'AIFOIAMIT2','ANTI-MITOCHONDRIE 23E',NULL,NULL,'2024-04-18 12:12:05',NULL,'MITM23E',7,NULL,'\0','\0',5,'\0'),(2566,134,16,'AIFOIAS100','ANTI-SP100.',NULL,NULL,'2024-04-18 12:12:05',NULL,'AIFOIAS100',7,NULL,'\0','\0',5,'\0'),(2567,135,16,'AIFOIASLA','ANTI-SLA/LP.',NULL,NULL,'2024-04-18 12:12:05',NULL,'AIFOIASLA',7,NULL,'\0','\0',5,'\0'),(2568,136,16,'AMYOEEJ','DERMATO/POLYMYOSITES',NULL,NULL,'2024-04-18 12:12:06',NULL,'AMYOEEJ',6,NULL,'\0','\0',5,'\0'),(2569,137,16,'AMYOEJO1','DERMATO/POLYMYOSITES',NULL,NULL,'2024-04-18 12:12:06',NULL,'AMYOEJO1',6,NULL,'\0','\0',5,'\0'),(2570,138,16,'AMYOEKU','DERMATO/POLYMYOSITES',NULL,NULL,'2024-04-18 12:12:06',NULL,'AMYOEKU',6,NULL,'\0','\0',5,'\0'),(2571,139,16,'AMYOEMDA5','DERMATO/POLYMYOSITES',NULL,NULL,'2024-04-18 12:12:06',NULL,'AMYOEMDA5',6,NULL,'\0','\0',5,'\0'),(2572,140,16,'AMYOEMI2A','DERMATO/POLYMYOSITES',NULL,NULL,'2024-04-18 12:12:06',NULL,'AMYOEMI2A',6,NULL,'\0','\0',5,'\0'),(2573,141,16,'AMYOEMI2B','DERMATO/POLYMYOSITES',NULL,NULL,'2024-04-18 12:12:06',NULL,'AMYOEMI2B',6,NULL,'\0','\0',5,'\0'),(2574,142,16,'AMYOENXP2','DERMATO/POLYMYOSITES',NULL,NULL,'2024-04-18 12:12:07',NULL,'AMYOENXP2',6,NULL,'\0','\0',5,'\0'),(2575,143,16,'AMYOEOJ','DERMATO/POLYMYOSITES',NULL,NULL,'2024-04-18 12:12:07',NULL,'AMYOEOJ',6,NULL,'\0','\0',5,'\0'),(2576,144,16,'AMYOEPL12','DERMATO/POLYMYOSITES',NULL,NULL,'2024-04-18 12:12:07',NULL,'AMYOEPL12',6,NULL,'\0','\0',5,'\0'),(2577,145,16,'AMYOEPL7','DERMATO/POLYMYOSITES',NULL,NULL,'2024-04-18 12:12:07',NULL,'AMYOEPL7',6,NULL,'\0','\0',5,'\0'),(2578,146,16,'AMYOEPMSCL','DERMATO/POLYMYOSITES',NULL,NULL,'2024-04-18 12:12:07',NULL,'AMYOEPMSCL',6,NULL,'\0','\0',5,'\0'),(2579,147,16,'AMYOESAE','DERMATO/POLYMYOSITES',NULL,NULL,'2024-04-18 12:12:07',NULL,'AMYOESAE',6,NULL,'\0','\0',5,'\0'),(2580,148,16,'AMYOESRP','DERMATO/POLYMYOSITES',NULL,NULL,'2024-04-18 12:12:08',NULL,'AMYOESRP',6,NULL,'\0','\0',5,'\0'),(2581,149,16,'AMYOETIF','DERMATO/POLYMYOSITES',NULL,NULL,'2024-04-18 12:12:08',NULL,'AMYOETIF',6,NULL,'\0','\0',5,'\0'),(2582,128,16,'AHISD','ANTI-HISTONES Dot',NULL,NULL,'2024-04-18 12:12:08',NULL,'AHISDREC',8,NULL,'\0','\0',5,'\0'),(2583,150,16,'ANUCD','ANTI-NUCLEOSOMES Dot',NULL,NULL,'2024-04-18 12:12:08',NULL,'ANUCDREC',8,NULL,'\0','\0',5,'\0'),(2584,151,16,'DSCLFIB','Anti-fibrillarine',NULL,NULL,'2024-04-18 12:12:08',NULL,'DSCLFIB',5,NULL,'\0','\0',5,'\0'),(2585,152,16,'DSCLKU','Anti-Ku',NULL,NULL,'2024-04-18 12:12:08',NULL,'DSCLKU',5,NULL,'\0','\0',5,'\0'),(2586,153,16,'DSCLNOR','Anti-NOR90',NULL,NULL,'2024-04-18 12:12:09',NULL,'DSCLNOR',5,NULL,'\0','\0',5,'\0'),(2587,154,16,'DSCLPMSC','Anti-PM/Scl',NULL,NULL,'2024-04-18 12:12:09',NULL,'DSCLPMSC',5,NULL,'\0','\0',5,'\0'),(2588,155,16,'DSCLTHTO','Anti-Th/To',NULL,NULL,'2024-04-18 12:12:09',NULL,'DSCLTHTO',5,NULL,'\0','\0',5,'\0'),(2589,156,16,'RNA3P11','Anti-ARN polymérase III',NULL,NULL,'2024-04-18 12:12:09',NULL,'RNA3P11',5,NULL,'\0','\0',5,'\0'),(2590,157,16,'RNA3P155','Anti-ARN polymérase III',NULL,NULL,'2024-04-18 12:12:09',NULL,'RNA3P155',5,NULL,'\0','\0',5,'\0'),(2591,193,2,'QMYOEEJ','',NULL,NULL,'2024-04-18 12:12:09',NULL,'QLMYOEEJ',6,NULL,'\0','\0',5,'\0'),(2592,194,2,'QDSCLFIB','',NULL,NULL,'2024-04-18 12:12:10',NULL,'QLDSCLFIB',5,NULL,'\0','\0',5,'\0'),(2593,195,2,'QDSCLKU','',NULL,NULL,'2024-04-18 12:12:10',NULL,'QLDSCLKU',5,NULL,'\0','\0',5,'\0'),(2594,196,2,'QDSCLNOR','',NULL,NULL,'2024-04-18 12:12:10',NULL,'QLDSCLNOR',5,NULL,'\0','\0',5,'\0'),(2595,197,2,'QDSCLPMSC','',NULL,NULL,'2024-04-18 12:12:10',NULL,'QLDSCLPMSC',5,NULL,'\0','\0',5,'\0'),(2596,198,2,'QDSCLTHTO','',NULL,NULL,'2024-04-18 12:12:10',NULL,'QLDSCLTHTO',5,NULL,'\0','\0',5,'\0'),(2597,199,2,'QFOIAG210','',NULL,NULL,'2024-04-18 12:12:10',NULL,'QLFOIAG210',7,NULL,'\0','\0',5,'\0'),(2598,200,2,'QFOIALC1','',NULL,NULL,'2024-04-18 12:12:11',NULL,'QLFOIALC1',7,NULL,'\0','\0',5,'\0'),(2599,201,2,'QFOIALKM','',NULL,NULL,'2024-04-18 12:12:11',NULL,'QLFOIALKM',7,NULL,'\0','\0',5,'\0'),(2600,202,2,'QFOIAMIT','',NULL,NULL,'2024-04-18 12:12:11',NULL,'QLFOIAMIT',7,NULL,'\0','\0',5,'\0'),(2601,203,2,'QFOIAMIT2','',NULL,NULL,'2024-04-18 12:12:11',NULL,'QLFOIAMIT2',7,NULL,'\0','\0',5,'\0'),(2602,204,2,'QFOIAS100','',NULL,NULL,'2024-04-18 12:12:11',NULL,'QLFOIAS100',7,NULL,'\0','\0',5,'\0'),(2603,205,2,'QFOIASLA','',NULL,NULL,'2024-04-18 12:12:11',NULL,'QFOIASLA',7,NULL,'\0','\0',5,'\0'),(2604,206,2,'QHISD','',NULL,NULL,'2024-04-18 12:12:11',NULL,'QLHISD',8,NULL,'\0','\0',5,'\0'),(2605,207,2,'QMYOEJO1','',NULL,NULL,'2024-04-18 12:12:12',NULL,'QLMYOEJO1',6,NULL,'\0','\0',5,'\0'),(2606,208,2,'QMYOEKU','',NULL,NULL,'2024-04-18 12:12:12',NULL,'QLMYOEKU',6,NULL,'\0','\0',5,'\0'),(2607,209,2,'QMYOEMDA5','',NULL,NULL,'2024-04-18 12:12:12',NULL,'QLMYOEMDA5',6,NULL,'\0','\0',5,'\0'),(2608,210,2,'QMYOEMI2A','',NULL,NULL,'2024-04-18 12:12:12',NULL,'QLMYOEMI2A',6,NULL,'\0','\0',5,'\0'),(2609,211,2,'QMYOEMI2B','',NULL,NULL,'2024-04-18 12:12:12',NULL,'QLMYOEMI2B',6,NULL,'\0','\0',5,'\0'),(2610,212,2,'QMYOENXP2','',NULL,NULL,'2024-04-18 12:12:12',NULL,'QLMYOENXP2',6,NULL,'\0','\0',5,'\0'),(2611,213,2,'QMYOEOJ','',NULL,NULL,'2024-04-18 12:12:13',NULL,'QLMYOEOJ',6,NULL,'\0','\0',5,'\0'),(2612,214,2,'QMYOEPL12','',NULL,NULL,'2024-04-18 12:12:13',NULL,'QLMYOEPL12',6,NULL,'\0','\0',5,'\0'),(2613,215,2,'QMYOEPL7','',NULL,NULL,'2024-04-18 12:12:13',NULL,'QLMYOEPL7',6,NULL,'\0','\0',5,'\0'),(2614,216,2,'QMYOESAE','',NULL,NULL,'2024-04-18 12:12:13',NULL,'QLMYOESAE',6,NULL,'\0','\0',5,'\0'),(2615,217,2,'QMYOESRP','',NULL,NULL,'2024-04-18 12:12:13',NULL,'QLMYOESRP',6,NULL,'\0','\0',5,'\0'),(2616,218,2,'QMYOETIF','',NULL,NULL,'2024-04-18 12:12:13',NULL,'QLMYOETIF',6,NULL,'\0','\0',5,'\0'),(2617,219,2,'QNUCD','',NULL,NULL,'2024-04-18 12:12:14',NULL,'QLNUCD',8,NULL,'\0','\0',5,'\0'),(2618,220,2,'QRNA3P11','',NULL,NULL,'2024-04-18 12:12:14',NULL,'QLRNA3P11',5,NULL,'\0','\0',5,'\0'),(2619,221,2,'QRNA3P155','',NULL,NULL,'2024-04-18 12:12:14',NULL,'QLRNA3P155',5,NULL,'\0','\0',5,'\0'),(2620,222,2,'QMYOEPMSCL','',NULL,NULL,'2024-04-18 12:12:14',NULL,'QLMYOEPMSC',6,NULL,'\0','\0',5,'\0'),(2621,223,1,'PLG','Plasminogène',NULL,NULL,'2024-08-07 07:21:27','2024-08-07 07:21:28','PLG',NULL,NULL,'\0','\0',2,'\0'),(2622,223,2,'PLG','Plasminogène',NULL,NULL,'2024-08-07 07:21:28',NULL,'PLG',NULL,NULL,'\0','\0',2,'\0');

--
-- Table structure for table `subunit`
--

CREATE TABLE `subunit` (
  `Id` int(10) unsigned NOT NULL AUTO_INCREMENT ,
  `Code` varchar(20) COLLATE utf8mb4_unicode_ci DEFAULT NULL ,
  `Name` varchar(100) COLLATE utf8mb4_unicode_ci NOT NULL ,
  `ShortName` varchar(20) COLLATE utf8mb4_unicode_ci DEFAULT NULL ,
  `ReportSendingMode` tinyint(3) unsigned DEFAULT NULL ,
  `IsDeleted` bit(1) NOT NULL ,
  `EstablishmentId` smallint(5) unsigned DEFAULT NULL ,
  `IsMovingAverageEnabled` bit(1) NOT NULL ,
  `IsHomeEnabled` bit(1) NOT NULL ,
  `RadioFrequency` varchar(20) COLLATE utf8mb4_unicode_ci DEFAULT NULL ,
  `StandardCode` varchar(20) COLLATE utf8mb4_unicode_ci DEFAULT NULL ,
  PRIMARY KEY (`Id`),
  KEY `EstablishmentId` (`EstablishmentId`),
  KEY `Name` (`Name`),
  KEY `IsDeleted` (`IsDeleted`),
  CONSTRAINT `FK_Department_EstablishmentId` FOREIGN KEY (`EstablishmentId`) REFERENCES `establishment` (`Id`) ON DELETE NO ACTION ON UPDATE NO ACTION
) ENGINE=InnoDB AUTO_INCREMENT=6 DEFAULT CHARSET=utf8mb4 COLLATE=utf8mb4_unicode_ci ROW_FORMAT=DYNAMIC COMMENT='{5E6CB283-61F1-4E87-95FF-645C0A6F85B9}';

--
-- Dumping data for table `subunit`
--

INSERT INTO `subunit` VALUES (1,'5701','5701',NULL,NULL,'\0',NULL,'','',NULL,NULL),(2,'2432','2432',NULL,NULL,'\0',NULL,'','',NULL,NULL),(3,'8713','8713',NULL,NULL,'\0',NULL,'','',NULL,NULL),(4,'TES4','TES4',NULL,NULL,'\0',NULL,'','',NULL,NULL),(5,'05','05',NULL,NULL,'\0',NULL,'','',NULL,NULL);

--
-- Table structure for table `operator`
--

CREATE TABLE `operator` (
  `Id` int(10) unsigned NOT NULL AUTO_INCREMENT ,
  `Code` varchar(20) COLLATE utf8mb4_unicode_ci DEFAULT NULL ,
  `FirstName` varchar(50) COLLATE utf8mb4_unicode_ci DEFAULT NULL ,
  `LastName` varchar(100) COLLATE utf8mb4_unicode_ci NOT NULL ,
  `RadioFrequency` varchar(20) COLLATE utf8mb4_unicode_ci DEFAULT NULL ,
  `PagerNumber` varchar(320) COLLATE utf8mb4_unicode_ci DEFAULT NULL ,
  `IsHomeEnabled` bit(1) NOT NULL ,
  `OperatorTypeId` smallint(5) unsigned DEFAULT NULL ,
  `StandardCode` varchar(20) COLLATE utf8mb4_unicode_ci DEFAULT NULL ,
  PRIMARY KEY (`Id`),
  UNIQUE KEY `Code` (`Code`),
  KEY `OperatorTypeId` (`OperatorTypeId`),
  CONSTRAINT `FK_Operator_OperatorTypeId` FOREIGN KEY (`OperatorTypeId`) REFERENCES `doctortype` (`Id`) ON DELETE NO ACTION ON UPDATE NO ACTION
) ENGINE=InnoDB AUTO_INCREMENT=3 DEFAULT CHARSET=utf8mb4 COLLATE=utf8mb4_unicode_ci ROW_FORMAT=DYNAMIC COMMENT='{20FAF7E8-1C0A-4969-99B5-2F828DBFBE35}';

--
-- Dumping data for table `operator`
--

INSERT INTO `operator` VALUES (1,'01','DOCTOR1','DOCTOR1','',NULL,'\0',NULL,NULL),(2,'TES2','DOCTOR2','DOCTOR2','',NULL,'\0',NULL,NULL);

--
-- Table structure for table `polarity`
--

CREATE TABLE `polarity` (
  `Id` tinyint(3) unsigned NOT NULL AUTO_INCREMENT ,
  `ShortTranslationId` int(10) unsigned NOT NULL ,
  `LongTranslationId` int(10) unsigned DEFAULT NULL ,
  `IsDefault` bit(1) NOT NULL ,
  PRIMARY KEY (`Id`),
  UNIQUE KEY `ShortTranslationId` (`ShortTranslationId`),
  KEY `LongTranslationId` (`LongTranslationId`),
  CONSTRAINT `FK_Polarity_LongTranslationId` FOREIGN KEY (`LongTranslationId`) REFERENCES `translation` (`Id`) ON DELETE NO ACTION ON UPDATE NO ACTION,
  CONSTRAINT `FK_Polarity_ShortTranslationId` FOREIGN KEY (`ShortTranslationId`) REFERENCES `translation` (`Id`) ON DELETE NO ACTION ON UPDATE NO ACTION
) ENGINE=InnoDB AUTO_INCREMENT=4 DEFAULT CHARSET=utf8mb4 COLLATE=utf8mb4_unicode_ci ROW_FORMAT=DYNAMIC COMMENT='{A646D991-EFED-4539-8FB5-83289F41E07C}';

--
-- Dumping data for table `polarity`
--

INSERT INTO `polarity` VALUES (1,1004,163,'\0'),(2,1003,164,'\0'),(3,1006,9123,'');

--
-- Table structure for table `assembly`
--

CREATE TABLE `assembly` (
  `Id` int(10) unsigned NOT NULL AUTO_INCREMENT ,
  `Pid` varchar(20) COLLATE utf8mb4_unicode_ci DEFAULT NULL ,
  `INS` varchar(20) COLLATE utf8mb4_unicode_ci DEFAULT NULL ,
  `LastName` varchar(100) COLLATE utf8mb4_unicode_ci NOT NULL ,
  `BirthName` varchar(100) COLLATE utf8mb4_unicode_ci DEFAULT NULL ,
  `FirstName` varchar(50) COLLATE utf8mb4_unicode_ci DEFAULT NULL ,
  `BirthDate` datetime DEFAULT NULL ,
  `PolarityId` tinyint(3) unsigned NOT NULL ,
  `LastArchivedSampleDate` datetime DEFAULT NULL ,
  `Identifier` varchar(20) COLLATE utf8mb4_unicode_ci DEFAULT NULL ,
  `IsIncompleteForSending` bit(1) NOT NULL ,
  `IsMonitored` bit(1) NOT NULL ,
  `MonitoringComment` varchar(250) COLLATE utf8mb4_unicode_ci DEFAULT NULL ,
  PRIMARY KEY (`Id`),
  KEY `PolarityId` (`PolarityId`),
  KEY `Pid` (`Pid`),
  KEY `LastName` (`LastName`),
  KEY `BirthName` (`BirthName`),
  KEY `FirstName` (`FirstName`),
  KEY `INS` (`INS`),
  KEY `BirthDate` (`BirthDate`),
  KEY `Identifier` (`Identifier`),
  KEY `IX_LastNameFirstName` (`LastName`,`FirstName`),
  CONSTRAINT `FK_Assembly_PolarityId` FOREIGN KEY (`PolarityId`) REFERENCES `polarity` (`Id`) ON DELETE NO ACTION ON UPDATE NO ACTION
) ENGINE=InnoDB AUTO_INCREMENT=94 DEFAULT CHARSET=utf8mb4 COLLATE=utf8mb4_unicode_ci ROW_FORMAT=DYNAMIC COMMENT='{C4437B64-04DC-42B8-BD6B-2C02EB661E07}';

--
-- Dumping data for table `assembly`
--

INSERT INTO `assembly` VALUES (1,'0011',NULL,'TES1','TES1','DSI1','1964-09-14 22:00:00',2,'2023-11-23 15:03:52','001187148543','\0','\0',NULL),(2,'0012',NULL,'CHU2','TES2','MAT2','2005-12-31 23:00:00',2,'2023-11-23 14:52:52','001103099053','\0','\0',NULL),(3,'0013',NULL,'TES3',NULL,'DSI3','1966-09-14 22:00:00',1,'2023-11-23 15:30:53','001194914607','\0','\0',NULL),(4,'bc24',NULL,'TES4',NULL,'NYN4','2002-02-01 23:00:00',2,'2023-11-25 10:39:51','bc2266735','\0','\0',NULL),(5,'bc45',NULL,'TES5',NULL,'FAB5','1995-02-13 23:00:00',1,'2024-07-03 07:55:28','bc44337','\0','\0',NULL),(6,'bc26',NULL,'TES6',NULL,'FLO6','2000-09-30 22:00:00',2,'2024-03-12 16:05:34','bc2265690','\0','\0',NULL),(7,'bc37',NULL,'TES7',NULL,'BER7','1954-06-23 22:00:00',1,NULL,'bc365570','\0','\0',NULL),(8,'2268',NULL,'TES8',NULL,'NYN8','2002-02-01 23:00:00',2,NULL,'2266735','\0','\0',NULL),(9,NULL,NULL,'TES9',NULL,'nYn9',NULL,3,'2023-11-24 11:52:46',NULL,'\0','\0',NULL),(10,'bc210',NULL,'TES10',NULL,'ADN10','2001-03-11 23:00:00',2,'2024-01-11 17:14:07','bc2266217','\0','\0',NULL),(11,'22611',NULL,'TES11',NULL,'ADN11','2001-03-11 23:00:00',2,NULL,'2266217','\0','\0',NULL),(12,'QAT12',NULL,'MGI12','TES12','SID12','1984-03-08 23:00:00',2,'2023-11-24 14:00:51','QAT0000033515','\0','\0',NULL),(13,'bc113',NULL,'TES13',NULL,'GR13','1975-11-02 23:00:00',1,'2024-01-22 09:45:06','bc1015094','\0','\0',NULL),(14,'bc214',NULL,'TES14',NULL,'FAB14','1973-08-20 22:00:00',2,'2023-12-21 15:19:06','bc2011813','\0','\0',NULL),(15,'00115',NULL,'TES15',NULL,'AA15','1970-12-12 23:00:00',1,'2024-07-03 08:05:29','001061518587','\0','\0',NULL),(16,'12416',NULL,'TES16',NULL,'BYG16','1985-08-24 22:00:00',2,'2024-01-23 10:50:29',NULL,'\0','\0',NULL),(17,'bc217',NULL,'TES17',NULL,'UNI17','2000-05-11 22:00:00',1,'2023-12-15 09:26:47','bc2266766','\0','\0',NULL),(18,'bc218',NULL,'TES18',NULL,'EVO18','2002-02-01 23:00:00',2,'2023-12-17 09:17:45','bc2266767','\0','\0',NULL),(19,'bc219',NULL,'TES19',NULL,'EVO19','2000-12-31 23:00:00',2,'2024-02-13 09:45:28',NULL,'\0','\0',NULL),(20,'bc220',NULL,'TES20',NULL,'EVO20','2002-02-01 23:00:00',2,'2023-12-18 07:50:41','bc2266769','\0','\0',NULL),(21,'bc221',NULL,'TES21',NULL,'EVO21','2003-03-02 23:00:00',2,'2023-12-18 07:54:41','bc2266770','\0','\0',NULL),(22,'bc222',NULL,'TES22',NULL,'EVO22','2004-04-03 22:00:00',2,'2023-12-18 07:57:42','bc2266771','\0','\0',NULL),(23,'bc223',NULL,'TES23',NULL,'EVO23','2005-05-04 22:00:00',2,'2023-12-18 07:59:42','bc2266772','\0','\0',NULL),(24,'bc224',NULL,'TES24',NULL,'UNI24','2000-12-31 23:00:00',2,'2024-01-26 13:00:31',NULL,'\0','\0',NULL),(25,'bc225',NULL,'TES25',NULL,'UNI25','2002-02-01 23:00:00',2,'2023-12-23 14:38:05','bc2266774','\0','\0',NULL),(26,'bc226',NULL,'TES26',NULL,'UNI26','2003-03-02 23:00:00',2,'2024-01-11 17:14:07','bc2266790','\0','\0',NULL),(27,'bc227',NULL,'TES27',NULL,'AMY27','2022-02-01 23:00:00',2,'2023-12-29 10:17:49','bc2265564','\0','\0',NULL),(28,'bc228',NULL,'TES28',NULL,'FOI28','2000-12-31 23:00:00',1,'2023-12-29 10:19:50','bc2265577','\0','\0',NULL),(29,'bc229',NULL,'TES29',NULL,'SCL29','2003-03-02 23:00:00',2,'2023-12-29 10:20:50','bc2266200','\0','\0',NULL),(30,'bc230',NULL,'TES30',NULL,'BIO30','2000-12-31 23:00:00',2,'2024-01-11 17:14:07','bc2266825','\0','\0',NULL),(31,'bc231',NULL,'TES31',NULL,'BIO31','2002-02-01 23:00:00',1,'2023-12-30 11:14:00','bc2266826','\0','\0',NULL),(32,'bc232',NULL,'TES32',NULL,'FOI32','2000-12-31 23:00:00',2,'2023-12-30 12:57:06','bc2266199','\0','\0',NULL),(33,'bc233',NULL,'TES33',NULL,'HIS33','2002-02-01 23:00:00',2,'2023-12-22 11:05:51','bc2266241','\0','\0',NULL),(34,'Tes34',NULL,'Tes34',NULL,'Uni34','2015-12-14 23:00:00',1,'2024-01-01 13:49:59',NULL,'\0','\0',NULL),(35,'bc235',NULL,'TGN35',NULL,'EO35','1999-12-31 23:00:00',1,'2024-05-03 13:15:32','bc2266900','\0','\0',NULL),(36,'bc236',NULL,'TGN36',NULL,'EO36','2001-01-01 23:00:00',2,'2024-05-03 13:15:32','bc2266901','\0','\0',NULL),(37,'bc237',NULL,'TGN37',NULL,'EO37','1998-05-01 22:00:00',2,'2024-05-03 13:15:32','bc2266902','\0','\0',NULL),(38,'bc238',NULL,'TGN38',NULL,'EO38','2004-04-01 22:00:00',1,'2024-05-03 13:15:32','bc2266903','\0','\0',NULL),(39,'bc239',NULL,'TGN39',NULL,'EO39','2005-05-31 22:00:00',2,'2024-05-03 13:15:32','bc2266904','\0','\0',NULL),(40,'bc240',NULL,'TGN40',NULL,'EO40','2000-04-30 22:00:00',1,'2024-01-24 15:30:33','bc2266905','\0','\0',NULL),(41,'bc241',NULL,'TGN41',NULL,'EO41','1975-06-04 22:00:00',1,'2024-01-24 15:30:33','bc2266906','\0','\0',NULL),(42,'bc242',NULL,'TGN42',NULL,'EVO42','2000-12-31 23:00:00',2,'2024-01-27 13:50:32','bc2266909','\0','\0',NULL),(43,'bc243',NULL,'TGN43',NULL,'EVO43','2002-02-01 23:00:00',2,'2024-01-27 13:50:32','bc2266910','\0','\0',NULL),(44,'bc244',NULL,'TGN44',NULL,'EVO44','2003-03-02 23:00:00',2,'2024-04-24 14:05:32','bc2266911','\0','\0',NULL),(45,'bc245',NULL,'TGN45',NULL,'EVO45','2004-04-03 22:00:00',2,'2024-04-24 14:05:32','bc2266912','\0','\0',NULL),(46,'bc246',NULL,'TGN46',NULL,'EVO46','2005-05-04 22:00:00',2,'2024-04-24 14:05:32','bc2266913','\0','\0',NULL),(47,'bc247',NULL,'TGN47',NULL,'EVO47','2006-06-05 22:00:00',2,'2024-04-24 14:05:32','bc2266914','\0','\0',NULL),(48,'bc248',NULL,'TGN48',NULL,'BF48','2004-04-03 22:00:00',2,'2024-04-24 14:05:32','bc2266922','\0','\0',NULL),(49,'bc249',NULL,'TGN49',NULL,'BF49','2005-05-04 22:00:00',2,'2024-04-24 15:05:33','bc2266923','\0','\0',NULL),(50,'bc250',NULL,'TGN50',NULL,'BF50','2006-06-05 22:00:00',1,'2024-04-24 14:05:32','bc2266924','\0','\0',NULL),(51,'bc251',NULL,'TGN51',NULL,'BF51','2007-07-06 22:00:00',1,'2024-04-24 14:05:32','bc2266925','\0','\0',NULL),(52,'bc252',NULL,'TGN52',NULL,'BF52','2008-08-07 22:00:00',1,'2024-01-24 12:20:31','bc2266926','\0','\0',NULL),(53,'bc253',NULL,'TGN53',NULL,'BF53','2009-09-08 22:00:00',2,'2024-01-24 12:20:31','bc2266927','\0','\0',NULL),(54,'bc254',NULL,'TGN54',NULL,'BF54','2010-10-09 22:00:00',1,'2024-01-24 12:20:31','bc2266928','\0','\0',NULL),(55,'bc255',NULL,'TGN55',NULL,'UNI55','2014-04-30 22:00:00',2,'2024-01-26 12:55:30','bc2266930','\0','\0',NULL),(56,'bc256',NULL,'TGN56',NULL,'UNI56','2000-12-31 23:00:00',1,'2024-01-26 12:55:30','bc2266932','\0','\0',NULL),(57,'bc257',NULL,'TGN57',NULL,'UNI57','2000-03-31 22:00:00',1,'2024-04-24 14:05:32','bc2266931','\0','\0',NULL),(58,'bc258',NULL,'TGN58',NULL,'UNI58','2002-02-01 23:00:00',3,'2024-04-24 14:05:32','bc2266933','\0','\0',NULL),(59,'bc259',NULL,'TGN59',NULL,'UNI59','2000-04-30 22:00:00',2,'2024-04-24 14:05:32','bc2266934','\0','\0',NULL),(60,'bc260',NULL,'TGN60',NULL,'UNI60','1999-08-05 22:00:00',1,'2024-04-24 14:05:32','bc2266936','\0','\0',NULL),(61,'bc261',NULL,'TGN61',NULL,'UNI61','1973-08-20 22:00:00',1,'2024-02-16 15:30:33','bc2266937','\0','\0',NULL),(62,'bc262',NULL,'TGN62',NULL,'UNI62','2007-05-12 22:00:00',2,'2024-01-26 12:55:30','bc2266939','\0','\0',NULL),(63,'bc263',NULL,'TGN63',NULL,'UNI63','2008-08-07 22:00:00',2,'2024-01-26 12:55:30','bc2266940','\0','\0',NULL),(64,'bc264',NULL,'TGN64',NULL,'UNI64','1989-05-08 22:00:00',2,'2024-01-26 12:55:30','bc2266941','\0','\0',NULL),(65,'bc265',NULL,'TGN65',NULL,'UNI65','2009-09-08 22:00:00',1,'2024-01-26 12:55:30','bc2266942','\0','\0',NULL),(66,'bc266',NULL,'TGN66',NULL,'UNI66','1972-01-20 23:00:00',2,'2024-01-26 12:55:30','bc2266943','\0','\0',NULL),(67,'bc267',NULL,'TGN67',NULL,'UNI67','2002-02-01 23:00:00',2,'2024-01-26 12:55:30','bc2266945','\0','\0',NULL),(68,'bc268',NULL,'TGN68',NULL,'UNI68','1976-04-07 22:00:00',2,'2024-01-26 12:55:30','bc2266944','\0','\0',NULL),(69,'bc269',NULL,'TGN69',NULL,'UNI69','2010-10-09 22:00:00',1,'2024-01-26 12:55:30','bc2266946','\0','\0',NULL),(70,'bc270',NULL,'TGN70',NULL,'UNI70','2000-07-04 22:00:00',1,'2024-01-26 12:55:30','bc2266949','\0','\0',NULL),(71,'bc271',NULL,'TGN71',NULL,'UNI71','2012-12-11 23:00:00',1,'2024-01-26 12:55:30','bc2266950','\0','\0',NULL),(72,'bc272',NULL,'TGN72',NULL,'UNI72','1977-08-08 22:00:00',1,'2024-01-26 12:55:30','bc2266951','\0','\0',NULL),(73,'bc273',NULL,'TGN73',NULL,'UNI73','1968-04-08 22:00:00',1,'2024-01-26 12:55:30','bc2266953','\0','\0',NULL),(74,'bc274',NULL,'TGN74',NULL,'UNI74','1983-01-29 23:00:00',2,'2024-01-26 12:55:30','bc2266952','\0','\0',NULL),(75,'bc275',NULL,'TGN75',NULL,'UNI75','2012-12-11 23:00:00',1,'2024-01-25 15:15:32','bc2266955','\0','\0',NULL),(76,'bc276',NULL,'TGN76',NULL,'UNI76','1947-04-25 22:00:00',1,'2024-01-26 12:55:30','bc2266954','\0','\0',NULL),(77,'bc277',NULL,'TGN77',NULL,'BF77','2000-12-31 23:00:00',1,'2024-02-20 09:30:27','bc2266919','\0','\0',NULL),(78,'bc278',NULL,'TGN78',NULL,'BF78','2003-03-02 23:00:00',2,'2024-04-24 14:05:32','bc2266921','\0','\0',NULL),(79,'bc279',NULL,'TGN79',NULL,'BF79','2002-02-01 23:00:00',1,'2024-02-20 09:30:27','bc2266920','\0','\0',NULL),(80,'bc280',NULL,'TGN80',NULL,'UNI80','2003-03-02 23:00:00',1,'2024-04-24 14:05:32','bc2266935','\0','\0',NULL),(81,'bc281',NULL,'TGN81',NULL,'UNI81','1974-10-20 22:00:00',1,'2024-01-25 20:05:37','bc2266947','\0','\0',NULL),(82,'bc282',NULL,'TGN82',NULL,'UNI82','2011-11-10 23:00:00',1,'2024-01-25 20:05:37','bc2266948','\0','\0',NULL),(83,NULL,NULL,'tes83','83','kar83','2023-09-04 22:00:00',2,'2024-01-25 10:30:28',NULL,'\0','\0',NULL),(84,NULL,NULL,'TES84',NULL,'MAR84','1980-12-30 23:00:00',1,'2024-02-14 15:00:32',NULL,'\0','\0',NULL),(85,'bc285',NULL,'TGN85',NULL,'EVO85','2009-09-08 22:00:00',2,'2024-01-26 17:30:34','bc2266917','\0','\0',NULL),(86,'bc286',NULL,'TGN86',NULL,'EVO86','2008-08-07 22:00:00',2,'2024-01-26 17:30:34','bc2266916','\0','\0',NULL),(87,'bc287',NULL,'TGN87',NULL,'EVO87','2010-10-09 22:00:00',2,'2024-01-26 17:30:34','bc2266918','\0','\0',NULL),(88,'bc288',NULL,'TGN88',NULL,'EVO88','2007-07-06 22:00:00',2,'2024-04-24 14:05:32','bc2266915','\0','\0',NULL),(89,'bc289',NULL,'TGN89',NULL,'EVO89','2006-06-05 22:00:00',2,'2024-01-27 14:00:33','bc2266962','\0','\0',NULL),(90,'bc290',NULL,'TGN90',NULL,'EVO90','2006-06-05 22:00:00',2,'2024-01-27 14:00:33','bc2266963','\0','\0',NULL),(91,NULL,NULL,'TES91',NULL,'PRA91','2015-01-14 23:00:00',1,'2024-02-16 13:40:31',NULL,'\0','\0',NULL),(92,NULL,NULL,'TES92',NULL,'CEN92','1999-12-31 23:00:00',1,'2024-03-22 09:55:27',NULL,'\0','\0',NULL),(93,NULL,NULL,'TES93',NULL,'EUR93','2010-03-12 23:00:00',1,'2024-05-08 09:05:28',NULL,'\0','\0',NULL);

--
-- Table structure for table `assemblydetail`
--

CREATE TABLE `assemblydetail` (
  `AssemblyId` int(10) unsigned NOT NULL ,
  `AssemblyTitleId` smallint(5) unsigned DEFAULT NULL ,
  `BirthPlace` varchar(50) COLLATE utf8mb4_unicode_ci DEFAULT NULL ,
  `NationalInsuranceNumber` varchar(20) COLLATE utf8mb4_unicode_ci DEFAULT NULL ,
  `OperatorId` int(10) unsigned DEFAULT NULL ,
  `DeathDate` datetime DEFAULT NULL ,
  PRIMARY KEY (`AssemblyId`),
  KEY `AssemblyTitleId` (`AssemblyTitleId`),
  KEY `AssemblyId` (`AssemblyId`),
  KEY `OperatorId` (`OperatorId`),
  CONSTRAINT `FK_AssemblyDetail_OperatorId` FOREIGN KEY (`OperatorId`) REFERENCES `operator` (`Id`) ON DELETE NO ACTION ON UPDATE NO ACTION,
  CONSTRAINT `FK_AssemblyDetail_AssemblyId` FOREIGN KEY (`AssemblyId`) REFERENCES `assembly` (`Id`) ON DELETE CASCADE ON UPDATE NO ACTION,
  CONSTRAINT `FK_AssemblyDetail_AssemblyTitleId` FOREIGN KEY (`AssemblyTitleId`) REFERENCES `assemblytitle` (`Id`) ON DELETE SET NULL ON UPDATE NO ACTION
) ENGINE=InnoDB DEFAULT CHARSET=utf8mb4 COLLATE=utf8mb4_unicode_ci ROW_FORMAT=DYNAMIC COMMENT='{063BE4D0-0E66-48E5-BD4B-891D06339C54}';

--
-- Dumping data for table `assemblydetail`
--

INSERT INTO `assemblydetail` VALUES (6,NULL,NULL,NULL,NULL,NULL),(9,NULL,NULL,NULL,NULL,NULL),(16,NULL,NULL,NULL,NULL,NULL),(19,NULL,NULL,NULL,NULL,NULL),(24,NULL,NULL,NULL,NULL,NULL),(34,3,NULL,NULL,NULL,NULL),(83,2,NULL,NULL,NULL,NULL),(84,3,NULL,NULL,NULL,NULL),(91,3,NULL,NULL,NULL,NULL),(92,3,NULL,NULL,NULL,NULL),(93,3,NULL,NULL,NULL,NULL);

--
-- Table structure for table `assemblylocation`
--

CREATE TABLE `assemblylocation` (
  `Id` int(10) unsigned NOT NULL AUTO_INCREMENT ,
  `SubunitId` int(10) unsigned DEFAULT NULL ,
  `CareUnitId` int(10) unsigned DEFAULT NULL ,
  `EstablishmentId` smallint(5) unsigned DEFAULT NULL ,
  `Bed` varchar(50) COLLATE utf8mb4_unicode_ci DEFAULT NULL ,
  `Room` varchar(50) COLLATE utf8mb4_unicode_ci DEFAULT NULL ,
  PRIMARY KEY (`Id`),
  KEY `SubunitId` (`SubunitId`),
  KEY `CareUnitId` (`CareUnitId`),
  KEY `EstablishmentId` (`EstablishmentId`),
  CONSTRAINT `FK_AssemblyLocation_CareUnitId` FOREIGN KEY (`CareUnitId`) REFERENCES `careunit` (`Id`) ON DELETE NO ACTION ON UPDATE NO ACTION,
  CONSTRAINT `FK_AssemblyLocation_DepartmentId` FOREIGN KEY (`SubunitId`) REFERENCES `subunit` (`Id`) ON DELETE NO ACTION ON UPDATE NO ACTION,
  CONSTRAINT `FK_AssemblyLocation_EstablishmentId` FOREIGN KEY (`EstablishmentId`) REFERENCES `establishment` (`Id`) ON DELETE NO ACTION ON UPDATE NO ACTION
) ENGINE=InnoDB AUTO_INCREMENT=27 DEFAULT CHARSET=utf8mb4 COLLATE=utf8mb4_unicode_ci ROW_FORMAT=DYNAMIC COMMENT='{CA0F1532-5B55-48A6-9CBE-776F02417AEE}';

--
-- Dumping data for table `assemblylocation`
--

INSERT INTO `assemblylocation` VALUES (1,1,NULL,NULL,NULL,'719449037'),(2,2,NULL,NULL,NULL,'bc547686'),(3,1,NULL,NULL,NULL,'703318845'),(4,2,NULL,NULL,NULL,'bc2266735'),(5,1,NULL,NULL,NULL,'bc44337'),(6,2,NULL,NULL,NULL,'bc2265690'),(7,3,NULL,NULL,NULL,'bc2266735'),(8,4,NULL,NULL,NULL,'bc2266735'),(9,4,NULL,NULL,NULL,'bc2266217'),(10,4,NULL,NULL,NULL,'bc2000958'),(11,1,NULL,NULL,NULL,'bc1015094'),(12,1,NULL,NULL,NULL,'bc2011813'),(13,4,NULL,NULL,NULL,'bc1015094'),(14,4,NULL,NULL,NULL,'bc42352'),(15,4,NULL,NULL,NULL,NULL),(16,4,NULL,NULL,NULL,'bc12455689'),(17,3,NULL,NULL,NULL,NULL),(18,4,NULL,NULL,NULL,'bc12455689'),(19,5,NULL,NULL,NULL,NULL),(20,2,NULL,NULL,NULL,NULL),(21,4,NULL,NULL,NULL,'bc12455689'),(22,4,NULL,NULL,NULL,'bc12455689'),(23,4,NULL,NULL,NULL,'bc12455689'),(24,2,NULL,NULL,NULL,NULL),(25,2,NULL,NULL,NULL,NULL),(26,2,NULL,NULL,NULL,NULL);

--
-- Table structure for table `assemblyorder`
--

CREATE TABLE `assemblyorder` (
  `Id` bigint(20) unsigned NOT NULL AUTO_INCREMENT ,
  `AssemblyId` int(10) unsigned NOT NULL ,
  `SamplerLaboratoryId` smallint(5) unsigned DEFAULT NULL ,
  `CreationDate` datetime NOT NULL ,
  `ReceptionDate` datetime NOT NULL ,
  `RecordedBy` varchar(50) COLLATE utf8mb4_unicode_ci DEFAULT NULL ,
  `DemandNumber` varchar(20) COLLATE utf8mb4_unicode_ci DEFAULT NULL ,
  `Pid` varchar(20) COLLATE utf8mb4_unicode_ci DEFAULT NULL ,
  `OperatorId` int(10) unsigned DEFAULT NULL ,
  `PrescriptionDate` datetime DEFAULT NULL ,
  `Weight` int(10) unsigned DEFAULT NULL ,
  `Height` int(10) unsigned DEFAULT NULL ,
  `IsNewBorn` bit(1) NOT NULL ,
  `AssemblyLocationId` int(10) unsigned DEFAULT NULL ,
  `AssemblyOrderOriginId` int(10) unsigned NOT NULL ,
  `IsArchived` bit(1) NOT NULL ,
  `ArchivedDate` datetime DEFAULT NULL ,
  `IsDeleted` bit(1) NOT NULL ,
  `AssemblyStayId` int(10) unsigned DEFAULT NULL ,
  PRIMARY KEY (`Id`),
  KEY `SamplerLaboratoryId` (`SamplerLaboratoryId`),
  KEY `AssemblyId` (`AssemblyId`),
  KEY `Pid` (`Pid`),
  KEY `OperatorId` (`OperatorId`),
  KEY `AssemblyLocationId` (`AssemblyLocationId`),
  KEY `AssemblyOrderOriginId` (`AssemblyOrderOriginId`),
  KEY `AssemblyStayId` (`AssemblyStayId`),
  KEY `DemandNumber` (`DemandNumber`),
  KEY `IsArchived` (`IsArchived`),
  KEY `IsDeleted` (`IsDeleted`),
  KEY `IX_AssemblyDeletedArchived` (`AssemblyId`,`IsArchived`,`IsDeleted`),
  CONSTRAINT `FK_AssemblyOrder_OperatorId` FOREIGN KEY (`OperatorId`) REFERENCES `operator` (`Id`) ON DELETE NO ACTION ON UPDATE NO ACTION,
  CONSTRAINT `FK_AssemblyOrder_AssemblyId` FOREIGN KEY (`AssemblyId`) REFERENCES `assembly` (`Id`) ON DELETE CASCADE ON UPDATE NO ACTION,
  CONSTRAINT `FK_AssemblyOrder_AssemblyLocationId` FOREIGN KEY (`AssemblyLocationId`) REFERENCES `assemblylocation` (`Id`) ON DELETE SET NULL ON UPDATE NO ACTION,
  CONSTRAINT `FK_AssemblyOrder_AssemblyOrderOriginId` FOREIGN KEY (`AssemblyOrderOriginId`) REFERENCES `assemblyorderorigin` (`Id`) ON DELETE NO ACTION ON UPDATE NO ACTION,
  CONSTRAINT `FK_AssemblyOrder_AssemblyStayId` FOREIGN KEY (`AssemblyStayId`) REFERENCES `assemblystay` (`Id`) ON DELETE NO ACTION ON UPDATE NO ACTION
) ENGINE=InnoDB AUTO_INCREMENT=132 DEFAULT CHARSET=utf8mb4 COLLATE=utf8mb4_unicode_ci ROW_FORMAT=DYNAMIC COMMENT='{D3498341-C571-4A09-A364-63FF8FE84DE2}';

--
-- Dumping data for table `assemblyorder`
--

INSERT INTO `assemblyorder` VALUES (1,1,2,'2023-11-13 14:14:39','2023-11-13 14:14:39',NULL,'1',NULL,1,NULL,NULL,NULL,'\0',1,1,'','2023-11-23 15:03:52','\0',NULL),(2,2,2,'2023-11-13 14:52:37','2023-11-13 14:52:37',NULL,'2',NULL,1,NULL,NULL,NULL,'\0',2,1,'','2023-11-23 14:52:52','\0',NULL),(3,3,2,'2023-11-13 15:30:14','2023-11-13 15:30:14',NULL,'3',NULL,1,NULL,NULL,NULL,'\0',3,1,'','2023-11-23 15:30:53','\0',NULL),(4,4,2,'2023-11-13 17:41:45','2023-11-13 17:41:45',NULL,'4',NULL,1,NULL,NULL,NULL,'\0',4,1,'','2023-11-25 10:39:51','\0',NULL),(5,5,2,'2023-11-13 17:47:15','2023-11-13 17:47:15',NULL,'5',NULL,1,NULL,NULL,NULL,'\0',5,1,'','2023-11-24 14:53:54','\0',NULL),(6,6,2,'2023-11-14 08:09:07','2023-11-14 08:09:07',NULL,'6',NULL,1,NULL,NULL,NULL,'\0',6,1,'','2023-11-24 08:09:36','\0',NULL),(7,9,1,'2023-11-14 11:52:05','2023-11-14 11:52:05',NULL,NULL,NULL,NULL,NULL,NULL,NULL,'\0',NULL,3,'','2023-11-24 11:52:46','\0',NULL),(8,10,2,'2023-11-14 12:14:17','2023-11-14 12:14:17',NULL,'8',NULL,1,NULL,NULL,NULL,'\0',15,1,'','2024-01-11 17:14:07','\0',NULL),(9,12,2,'2023-11-14 14:00:18','2023-11-14 14:00:18',NULL,'9',NULL,1,NULL,NULL,NULL,'\0',10,1,'','2023-11-24 14:00:51','\0',NULL),(10,13,2,'2023-11-14 15:38:49','2023-11-14 15:38:49',NULL,'10',NULL,1,NULL,NULL,NULL,'\0',13,1,'','2023-11-26 15:40:57','\0',NULL),(11,14,2,'2023-11-16 15:35:50','2023-11-16 15:35:50',NULL,'11',NULL,1,NULL,NULL,NULL,'\0',12,1,'','2023-11-26 15:35:56','\0',NULL),(12,15,2,'2023-11-21 09:59:09','2023-11-21 09:59:09',NULL,'12',NULL,1,NULL,NULL,NULL,'\0',14,1,'','2023-11-30 16:52:11','\0',NULL),(13,16,2,'2023-11-29 16:24:12','2023-11-29 16:24:12',NULL,'13',NULL,1,NULL,NULL,NULL,'\0',16,1,'','2023-12-09 16:34:11','\0',NULL),(14,17,2,'2023-12-05 09:18:10','2023-12-05 09:18:10',NULL,'14',NULL,1,NULL,NULL,NULL,'\0',17,1,'','2023-12-15 09:26:47','\0',NULL),(15,16,2,'2023-12-06 11:22:30','2023-12-06 11:22:30',NULL,'15',NULL,1,NULL,NULL,NULL,'\0',18,3,'','2024-01-11 17:14:07','\0',NULL),(16,6,2,'2023-12-07 08:07:48','2023-12-07 08:07:48',NULL,'16',NULL,1,NULL,NULL,NULL,'\0',20,1,'','2023-12-17 14:02:01','\0',NULL),(17,18,2,'2023-12-07 09:17:19','2023-12-07 09:17:19',NULL,'17',NULL,1,NULL,NULL,NULL,'\0',20,1,'','2023-12-17 09:17:45','\0',NULL),(18,19,2,'2023-12-08 07:46:39','2023-12-08 07:46:39',NULL,'18',NULL,1,NULL,NULL,NULL,'\0',20,1,'','2023-12-21 16:45:11','\0',NULL),(19,20,2,'2023-12-08 07:50:09','2023-12-08 07:50:09',NULL,'19',NULL,1,NULL,NULL,NULL,'\0',20,1,'','2023-12-18 07:50:41','\0',NULL),(20,21,2,'2023-12-08 07:54:09','2023-12-08 07:54:09',NULL,'20',NULL,1,NULL,NULL,NULL,'\0',20,1,'','2023-12-18 07:54:41','\0',NULL),(21,22,2,'2023-12-08 07:57:39','2023-12-08 07:57:39',NULL,'21',NULL,1,NULL,NULL,NULL,'\0',20,1,'','2023-12-18 07:57:42','\0',NULL),(22,23,2,'2023-12-08 07:59:09','2023-12-08 07:59:09',NULL,'22',NULL,1,NULL,NULL,NULL,'\0',20,1,'','2023-12-18 07:59:42','\0',NULL),(23,24,2,'2023-12-08 08:10:39','2023-12-08 08:10:39',NULL,'23',NULL,1,NULL,NULL,NULL,'\0',20,1,'','2024-01-11 17:14:07','\0',NULL),(24,25,2,'2023-12-08 08:14:09','2023-12-08 08:14:09',NULL,'24',NULL,1,NULL,NULL,NULL,'\0',17,1,'','2023-12-09 12:31:56','\0',NULL),(25,14,2,'2023-12-11 15:18:15','2023-12-11 15:18:15',NULL,'25',NULL,1,NULL,NULL,NULL,'\0',17,1,'','2023-12-21 15:19:06','\0',NULL),(26,26,2,'2023-12-15 09:40:30','2023-12-15 09:40:30',NULL,'26',NULL,1,NULL,NULL,NULL,'\0',20,1,'','2024-01-11 17:14:07','\0',NULL),(27,27,2,'2023-12-19 10:17:39','2023-12-19 10:17:39',NULL,'27',NULL,1,NULL,NULL,NULL,'\0',20,1,'','2023-12-29 10:17:49','\0',NULL),(28,28,2,'2023-12-19 10:19:39','2023-12-19 10:19:39',NULL,'28',NULL,1,NULL,NULL,NULL,'\0',20,1,'','2023-12-29 10:19:50','\0',NULL),(29,29,2,'2023-12-19 10:20:39','2023-12-19 10:20:39',NULL,'29',NULL,1,NULL,NULL,NULL,'\0',20,1,'','2023-12-29 10:20:50','\0',NULL),(30,16,2,'2023-12-19 13:01:18','2023-12-19 13:01:18',NULL,'30',NULL,1,NULL,NULL,NULL,'\0',21,3,'','2023-12-29 13:01:59','\0',NULL),(31,30,2,'2023-12-20 10:09:16','2023-12-20 10:09:16',NULL,'31',NULL,1,NULL,NULL,NULL,'\0',20,1,'','2024-01-11 17:14:07','\0',NULL),(32,31,2,'2023-12-20 11:13:25','2023-12-20 11:13:25',NULL,'32',NULL,1,NULL,NULL,NULL,'\0',20,1,'','2023-12-30 11:14:00','\0',NULL),(33,32,2,'2023-12-20 12:52:55','2023-12-20 12:52:55',NULL,'33',NULL,1,NULL,NULL,NULL,'\0',20,1,'','2023-12-30 12:57:06','\0',NULL),(34,33,2,'2023-12-20 12:54:25','2023-12-20 12:54:25',NULL,'34',NULL,1,NULL,NULL,NULL,'\0',20,1,'','2023-12-22 11:05:51','\0',NULL),(35,24,2,'2023-12-22 08:37:37','2023-12-22 08:37:37',NULL,'35',NULL,1,NULL,NULL,NULL,'\0',20,1,'','2023-12-23 14:38:05','\0',NULL),(36,25,2,'2023-12-22 08:48:06','2023-12-22 08:48:06',NULL,'36',NULL,1,NULL,NULL,NULL,'\0',17,1,'','2023-12-23 14:38:05','\0',NULL),(37,34,1,'2023-12-22 13:49:58','2023-12-22 13:49:58',NULL,NULL,NULL,NULL,NULL,NULL,NULL,'\0',NULL,3,'','2024-01-01 13:49:59','\0',NULL),(38,16,2,'2024-01-12 08:31:09','2024-01-12 08:31:09',NULL,NULL,NULL,NULL,NULL,NULL,NULL,'\0',22,3,'','2024-01-22 08:35:01','\0',NULL),(39,13,2,'2024-01-12 09:44:45','2024-01-12 09:44:45',NULL,'39',NULL,1,NULL,NULL,NULL,'\0',17,1,'','2024-01-22 09:45:06','\0',NULL),(40,35,2,'2024-01-19 10:16:10','2024-01-19 10:16:10',NULL,'40',NULL,1,NULL,NULL,NULL,'\0',20,1,'','2024-01-25 11:10:29','\0',NULL),(41,36,2,'2024-01-19 10:20:40','2024-01-19 10:20:40',NULL,'41',NULL,1,NULL,NULL,NULL,'\0',20,1,'','2024-01-26 12:55:30','\0',NULL),(42,37,2,'2024-01-19 12:37:41','2024-01-19 12:37:41',NULL,'42',NULL,1,NULL,NULL,NULL,'\0',20,1,'','2024-01-24 15:20:33','\0',NULL),(43,38,2,'2024-01-19 12:38:41','2024-01-19 12:38:41',NULL,'43',NULL,1,NULL,NULL,NULL,'\0',20,1,'','2024-01-24 19:10:37','\0',NULL),(44,39,2,'2024-01-19 12:40:41','2024-01-19 12:40:41',NULL,'44',NULL,1,NULL,NULL,NULL,'\0',20,1,'','2024-01-26 12:55:30','\0',NULL),(45,40,2,'2024-01-19 12:42:41','2024-01-19 12:42:41',NULL,'45',NULL,1,NULL,NULL,NULL,'\0',20,1,'','2024-01-24 15:30:33','\0',NULL),(46,41,2,'2024-01-19 12:44:11','2024-01-19 12:44:11',NULL,'46',NULL,1,NULL,NULL,NULL,'\0',20,1,'','2024-01-24 15:30:33','\0',NULL),(47,42,2,'2024-01-19 12:56:11','2024-01-19 12:56:11',NULL,'47',NULL,1,NULL,NULL,NULL,'\0',20,1,'','2024-01-27 13:50:32','\0',NULL),(48,43,2,'2024-01-19 12:58:11','2024-01-19 12:58:11',NULL,'48',NULL,1,NULL,NULL,NULL,'\0',20,1,'','2024-01-27 13:50:32','\0',NULL),(49,44,2,'2024-01-19 13:00:41','2024-01-19 13:00:41',NULL,'49',NULL,1,NULL,NULL,NULL,'\0',20,1,'','2024-01-27 13:50:32','\0',NULL),(50,45,2,'2024-01-19 13:02:41','2024-01-19 13:02:41',NULL,'50',NULL,1,NULL,NULL,NULL,'\0',20,1,'','2024-01-27 13:50:32','\0',NULL),(51,46,2,'2024-01-19 13:04:41','2024-01-19 13:04:41',NULL,'51',NULL,1,NULL,NULL,NULL,'\0',20,1,'','2024-01-27 13:50:32','\0',NULL),(52,47,2,'2024-01-19 13:06:11','2024-01-19 13:06:11',NULL,'52',NULL,1,NULL,NULL,NULL,'\0',20,1,'','2024-01-27 13:50:32','\0',NULL),(53,48,2,'2024-01-19 14:29:41','2024-01-19 14:29:41',NULL,'53',NULL,1,NULL,NULL,NULL,'\0',20,1,'','2024-01-24 12:20:31','\0',NULL),(54,49,2,'2024-01-19 14:32:11','2024-01-19 14:32:11',NULL,'54',NULL,1,NULL,NULL,NULL,'\0',20,1,'','2024-01-24 12:20:31','\0',NULL),(55,50,2,'2024-01-19 14:33:41','2024-01-19 14:33:41',NULL,'55',NULL,1,NULL,NULL,NULL,'\0',20,1,'','2024-01-24 12:10:30','\0',NULL),(56,51,2,'2024-01-19 14:36:41','2024-01-19 14:36:41',NULL,'56',NULL,1,NULL,NULL,NULL,'\0',20,1,'','2024-02-16 14:40:32','\0',NULL),(57,52,2,'2024-01-19 14:38:11','2024-01-19 14:38:11',NULL,'57',NULL,1,NULL,NULL,NULL,'\0',20,1,'','2024-01-24 12:20:31','\0',NULL),(58,53,2,'2024-01-19 14:39:42','2024-01-19 14:39:42',NULL,'58',NULL,1,NULL,NULL,NULL,'\0',20,1,'','2024-01-24 12:20:31','\0',NULL),(59,54,2,'2024-01-19 14:41:11','2024-01-19 14:41:11',NULL,'59',NULL,1,NULL,NULL,NULL,'\0',20,1,'','2024-01-24 12:20:31','\0',NULL),(60,55,2,'2024-01-19 15:18:12','2024-01-19 15:18:12',NULL,'60',NULL,1,NULL,NULL,NULL,'\0',20,1,'','2024-01-26 12:55:30','\0',NULL),(61,56,2,'2024-01-19 15:21:12','2024-01-19 15:21:12',NULL,'61',NULL,1,NULL,NULL,NULL,'\0',20,1,'','2024-01-26 12:55:30','\0',NULL),(62,57,2,'2024-01-19 15:21:12','2024-01-19 15:21:12',NULL,'62',NULL,1,NULL,NULL,NULL,'\0',20,1,'','2024-01-26 12:55:30','\0',NULL),(63,58,2,'2024-01-19 15:23:12','2024-01-19 15:23:12',NULL,'63',NULL,1,NULL,NULL,NULL,'\0',20,1,'','2024-01-29 15:23:52','\0',NULL),(64,59,2,'2024-01-19 15:23:42','2024-01-19 15:23:42',NULL,'64',NULL,1,NULL,NULL,NULL,'\0',20,1,'','2024-01-26 12:55:30','\0',NULL),(65,60,2,'2024-01-19 15:25:12','2024-01-19 15:25:12',NULL,'65',NULL,1,NULL,NULL,NULL,'\0',20,1,'','2024-01-26 12:55:30','\0',NULL),(66,61,2,'2024-01-19 15:26:42','2024-01-19 15:26:42',NULL,'66',NULL,1,NULL,NULL,NULL,'\0',20,1,'','2024-02-16 15:30:33','\0',NULL),(67,62,2,'2024-01-19 15:29:42','2024-01-19 15:29:42',NULL,'67',NULL,1,NULL,NULL,NULL,'\0',20,1,'','2024-01-26 12:55:30','\0',NULL),(68,63,2,'2024-01-19 15:30:42','2024-01-19 15:30:42',NULL,'68',NULL,1,NULL,NULL,NULL,'\0',20,1,'','2024-01-26 12:55:30','\0',NULL),(69,64,2,'2024-01-19 15:31:12','2024-01-19 15:31:12',NULL,'69',NULL,1,NULL,NULL,NULL,'\0',20,1,'','2024-01-26 12:55:30','\0',NULL),(70,65,2,'2024-01-19 15:32:12','2024-01-19 15:32:12',NULL,'70',NULL,1,NULL,NULL,NULL,'\0',20,1,'','2024-01-26 12:55:30','\0',NULL),(71,66,2,'2024-01-19 15:32:12','2024-01-19 15:32:12',NULL,'71',NULL,1,NULL,NULL,NULL,'\0',20,1,'','2024-01-26 12:55:30','\0',NULL),(72,67,2,'2024-01-19 15:34:12','2024-01-19 15:34:12',NULL,'72',NULL,1,NULL,NULL,NULL,'\0',20,1,'','2024-01-26 12:55:30','\0',NULL),(73,68,2,'2024-01-19 15:34:42','2024-01-19 15:34:42',NULL,'73',NULL,1,NULL,NULL,NULL,'\0',20,1,'','2024-01-26 12:55:30','\0',NULL),(74,69,2,'2024-01-19 15:35:12','2024-01-19 15:35:12',NULL,'74',NULL,1,NULL,NULL,NULL,'\0',20,1,'','2024-01-26 12:55:30','\0',NULL),(75,70,2,'2024-01-19 15:38:12','2024-01-19 15:38:12',NULL,'75',NULL,1,NULL,NULL,NULL,'\0',20,1,'','2024-01-26 12:55:30','\0',NULL),(76,71,2,'2024-01-19 15:39:42','2024-01-19 15:39:42',NULL,'76',NULL,1,NULL,NULL,NULL,'\0',20,1,'','2024-01-26 12:55:30','\0',NULL),(77,72,2,'2024-01-19 15:39:42','2024-01-19 15:39:42',NULL,'77',NULL,1,NULL,NULL,NULL,'\0',20,1,'','2024-01-26 12:55:30','\0',NULL),(78,73,2,'2024-01-19 15:41:12','2024-01-19 15:41:12',NULL,'78',NULL,1,NULL,NULL,NULL,'\0',20,1,'','2024-01-26 12:55:30','\0',NULL),(79,74,2,'2024-01-19 15:41:12','2024-01-19 15:41:12',NULL,'79',NULL,1,NULL,NULL,NULL,'\0',20,1,'','2024-01-26 12:55:30','\0',NULL),(80,75,2,'2024-01-19 15:44:12','2024-01-19 15:44:12',NULL,'80',NULL,1,NULL,NULL,NULL,'\0',20,1,'','2024-01-25 15:15:32','\0',NULL),(81,76,2,'2024-01-19 15:44:12','2024-01-19 15:44:12',NULL,'81',NULL,1,NULL,NULL,NULL,'\0',20,1,'','2024-01-26 12:55:30','\0',NULL),(82,16,2,'2024-01-22 10:28:19','2024-01-22 10:28:19',NULL,NULL,NULL,NULL,NULL,NULL,NULL,'\0',23,3,'','2024-01-23 10:50:29','\0',NULL),(83,78,2,'2024-01-23 09:25:39','2024-01-23 09:25:39',NULL,'83',NULL,1,NULL,NULL,NULL,'\0',20,1,'','2024-01-24 12:20:31','\0',NULL),(84,79,2,'2024-01-23 09:25:39','2024-01-23 09:25:39',NULL,'84',NULL,1,NULL,NULL,NULL,'\0',20,1,'','2024-02-20 09:30:27','\0',NULL),(85,77,2,'2024-01-23 09:25:39','2024-01-23 09:25:39',NULL,'85',NULL,1,NULL,NULL,NULL,'\0',20,1,'','2024-02-20 09:30:27','\0',NULL),(86,80,2,'2024-01-23 10:01:40','2024-01-23 10:01:40',NULL,'86',NULL,1,NULL,NULL,NULL,'\0',20,1,'','2024-01-26 12:55:30','\0',NULL),(87,81,2,'2024-01-24 09:16:36','2024-01-24 09:16:36',NULL,'87',NULL,1,NULL,NULL,NULL,'\0',20,1,'','2024-01-25 20:05:37','\0',NULL),(88,82,2,'2024-01-24 09:16:36','2024-01-24 09:16:36',NULL,'88',NULL,1,NULL,NULL,NULL,'\0',20,1,'','2024-01-25 20:05:37','\0',NULL),(89,19,2,'2024-01-24 09:41:24','2024-01-24 09:41:24',NULL,NULL,NULL,NULL,NULL,NULL,NULL,'\0',24,4,'','2024-02-13 09:45:28','\0',NULL),(90,83,2,'2024-01-24 10:20:53','2024-01-24 10:20:53',NULL,NULL,NULL,NULL,NULL,NULL,NULL,'',NULL,4,'','2024-01-25 10:30:28','\0',NULL),(91,24,2,'2024-01-24 14:29:37','2024-01-24 14:29:37',NULL,NULL,NULL,NULL,NULL,NULL,NULL,'\0',25,5,'','2024-01-26 13:00:31','\0',NULL),(92,84,1,'2024-01-25 14:59:27','2024-01-25 14:59:27',NULL,NULL,NULL,NULL,NULL,NULL,NULL,'\0',NULL,6,'','2024-02-14 15:00:32','\0',NULL),(93,48,2,'2024-01-25 15:17:43','2024-01-25 15:17:43',NULL,'93',NULL,1,NULL,NULL,NULL,'\0',20,1,'','2024-01-26 15:30:33','\0',NULL),(94,85,2,'2024-01-25 15:40:24','2024-01-25 15:40:24',NULL,'94',NULL,1,NULL,NULL,NULL,'\0',20,1,'','2024-01-26 17:30:34','\0',NULL),(95,86,2,'2024-01-25 15:47:04','2024-01-25 15:47:04',NULL,'95',NULL,1,NULL,NULL,NULL,'\0',20,1,'','2024-01-26 17:30:34','\0',NULL),(96,87,2,'2024-01-25 15:48:44','2024-01-25 15:48:44',NULL,'96',NULL,1,NULL,NULL,NULL,'\0',20,1,'','2024-01-26 17:30:34','\0',NULL),(97,88,2,'2024-01-25 15:49:24','2024-01-25 15:49:24',NULL,'97',NULL,1,NULL,NULL,NULL,'\0',20,1,'','2024-01-26 17:30:34','\0',NULL),(98,89,2,'2024-01-26 10:13:39','2024-01-26 10:13:39',NULL,'98',NULL,1,NULL,NULL,NULL,'\0',20,1,'','2024-01-27 14:00:33','\0',NULL),(99,90,2,'2024-01-26 10:14:39','2024-01-26 10:14:39',NULL,'99',NULL,1,NULL,NULL,NULL,'\0',20,1,'','2024-01-27 14:00:33','\0',NULL),(100,91,1,'2024-01-29 08:34:45','2024-01-29 08:34:45',NULL,NULL,NULL,NULL,NULL,NULL,NULL,'\0',NULL,3,'','2024-02-16 13:40:31','\0',NULL),(101,92,1,'2024-02-14 13:59:26','2024-02-14 13:59:26',NULL,NULL,NULL,NULL,NULL,NULL,NULL,'\0',NULL,7,'','2024-03-13 14:00:31','\0',NULL),(102,6,2,'2024-02-21 10:07:48','2024-02-21 10:07:48',NULL,'102',NULL,1,NULL,NULL,NULL,'\0',20,1,'','2024-03-12 10:10:27','\0',NULL),(103,6,2,'2024-02-21 16:04:39','2024-02-21 16:04:39',NULL,'103',NULL,1,NULL,NULL,NULL,'\0',26,3,'','2024-03-12 16:05:34','\0',NULL),(104,92,1,'2024-02-23 09:53:07','2024-02-23 09:53:07',NULL,NULL,NULL,NULL,NULL,NULL,NULL,'\0',NULL,3,'','2024-03-22 09:55:27','\0',NULL),(105,93,1,'2024-03-26 15:17:34','2024-03-26 15:17:34',NULL,NULL,NULL,NULL,NULL,NULL,NULL,'\0',NULL,3,'','2024-04-15 15:20:33','\0',NULL),(106,93,1,'2024-04-04 09:27:24','2024-04-04 09:27:24',NULL,NULL,NULL,NULL,NULL,NULL,NULL,'\0',NULL,8,'','2024-04-24 08:55:27','\0',NULL),(107,93,1,'2024-04-08 07:47:59','2024-04-08 07:47:59',NULL,NULL,NULL,NULL,NULL,NULL,NULL,'\0',NULL,3,'','2024-04-28 07:50:29','\0',NULL),(108,35,2,'2024-04-09 13:18:19','2024-04-09 13:18:19',NULL,'108',NULL,1,NULL,NULL,NULL,'\0',20,1,'','2024-05-03 13:15:32','\0',NULL),(109,36,2,'2024-04-09 13:18:39','2024-04-09 13:18:39',NULL,'109',NULL,1,NULL,NULL,NULL,'\0',20,1,'','2024-05-03 13:15:32','\0',NULL),(110,60,2,'2024-04-09 13:20:19','2024-04-09 13:20:19',NULL,'110',NULL,1,NULL,NULL,NULL,'\0',20,1,'','2024-04-24 14:05:32','\0',NULL),(111,80,2,'2024-04-09 13:20:19','2024-04-09 13:20:19',NULL,'111',NULL,1,NULL,NULL,NULL,'\0',20,1,'','2024-04-24 14:05:32','\0',NULL),(112,59,2,'2024-04-09 13:20:19','2024-04-09 13:20:19',NULL,'112',NULL,1,NULL,NULL,NULL,'\0',20,1,'','2024-04-24 14:05:32','\0',NULL),(113,58,2,'2024-04-09 13:20:19','2024-04-09 13:20:19',NULL,'113',NULL,1,NULL,NULL,NULL,'\0',20,1,'','2024-04-24 14:05:32','\0',NULL),(114,57,2,'2024-04-09 13:20:19','2024-04-09 13:20:19',NULL,'114',NULL,1,NULL,NULL,NULL,'\0',20,1,'','2024-04-24 14:05:32','\0',NULL),(115,51,2,'2024-04-09 13:20:19','2024-04-09 13:20:19',NULL,'115',NULL,1,NULL,NULL,NULL,'\0',20,1,'','2024-04-24 14:05:32','\0',NULL),(116,50,2,'2024-04-09 13:20:19','2024-04-09 13:20:19',NULL,'116',NULL,1,NULL,NULL,NULL,'\0',20,1,'','2024-04-24 14:05:32','\0',NULL),(117,49,2,'2024-04-09 13:20:20','2024-04-09 13:20:20',NULL,'117',NULL,1,NULL,NULL,NULL,'\0',20,1,'','2024-04-24 15:05:33','\0',NULL),(118,48,2,'2024-04-09 13:20:20','2024-04-09 13:20:20',NULL,'118',NULL,1,NULL,NULL,NULL,'\0',20,1,'','2024-04-24 14:05:32','\0',NULL),(119,78,2,'2024-04-09 13:20:20','2024-04-09 13:20:20',NULL,'119',NULL,1,NULL,NULL,NULL,'\0',20,1,'','2024-04-24 14:05:32','\0',NULL),(120,88,2,'2024-04-09 13:20:20','2024-04-09 13:20:20',NULL,'120',NULL,1,NULL,NULL,NULL,'\0',20,1,'','2024-04-24 14:05:32','\0',NULL),(121,47,2,'2024-04-09 13:20:20','2024-04-09 13:20:20',NULL,'121',NULL,1,NULL,NULL,NULL,'\0',20,1,'','2024-04-24 14:05:32','\0',NULL),(122,46,2,'2024-04-09 13:20:20','2024-04-09 13:20:20',NULL,'122',NULL,1,NULL,NULL,NULL,'\0',20,1,'','2024-04-24 14:05:32','\0',NULL),(123,45,2,'2024-04-09 13:20:20','2024-04-09 13:20:20',NULL,'123',NULL,1,NULL,NULL,NULL,'\0',20,1,'','2024-04-24 14:05:32','\0',NULL),(124,44,2,'2024-04-09 13:20:20','2024-04-09 13:20:20',NULL,'124',NULL,1,NULL,NULL,NULL,'\0',20,1,'','2024-04-24 14:05:32','\0',NULL),(125,39,2,'2024-04-09 13:20:20','2024-04-09 13:20:20',NULL,'125',NULL,1,NULL,NULL,NULL,'\0',20,1,'','2024-05-03 13:15:32','\0',NULL),(126,38,2,'2024-04-09 13:20:39','2024-04-09 13:20:39',NULL,'126',NULL,1,NULL,NULL,NULL,'\0',20,1,'','2024-05-03 13:15:32','\0',NULL),(127,37,2,'2024-04-09 13:20:39','2024-04-09 13:20:39',NULL,'127',NULL,1,NULL,NULL,NULL,'\0',20,1,'','2024-05-03 13:15:32','\0',NULL),(128,93,1,'2024-04-18 08:57:28','2024-04-18 08:57:28',NULL,NULL,NULL,NULL,NULL,NULL,NULL,'\0',NULL,3,'','2024-05-08 09:00:27','\0',NULL),(129,93,1,'2024-04-18 09:04:39','2024-04-18 09:04:39',NULL,NULL,NULL,NULL,NULL,NULL,NULL,'\0',NULL,3,'','2024-05-08 09:05:28','\0',NULL),(130,5,2,'2024-06-13 07:51:59','2024-06-13 07:51:59',NULL,'130',NULL,1,NULL,NULL,NULL,'\0',17,1,'','2024-07-03 07:55:28','\0',NULL),(131,15,2,'2024-06-13 08:03:59','2024-06-13 08:03:59',NULL,'131',NULL,1,NULL,NULL,NULL,'\0',17,1,'','2024-07-03 08:05:29','\0',NULL);

--
-- Table structure for table `assemblytitle`
--

CREATE TABLE `assemblytitle` (
  `Id` smallint(5) unsigned NOT NULL AUTO_INCREMENT ,
  `Label` varchar(50) COLLATE utf8mb4_unicode_ci DEFAULT NULL ,
  `AssemblyTitleSetId` smallint(5) unsigned DEFAULT NULL ,
  PRIMARY KEY (`Id`),
  KEY `AssemblyTitleSetId` (`AssemblyTitleSetId`),
  CONSTRAINT `FK_AssemblyTitle_AssemblyTitleSetId` FOREIGN KEY (`AssemblyTitleSetId`) REFERENCES `assemblytitleset` (`Id`) ON DELETE NO ACTION ON UPDATE NO ACTION
) ENGINE=InnoDB AUTO_INCREMENT=6 DEFAULT CHARSET=utf8mb4 COLLATE=utf8mb4_unicode_ci ROW_FORMAT=DYNAMIC COMMENT='{B1E73C41-02BD-43DC-A425-FBE2EC8B92D7}';

--
-- Dumping data for table `assemblytitle`
--

INSERT INTO `assemblytitle` VALUES (1,NULL,1),(2,NULL,2),(3,NULL,3),(4,NULL,4),(5,NULL,5);

--
-- Table structure for table `assemblytitleset`
--

CREATE TABLE `assemblytitleset` (
  `Id` smallint(5) unsigned NOT NULL ,
  `TranslationId` int(10) unsigned NOT NULL ,
  PRIMARY KEY (`Id`),
  UNIQUE KEY `TranslationId` (`TranslationId`),
  CONSTRAINT `FK_AssemblyTitleSet_TranslationId` FOREIGN KEY (`TranslationId`) REFERENCES `translation` (`Id`) ON DELETE NO ACTION ON UPDATE NO ACTION
) ENGINE=InnoDB DEFAULT CHARSET=utf8mb4 COLLATE=utf8mb4_unicode_ci ROW_FORMAT=DYNAMIC COMMENT='{5812EB9E-53F6-4DC7-BFDF-EE74D32A8E04}';

--
-- Dumping data for table `assemblytitleset`
--

INSERT INTO `assemblytitleset` VALUES (4,165),(1,899),(2,900),(3,3752),(5,10230);

--
-- Table structure for table `resultproducer`
--

CREATE TABLE `resultproducer` (
  `Id` bigint(20) unsigned NOT NULL AUTO_INCREMENT ,
  `Type` tinyint(3) unsigned NOT NULL ,
  `ExaminerId` smallint(5) unsigned DEFAULT NULL ,
  `UserAccountId` smallint(5) unsigned DEFAULT NULL ,
  `LaboratoryId` smallint(5) unsigned DEFAULT NULL ,
  `ExpertRuleSettingVersionId` bigint(20) unsigned DEFAULT NULL ,
  `IsAcquisition` bit(1) NOT NULL ,
  `ExaminerOperator` varchar(50) COLLATE utf8mb4_unicode_ci DEFAULT NULL ,
  PRIMARY KEY (`Id`),
  KEY `ExaminerId` (`ExaminerId`),
  KEY `UserAccountId` (`UserAccountId`),
  KEY `LaboratoryId` (`LaboratoryId`),
  KEY `ExpertRuleSettingVersionId` (`ExpertRuleSettingVersionId`),
  CONSTRAINT `FK_ResultProducer_ExaminerId` FOREIGN KEY (`ExaminerId`) REFERENCES `analyser` (`Id`) ON DELETE NO ACTION ON UPDATE NO ACTION,
  CONSTRAINT `FK_ResultProducer_ExpertRuleSettingVersionId` FOREIGN KEY (`ExpertRuleSettingVersionId`) REFERENCES `expertrulesettingversion` (`Id`) ON DELETE NO ACTION ON UPDATE NO ACTION,
  CONSTRAINT `FK_ResultProducer_LaboratoryId` FOREIGN KEY (`LaboratoryId`) REFERENCES `laboratory` (`Id`) ON DELETE NO ACTION ON UPDATE NO ACTION,
  CONSTRAINT `FK_ResultProducer_UserAccountId` FOREIGN KEY (`UserAccountId`) REFERENCES `useraccount` (`Id`) ON DELETE NO ACTION ON UPDATE NO ACTION
) ENGINE=InnoDB AUTO_INCREMENT=17 DEFAULT CHARSET=utf8mb4 COLLATE=utf8mb4_unicode_ci ROW_FORMAT=DYNAMIC COMMENT='{CE3086C7-16C1-4607-81E0-7D09D2B33939}';

--
-- Dumping data for table `resultproducer`
--

INSERT INTO `resultproducer` VALUES (1,5,NULL,NULL,NULL,NULL,'',NULL),(2,1,NULL,4,NULL,NULL,'\0',NULL),(3,1,NULL,5,NULL,NULL,'\0',NULL),(4,1,NULL,6,NULL,NULL,'\0',NULL),(5,2,3,NULL,NULL,NULL,'\0','CxAutomate'),(6,2,2,NULL,NULL,NULL,'\0','CxAutomate'),(7,2,1,NULL,NULL,NULL,'\0','CxAutomate'),(8,2,4,NULL,NULL,NULL,'\0','CxAuto.-EBO2'),(9,2,1,NULL,NULL,NULL,'\0','CxAuto.-boccch'),(10,2,4,NULL,NULL,NULL,'\0','CxAutomate'),(11,1,NULL,13,NULL,NULL,'\0',NULL),(12,1,NULL,15,NULL,NULL,'\0',NULL),(13,1,NULL,18,NULL,NULL,'\0',NULL),(14,1,NULL,19,NULL,NULL,'\0',NULL),(15,1,NULL,20,NULL,NULL,'\0',NULL),(16,4,NULL,NULL,NULL,3,'\0',NULL);

--
-- Table structure for table `sample`
--

CREATE TABLE `sample` (
  `Id` bigint(20) unsigned NOT NULL AUTO_INCREMENT ,
  `AssemblyOrderId` bigint(20) unsigned NOT NULL ,
  `SampleNumber` varchar(20) COLLATE utf8mb4_unicode_ci NOT NULL ,
  `SampleTypeId` smallint(5) unsigned NOT NULL ,
  `TestStatusId` tinyint(3) unsigned NOT NULL ,
  `IsQualityControl` bit(1) NOT NULL ,
  `IsBarCodePrinted` bit(1) NOT NULL ,
  `PriorityLevel` tinyint(3) unsigned NOT NULL ,
  `Tray` varchar(20) COLLATE utf8mb4_unicode_ci DEFAULT NULL ,
  `Position` varchar(10) COLLATE utf8mb4_unicode_ci DEFAULT NULL ,
  `LastExaminerId` smallint(5) unsigned DEFAULT NULL ,
  `LastSortExaminerId` smallint(5) unsigned DEFAULT NULL ,
  `LastResultDate` datetime DEFAULT NULL ,
  `UserAccountId` smallint(5) unsigned DEFAULT NULL ,
  `SamplerIdentificationId` smallint(5) unsigned DEFAULT NULL ,
  `ValidationUserAccountId` smallint(5) unsigned DEFAULT NULL ,
  `ValidationMode` tinyint(3) unsigned DEFAULT NULL ,
  `IsPacked` bit(1) NOT NULL ,
  `IsBlockedFlagVisible` bit(1) NOT NULL ,
  `IsTechnicalValidationFlagVisible` bit(1) NOT NULL ,
  `IsBiologicalValidationFlagVisible` bit(1) NOT NULL ,
  `IsEditionFlagVisible` bit(1) NOT NULL ,
  `IsLISSent` bit(1) NOT NULL ,
  `IsLISDemandMatched` bit(1) DEFAULT NULL ,
  `IsArchived` bit(1) NOT NULL ,
  `ArchivedDate` datetime DEFAULT NULL ,
  `IsDeleted` bit(1) NOT NULL ,
  `BenchId` smallint(5) unsigned NOT NULL ,
  `IsEWMAFlagVisible` bit(1) NOT NULL ,
  `IsExternalQualityControl` bit(1) NOT NULL ,
  `PostAnalyticalLocalisation` text COLLATE utf8mb4_unicode_ci DEFAULT NULL ,
  `QualityControlValidityStatusId` tinyint(3) unsigned DEFAULT NULL ,
  `TATValidityStatus` tinyint(3) unsigned DEFAULT NULL ,
  `IsLISSendingErrorFlagVisible` bit(1) NOT NULL ,
  PRIMARY KEY (`Id`),
  KEY `SampleTypeId` (`SampleTypeId`),
  KEY `TestStatusId` (`TestStatusId`),
  KEY `LastExaminerId` (`LastExaminerId`),
  KEY `LastSortExaminerId` (`LastSortExaminerId`),
  KEY `AssemblyOrderId` (`AssemblyOrderId`),
  KEY `UserAccountId` (`UserAccountId`),
  KEY `SamplerIdentificationId` (`SamplerIdentificationId`),
  KEY `ValidationUserAccountId` (`ValidationUserAccountId`),
  KEY `SampleNumber` (`SampleNumber`),
  KEY `IsArchived` (`IsArchived`),
  KEY `IsDeleted` (`IsDeleted`),
  KEY `BenchId` (`BenchId`),
  KEY `IX_ArchivedDeletedStatusSent` (`IsArchived`,`IsDeleted`,`TestStatusId`,`IsLISSent`),
  KEY `QualityControlValidityStatusId` (`QualityControlValidityStatusId`),
  CONSTRAINT `FK_Sample_BenchId` FOREIGN KEY (`BenchId`) REFERENCES `bench` (`Id`) ON DELETE NO ACTION ON UPDATE NO ACTION,
  CONSTRAINT `FK_Sample_LastExaminerId` FOREIGN KEY (`LastExaminerId`) REFERENCES `analyser` (`Id`) ON DELETE SET NULL ON UPDATE NO ACTION,
  CONSTRAINT `FK_Sample_LastSortExaminerId` FOREIGN KEY (`LastSortExaminerId`) REFERENCES `analyser` (`Id`) ON DELETE SET NULL ON UPDATE NO ACTION,
  CONSTRAINT `FK_Sample_AssemblyOrderId` FOREIGN KEY (`AssemblyOrderId`) REFERENCES `assemblyorder` (`Id`) ON DELETE CASCADE ON UPDATE NO ACTION,
  CONSTRAINT `FK_Sample_QualityControlValidityStatusId` FOREIGN KEY (`QualityControlValidityStatusId`) REFERENCES `qualitycontrolvaliditystatus` (`Id`) ON DELETE NO ACTION ON UPDATE NO ACTION,
  CONSTRAINT `FK_Sample_SampleTypeId` FOREIGN KEY (`SampleTypeId`) REFERENCES `sampletype` (`Id`) ON DELETE NO ACTION ON UPDATE NO ACTION,
  CONSTRAINT `FK_Sample_SamplerIdentificationId` FOREIGN KEY (`SamplerIdentificationId`) REFERENCES `sampleridentification` (`Id`) ON DELETE SET NULL ON UPDATE NO ACTION,
  CONSTRAINT `FK_Sample_TestStatusId` FOREIGN KEY (`TestStatusId`) REFERENCES `teststatus` (`Id`) ON DELETE NO ACTION ON UPDATE NO ACTION,
  CONSTRAINT `FK_Sample_UserAccountId` FOREIGN KEY (`UserAccountId`) REFERENCES `useraccount` (`Id`) ON DELETE SET NULL ON UPDATE NO ACTION,
  CONSTRAINT `FK_Sample_ValidationUserAccountId` FOREIGN KEY (`ValidationUserAccountId`) REFERENCES `useraccount` (`Id`) ON DELETE SET NULL ON UPDATE NO ACTION
) ENGINE=InnoDB AUTO_INCREMENT=182 DEFAULT CHARSET=utf8mb4 COLLATE=utf8mb4_unicode_ci ROW_FORMAT=DYNAMIC COMMENT='{3D8B2AE2-4E7A-4FC3-B00A-273F0902FA9E}';

--
-- Dumping data for table `sample`
--

INSERT INTO `sample` VALUES (1,1,'346170020102',2,6,'\0','\0',2,NULL,NULL,NULL,NULL,'2023-11-13 14:43:14',NULL,NULL,NULL,1,'\0','\0','\0','\0','\0','\0','','','2023-11-23 14:14:50','\0',1,'\0','\0',NULL,NULL,NULL,''),(2,2,'346170010102',2,1,'\0','\0',2,NULL,NULL,NULL,NULL,NULL,NULL,NULL,NULL,1,'\0','\0','\0','\0','','\0','','','2023-11-23 14:52:52','\0',1,'\0','\0',NULL,NULL,NULL,'\0'),(3,1,'346170030102',2,1,'\0','\0',2,NULL,NULL,NULL,NULL,NULL,NULL,NULL,NULL,1,'\0','\0','\0','\0','','\0','','','2023-11-23 15:03:52','\0',1,'\0','\0',NULL,NULL,NULL,'\0'),(4,3,'446170020102',2,1,'\0','\0',3,NULL,NULL,NULL,NULL,NULL,NULL,NULL,NULL,1,'\0','\0','\0','\0','','\0','','','2023-11-23 15:30:53','\0',1,'\0','\0',NULL,NULL,NULL,'\0'),(5,4,'446170010102',2,4,'\0','\0',2,NULL,NULL,NULL,NULL,'2023-11-14 14:35:26',NULL,NULL,NULL,1,'\0','\0','','\0','\0','\0','','','2023-11-23 17:41:58','\0',1,'\0','\0',NULL,NULL,NULL,'\0'),(6,5,'422270030102',2,1,'\0','\0',2,NULL,NULL,NULL,NULL,NULL,NULL,NULL,NULL,1,'\0','\0','\0','\0','','\0','','','2023-11-23 17:47:58','\0',1,'\0','\0',NULL,NULL,NULL,'\0'),(7,5,'422270020102',2,1,'\0','\0',2,NULL,NULL,NULL,NULL,NULL,NULL,NULL,NULL,1,'\0','\0','\0','\0','','\0','','','2023-11-23 17:47:58','\0',1,'\0','\0',NULL,NULL,NULL,'\0'),(8,5,'422270010102',2,1,'\0','\0',2,NULL,NULL,NULL,NULL,NULL,NULL,NULL,NULL,1,'\0','\0','\0','\0','','\0','','','2023-11-23 17:47:58','\0',1,'\0','\0',NULL,NULL,NULL,'\0'),(9,5,'421570180102',2,6,'\0','\0',2,NULL,NULL,NULL,NULL,'2023-11-16 10:14:11',NULL,NULL,NULL,1,'\0','\0','\0','\0','\0','\0','','','2023-11-23 17:47:58','\0',1,'\0','\0',NULL,NULL,NULL,''),(10,5,'421570170102',2,1,'\0','\0',2,NULL,NULL,NULL,NULL,NULL,NULL,NULL,NULL,1,'\0','\0','\0','\0','','\0','','','2023-11-23 17:47:58','\0',1,'\0','\0',NULL,NULL,NULL,'\0'),(11,5,'421570160102',2,1,'\0','\0',2,NULL,NULL,NULL,NULL,NULL,NULL,NULL,NULL,1,'\0','\0','\0','\0','','\0','','','2023-11-23 17:47:58','\0',1,'\0','\0',NULL,NULL,NULL,'\0'),(12,5,'421570150102',2,6,'\0','\0',2,NULL,NULL,NULL,NULL,'2023-11-15 10:29:51',NULL,NULL,NULL,1,'\0','\0','\0','\0','\0','\0','','','2023-11-23 17:47:58','\0',1,'\0','\0',NULL,NULL,NULL,''),(13,6,'433470040102',2,1,'\0','\0',2,NULL,NULL,NULL,NULL,NULL,NULL,NULL,NULL,1,'\0','\0','\0','\0','','\0','','','2023-11-24 08:09:36','\0',1,'\0','\0',NULL,NULL,NULL,'\0'),(14,4,'446270010102',2,1,'\0','\0',2,NULL,NULL,NULL,NULL,NULL,NULL,NULL,NULL,1,'\0','\0','\0','\0','','\0','','','2023-11-24 09:04:38','\0',1,'\0','\0',NULL,NULL,NULL,'\0'),(15,4,'446270040102',2,1,'\0','\0',2,NULL,NULL,NULL,NULL,NULL,NULL,NULL,NULL,1,'\0','\0','\0','\0','','\0','','','2023-11-24 11:28:45','\0',1,'\0','\0',NULL,NULL,NULL,'\0'),(16,4,'446270040101',2,1,'\0','\0',2,NULL,NULL,NULL,NULL,NULL,NULL,NULL,NULL,1,'\0','\0','\0','\0','','\0','','','2023-11-24 11:28:45','\0',1,'\0','\0',NULL,NULL,NULL,'\0'),(17,7,'202314110001',2,1,'\0','\0',1,NULL,NULL,NULL,NULL,NULL,NULL,NULL,NULL,1,'\0','\0','\0','\0','','\0','','','2023-11-24 11:52:46','\0',1,'\0','\0',NULL,NULL,NULL,'\0'),(18,8,'446270050102',2,1,'\0','\0',3,NULL,NULL,NULL,NULL,NULL,NULL,NULL,NULL,1,'\0','\0','\0','\0','','\0','','','2024-01-11 17:14:07','',1,'\0','\0',NULL,NULL,NULL,'\0'),(19,8,'446270050101',2,1,'\0','\0',3,NULL,NULL,NULL,NULL,NULL,NULL,NULL,NULL,1,'\0','\0','\0','\0','','\0','','','2024-01-11 17:14:07','',1,'\0','\0',NULL,NULL,NULL,'\0'),(20,9,'446270060102',2,2,'\0','\0',2,NULL,NULL,NULL,NULL,'2023-11-14 16:05:51',NULL,NULL,NULL,1,'\0','\0','\0','\0','','\0','','','2023-11-24 14:00:51','\0',1,'\0','\0',NULL,NULL,NULL,''),(21,5,'446270070102',2,6,'\0','\0',2,NULL,NULL,NULL,NULL,'2023-11-14 15:03:21',NULL,NULL,NULL,1,'\0','\0','\0','\0','\0','\0','','','2023-11-24 14:53:54','\0',1,'\0','\0',NULL,NULL,NULL,''),(22,10,'446270080102',2,6,'\0','\0',2,NULL,NULL,NULL,NULL,'2023-11-14 16:01:52',NULL,NULL,NULL,1,'\0','\0','\0','\0','\0','\0','','','2023-11-24 15:38:55','\0',1,'\0','\0',NULL,NULL,NULL,''),(23,4,'446370010102',2,6,'\0','\0',2,NULL,NULL,NULL,NULL,'2023-11-15 10:53:09',NULL,NULL,NULL,1,'\0','\0','\0','\0','\0','\0','','','2023-11-25 10:39:51','\0',1,'\0','\0',NULL,NULL,NULL,''),(24,11,'446470010102',2,1,'\0','\0',2,NULL,NULL,NULL,NULL,NULL,NULL,NULL,NULL,1,'\0','\0','\0','\0','','\0','','','2023-11-26 15:35:56','\0',1,'\0','\0',NULL,NULL,NULL,'\0'),(25,10,'446470020102',2,1,'\0','\0',2,NULL,NULL,NULL,NULL,NULL,NULL,NULL,NULL,1,'\0','\0','\0','\0','','\0','','','2023-11-26 15:37:56','\0',1,'\0','\0',NULL,NULL,NULL,'\0'),(26,10,'446470030102',2,1,'\0','\0',2,NULL,NULL,NULL,NULL,NULL,NULL,NULL,NULL,1,'\0','\0','\0','\0','','\0','','','2023-11-26 15:40:57','\0',1,'\0','\0',NULL,NULL,NULL,'\0'),(27,12,'447270010102',2,6,'\0','\0',2,NULL,NULL,NULL,NULL,'2023-11-29 16:50:29',NULL,NULL,NULL,1,'\0','\0','\0','\0','\0','','','','2023-11-30 16:52:11','\0',1,'\0','\0',NULL,NULL,NULL,'\0'),(28,8,'447570010102',2,6,'\0','\0',2,NULL,NULL,NULL,NULL,'2023-11-24 12:41:54',NULL,NULL,NULL,1,'\0','\0','\0','\0','\0','','','','2023-11-30 16:49:10','\0',1,'\0','\0',NULL,NULL,NULL,'\0'),(29,13,'448370010102',2,6,'\0','\0',2,'M','1',1,NULL,'2023-12-05 14:38:00',NULL,NULL,NULL,1,'\0','\0','\0','\0','\0','','','','2023-12-06 14:50:04','\0',1,'\0','\0',NULL,NULL,NULL,'\0'),(30,13,'448370010102',2,2,'\0','\0',2,NULL,NULL,2,NULL,'2023-11-30 15:24:35',NULL,NULL,NULL,1,'\0','\0','\0','\0','','\0','','','2023-12-09 16:25:10','\0',3,'\0','\0',NULL,NULL,NULL,'\0'),(31,13,'448370010102',2,2,'\0','\0',2,'0008','4',3,NULL,'2023-11-30 10:55:04',NULL,NULL,NULL,1,'\0','\0','\0','\0','','\0','','','2023-12-09 16:25:10','\0',4,'\0','\0',NULL,NULL,NULL,'\0'),(32,13,'448370010102',2,2,'\0','\0',2,NULL,NULL,NULL,NULL,'2023-12-01 08:57:27',NULL,NULL,NULL,1,'\0','\0','','\0','','\0','','','2023-12-09 16:30:10','\0',5,'\0','\0',NULL,NULL,NULL,'\0'),(33,13,'448370020102',2,1,'\0','\0',2,NULL,NULL,NULL,NULL,NULL,NULL,NULL,NULL,1,'\0','\0','\0','\0','','\0','','','2023-12-09 16:34:11','\0',1,'\0','\0',NULL,NULL,NULL,'\0'),(34,13,'448370020102',2,1,'\0','\0',2,NULL,NULL,NULL,NULL,NULL,NULL,NULL,NULL,1,'\0','\0','\0','\0','','\0','','','2023-12-09 16:34:11','\0',3,'\0','\0',NULL,NULL,NULL,'\0'),(35,13,'448370020102',2,1,'\0','\0',2,NULL,NULL,NULL,NULL,NULL,NULL,NULL,NULL,1,'\0','\0','\0','\0','','\0','','','2023-12-09 16:34:11','\0',4,'\0','\0',NULL,NULL,NULL,'\0'),(36,13,'448370020102',2,1,'\0','\0',2,NULL,NULL,NULL,NULL,NULL,NULL,NULL,NULL,1,'\0','\0','\0','\0','','\0','','','2023-12-09 16:34:11','\0',5,'\0','\0',NULL,NULL,NULL,'\0'),(37,14,'449270010102',2,1,'\0','\0',2,NULL,NULL,NULL,NULL,NULL,NULL,NULL,NULL,1,'\0','\0','\0','\0','','\0','','','2023-12-15 09:18:46','\0',4,'\0','\0',NULL,NULL,NULL,'\0'),(38,14,'449270010101',2,6,'\0','\0',2,NULL,NULL,NULL,NULL,'2023-12-05 14:07:34',NULL,NULL,NULL,1,'\0','\0','\0','\0','\0','','','','2023-12-06 14:09:02','\0',4,'\0','\0',NULL,NULL,NULL,'\0'),(39,14,'449270020102',2,1,'\0','\0',2,NULL,NULL,NULL,NULL,NULL,NULL,NULL,NULL,1,'\0','\0','\0','\0','','\0','','','2023-12-15 09:26:47','\0',4,'\0','\0',NULL,NULL,NULL,'\0'),(40,14,'449270020101',2,6,'\0','\0',2,NULL,NULL,NULL,NULL,'2023-12-05 14:51:11',NULL,NULL,NULL,1,'\0','\0','\0','\0','\0','','','','2023-12-06 14:54:05','\0',4,'\0','\0',NULL,NULL,NULL,'\0'),(41,15,'202312060001',2,1,'\0','\0',1,NULL,NULL,NULL,NULL,NULL,NULL,NULL,NULL,1,'\0','\0','\0','\0','','\0','','','2024-01-11 17:14:07','',4,'\0','\0',NULL,NULL,NULL,'\0'),(42,16,'449470010101',2,1,'\0','\0',2,NULL,NULL,NULL,NULL,NULL,NULL,NULL,NULL,1,'\0','\0','\0','\0','','\0','','','2023-12-17 08:08:40','\0',4,'\0','\0',NULL,NULL,NULL,'\0'),(43,16,'449470020101',2,1,'\0','\0',2,NULL,NULL,NULL,NULL,NULL,NULL,NULL,NULL,1,'\0','\0','\0','\0','','\0','','','2023-12-17 08:12:41','\0',4,'\0','\0',NULL,NULL,NULL,'\0'),(44,16,'449470030101',2,1,'\0','\0',2,NULL,NULL,NULL,NULL,NULL,NULL,NULL,NULL,1,'\0','\0','\0','\0','','\0','','','2023-12-17 08:14:41','\0',4,'\0','\0',NULL,NULL,NULL,'\0'),(45,17,'449470050103',2,1,'\0','\0',2,NULL,NULL,NULL,NULL,NULL,NULL,NULL,NULL,1,'\0','\0','\0','\0','','\0','','','2023-12-17 09:17:45','\0',3,'\0','\0',NULL,NULL,NULL,'\0'),(46,16,'449470100103',1,1,'\0','\0',2,NULL,NULL,NULL,NULL,NULL,NULL,NULL,NULL,1,'\0','\0','\0','\0','','\0','','','2023-12-17 14:01:00','\0',3,'\0','\0',NULL,NULL,NULL,'\0'),(47,16,'449470110103',1,1,'\0','\0',2,NULL,NULL,NULL,NULL,NULL,NULL,NULL,NULL,1,'\0','\0','\0','\0','','\0','','','2023-12-17 14:01:00','\0',3,'\0','\0',NULL,NULL,NULL,'\0'),(48,16,'449470120103',1,1,'\0','\0',2,NULL,NULL,NULL,NULL,NULL,NULL,NULL,NULL,1,'\0','\0','\0','\0','','\0','','','2023-12-17 14:02:01','\0',3,'\0','\0',NULL,NULL,NULL,'\0'),(49,18,'449570010103',1,1,'\0','\0',2,NULL,NULL,NULL,NULL,NULL,NULL,NULL,NULL,1,'\0','\0','\0','\0','','\0','','','2023-12-18 07:46:40','\0',3,'\0','\0',NULL,NULL,NULL,'\0'),(50,19,'449570020103',1,2,'\0','\0',2,NULL,NULL,2,NULL,'2023-12-13 13:13:37',NULL,NULL,NULL,1,'\0','\0','','\0','','\0','','','2023-12-18 07:50:41','\0',3,'\0','\0',NULL,NULL,NULL,'\0'),(51,20,'449570030103',1,1,'\0','\0',2,NULL,NULL,NULL,NULL,NULL,NULL,NULL,NULL,1,'\0','\0','\0','\0','','\0','','','2023-12-18 07:54:41','\0',3,'\0','\0',NULL,NULL,NULL,'\0'),(52,21,'449570040103',1,2,'\0','\0',2,NULL,NULL,2,NULL,'2023-12-13 13:13:37',NULL,NULL,NULL,1,'\0','\0','','\0','','\0','','','2023-12-18 07:57:42','\0',3,'\0','\0',NULL,NULL,NULL,'\0'),(53,22,'449570050103',1,2,'\0','\0',2,NULL,NULL,2,NULL,'2023-12-13 13:13:38',NULL,NULL,NULL,1,'\0','\0','','\0','','\0','','','2023-12-18 07:59:42','\0',3,'\0','\0',NULL,NULL,NULL,'\0'),(54,23,'449570060102',2,1,'\0','\0',2,'0001','1',3,NULL,NULL,NULL,NULL,NULL,1,'\0','\0','\0','\0','','\0','','','2024-01-11 17:14:07','',4,'\0','\0',NULL,NULL,NULL,'\0'),(55,23,'449570060101',2,6,'\0','\0',2,NULL,NULL,NULL,NULL,'2023-12-11 10:49:19',NULL,NULL,NULL,1,'\0','\0','\0','\0','\0','','','','2023-12-12 10:50:50','\0',4,'\0','\0',NULL,NULL,NULL,'\0'),(56,24,'449570070102',2,6,'\0','\0',2,'0001','2',3,NULL,'2023-12-08 12:23:07',NULL,NULL,NULL,1,'\0','\0','\0','\0','\0','','','','2023-12-09 12:31:56','\0',4,'\0','\0',NULL,NULL,NULL,'\0'),(57,25,'450170010102',2,1,'\0','\0',2,NULL,NULL,NULL,NULL,NULL,NULL,NULL,NULL,1,'\0','\0','\0','\0','','\0','','','2023-12-21 15:19:06','\0',1,'\0','\0',NULL,NULL,NULL,'\0'),(58,18,'999970010103',1,2,'\0','\0',2,NULL,NULL,2,NULL,'2023-12-13 13:13:37',NULL,NULL,NULL,1,'\0','\0','','\0','','\0','','','2023-12-21 16:45:11','\0',3,'\0','\0',NULL,NULL,NULL,'\0'),(59,26,'450570010102',2,6,'\0','\0',2,'0001','1',3,NULL,'2023-12-15 09:58:24',NULL,NULL,NULL,1,'\0','\0','\0','\0','\0','','','','2024-01-11 17:14:07','',4,'\0','\0',NULL,NULL,NULL,'\0'),(60,26,'450570010102',2,6,'\0','\0',2,'0001','1',3,NULL,'2023-12-15 15:55:10',NULL,NULL,NULL,1,'\0','\0','\0','\0','\0','','','','2023-12-16 15:56:17','\0',4,'\0','\0',NULL,NULL,NULL,'\0'),(61,27,'451270010103',2,1,'\0','\0',2,NULL,NULL,4,NULL,NULL,NULL,NULL,NULL,1,'\0','\0','\0','\0','','\0','','','2023-12-29 10:17:49','\0',5,'\0','\0',NULL,NULL,NULL,'\0'),(62,28,'451270020103',2,2,'\0','\0',2,NULL,NULL,4,NULL,NULL,NULL,NULL,NULL,1,'\0','\0','\0','\0','','\0','','','2023-12-29 10:19:50','\0',5,'\0','\0',NULL,NULL,NULL,'\0'),(63,29,'451270030103',2,2,'\0','\0',2,NULL,NULL,4,NULL,NULL,NULL,NULL,NULL,1,'\0','\0','\0','\0','','\0','','','2023-12-29 10:20:50','\0',5,'\0','\0',NULL,NULL,NULL,'\0'),(64,30,'9919127001',2,2,'\0','\0',1,NULL,NULL,4,NULL,NULL,NULL,NULL,NULL,1,'\0','\0','\0','\0','','\0','','','2023-12-29 13:01:59','\0',5,'\0','\0',NULL,NULL,NULL,'\0'),(65,31,'451370010102',2,1,'\0','\0',2,NULL,NULL,1,NULL,NULL,NULL,NULL,NULL,1,'\0','\0','\0','\0','','\0','','','2024-01-11 17:14:07','',1,'\0','\0',NULL,NULL,NULL,'\0'),(66,31,'451370010102',1,6,'\0','\0',2,'B','1',1,NULL,'2023-12-20 13:22:52',NULL,NULL,NULL,1,'\0','\0','\0','\0','\0','','','','2023-12-21 13:26:59','\0',1,'\0','\0',NULL,NULL,NULL,'\0'),(67,32,'451370020102',1,1,'\0','\0',2,NULL,NULL,NULL,NULL,NULL,NULL,NULL,NULL,1,'\0','\0','\0','\0','','\0','','','2023-12-30 11:14:00','\0',1,'\0','\0',NULL,NULL,NULL,'\0'),(68,27,'451370030103',2,6,'\0','\0',2,NULL,NULL,4,NULL,'2023-12-21 11:03:54',NULL,NULL,NULL,1,'\0','\0','\0','\0','\0','','','','2023-12-22 11:05:51','\0',5,'\0','\0',NULL,NULL,NULL,'\0'),(69,33,'451370040103',2,6,'\0','\0',2,NULL,NULL,4,NULL,'2023-12-20 15:03:35',NULL,NULL,NULL,1,'\0','\0','\0','\0','\0','','','','2023-12-22 10:06:47','\0',5,'\0','\0',NULL,NULL,NULL,'\0'),(70,34,'451370050103',2,6,'\0','\0',2,NULL,NULL,4,NULL,'2023-12-21 11:03:52',NULL,NULL,NULL,1,'\0','\0','\0','\0','\0','','','','2023-12-22 11:05:51','\0',5,'\0','\0',NULL,NULL,NULL,'\0'),(71,29,'451370060103',2,6,'\0','\0',2,NULL,NULL,4,NULL,'2023-12-21 11:03:55',NULL,NULL,NULL,1,'\0','\0','\0','\0','\0','','','','2023-12-22 11:05:51','\0',5,'\0','\0',NULL,NULL,NULL,'\0'),(72,33,'451370070103',2,1,'\0','\0',2,NULL,NULL,NULL,NULL,NULL,NULL,NULL,NULL,1,'\0','\0','\0','\0','','\0','','','2023-12-30 12:57:06','\0',5,'\0','\0',NULL,NULL,NULL,'\0'),(73,35,'451570010102',2,6,'\0','\0',2,'0001','1',3,NULL,'2023-12-22 14:27:07',NULL,NULL,NULL,1,'\0','\0','\0','\0','\0','','','','2023-12-23 14:38:05','\0',4,'\0','\0',NULL,NULL,NULL,'\0'),(74,36,'451570020102',2,6,'\0','\0',2,'0001','2',3,NULL,'2023-12-22 14:31:46',NULL,NULL,NULL,1,'\0','\0','\0','\0','\0','','','','2023-12-23 14:38:05','\0',4,'\0','\0',NULL,NULL,NULL,'\0'),(75,37,'999922127001',2,1,'\0','\0',1,NULL,NULL,NULL,NULL,NULL,NULL,NULL,NULL,1,'\0','\0','\0','\0','','\0','','','2024-01-01 13:49:59','\0',4,'\0','\0',NULL,NULL,NULL,'\0'),(76,38,'99997001',1,1,'\0','\0',1,NULL,NULL,NULL,NULL,NULL,NULL,NULL,NULL,1,'\0','\0','\0','\0','','\0','','','2024-01-22 08:35:01','\0',1,'\0','\0',NULL,NULL,NULL,'\0'),(77,38,'99997002',2,1,'\0','\0',1,NULL,NULL,NULL,NULL,NULL,NULL,NULL,NULL,1,'\0','\0','\0','\0','','\0','','','2024-01-22 08:35:01','\0',4,'\0','\0',NULL,NULL,NULL,'\0'),(78,39,'802570010102',1,1,'\0','\0',2,NULL,NULL,NULL,NULL,NULL,NULL,NULL,NULL,1,'\0','\0','\0','\0','','\0','','','2024-01-22 09:45:06','\0',1,'\0','\0',NULL,NULL,NULL,'\0'),(79,40,'803570010103',2,6,'\0','\0',2,NULL,NULL,4,NULL,'2024-01-23 14:42:49',NULL,NULL,NULL,1,'\0','\0','\0','\0','\0','','','','2024-01-25 11:10:29','\0',5,'\0','\0',NULL,NULL,NULL,'\0'),(80,41,'803570020103',2,6,'\0','\0',2,NULL,NULL,4,NULL,'2024-01-23 15:55:12',NULL,NULL,NULL,1,'\0','\0','\0','\0','\0','','','','2024-01-26 12:55:30','\0',5,'\0','\0',NULL,NULL,NULL,'\0'),(81,42,'803570030103',2,6,'\0','\0',2,NULL,NULL,4,NULL,'2024-01-23 14:42:50',NULL,NULL,NULL,1,'\0','\0','\0','\0','\0','','','','2024-01-24 15:20:33','\0',5,'\0','\0',NULL,NULL,NULL,'\0'),(82,43,'803570040103',2,6,'\0','\0',2,NULL,NULL,4,NULL,'2024-01-23 14:42:50',NULL,NULL,NULL,1,'\0','\0','\0','\0','\0','','','','2024-01-24 19:10:37','\0',5,'\0','\0',NULL,NULL,NULL,'\0'),(83,44,'803570050103',2,6,'\0','\0',2,NULL,NULL,4,NULL,'2024-01-23 15:55:10',NULL,NULL,NULL,1,'\0','\0','\0','\0','\0','','','','2024-01-26 12:55:30','\0',5,'\0','\0',NULL,NULL,NULL,'\0'),(84,45,'803570060103',2,6,'\0','\0',2,NULL,NULL,4,NULL,'2024-01-23 14:42:48',NULL,NULL,NULL,1,'\0','\0','\0','\0','\0','','','','2024-01-24 15:30:33','\0',5,'\0','\0',NULL,NULL,NULL,'\0'),(85,46,'803570070103',2,6,'\0','\0',2,NULL,NULL,4,NULL,'2024-01-23 14:42:48',NULL,NULL,NULL,1,'\0','\0','\0','\0','\0','','','','2024-01-24 15:30:33','\0',5,'\0','\0',NULL,NULL,NULL,'\0'),(86,47,'803570080103',1,6,'\0','\0',2,NULL,NULL,2,NULL,'2024-01-26 13:02:44',NULL,NULL,NULL,1,'\0','\0','\0','\0','\0','','','','2024-01-27 13:50:32','\0',3,'\0','\0',NULL,NULL,NULL,'\0'),(87,48,'803570090103',1,6,'\0','\0',2,NULL,NULL,2,NULL,'2024-01-26 13:02:44',NULL,NULL,NULL,1,'\0','\0','\0','\0','\0','','','','2024-01-27 13:50:32','\0',3,'\0','\0',NULL,NULL,NULL,'\0'),(88,49,'803570100103',1,6,'\0','\0',2,NULL,NULL,2,NULL,'2024-01-26 13:38:02',NULL,NULL,NULL,1,'\0','\0','\0','\0','\0','','','','2024-01-27 13:50:32','\0',3,'\0','\0',NULL,NULL,NULL,'\0'),(89,50,'803570110103',1,6,'\0','\0',2,NULL,NULL,2,NULL,'2024-01-26 13:38:02',NULL,NULL,NULL,1,'\0','\0','\0','\0','\0','','','','2024-01-27 13:50:32','\0',3,'\0','\0',NULL,NULL,NULL,'\0'),(90,51,'803570120103',1,6,'\0','\0',2,NULL,NULL,2,NULL,'2024-01-26 13:43:44',NULL,NULL,NULL,1,'\0','\0','\0','\0','\0','','','','2024-01-27 13:50:32','\0',3,'\0','\0',NULL,NULL,NULL,'\0'),(91,52,'803570130103',1,6,'\0','\0',2,NULL,NULL,2,NULL,'2024-01-26 13:43:44',NULL,NULL,NULL,1,'\0','\0','\0','\0','\0','','','','2024-01-27 13:50:32','\0',3,'\0','\0',NULL,NULL,NULL,'\0'),(92,53,'803570210102',1,6,'\0','\0',2,'A','4',1,NULL,'2024-01-23 11:46:02',NULL,NULL,NULL,1,'\0','\0','\0','\0','\0','','','','2024-01-24 12:20:31','\0',1,'\0','\0',NULL,NULL,NULL,'\0'),(93,54,'803570220102',1,6,'\0','\0',2,'A','5',1,NULL,'2024-01-23 11:46:37',NULL,NULL,NULL,1,'\0','\0','\0','\0','\0','','','','2024-01-24 12:20:31','\0',1,'\0','\0',NULL,NULL,NULL,'\0'),(94,55,'803570230102',1,6,'\0','\0',2,'B','1',1,NULL,'2024-01-23 11:47:08',NULL,NULL,NULL,1,'\0','\0','\0','\0','\0','','','','2024-01-24 12:10:30','\0',1,'\0','\0',NULL,NULL,NULL,'\0'),(95,56,'803570240102',1,6,'\0','\0',2,'B','2',1,NULL,'2024-01-23 11:59:01',NULL,NULL,NULL,1,'\0','\0','\0','\0','\0','','','','2024-01-24 12:05:30','\0',1,'\0','\0',NULL,NULL,NULL,'\0'),(96,56,'803570240101',1,1,'\0','\0',2,NULL,NULL,NULL,NULL,NULL,NULL,NULL,NULL,1,'\0','\0','\0','\0','','\0','','','2024-02-16 14:40:32','\0',1,'\0','\0',NULL,NULL,NULL,'\0'),(97,57,'803570250102',1,6,'\0','\0',2,'B','3',1,NULL,'2024-01-23 11:41:08',NULL,NULL,NULL,1,'\0','\0','\0','\0','\0','','','','2024-01-24 12:20:31','\0',1,'\0','\0',NULL,NULL,NULL,'\0'),(98,58,'803570260102',1,6,'\0','\0',2,'B','4',1,NULL,'2024-01-23 11:41:13',NULL,NULL,NULL,1,'\0','\0','\0','\0','\0','','','','2024-01-24 12:20:31','\0',1,'\0','\0',NULL,NULL,NULL,'\0'),(99,59,'803570270101',1,6,'\0','\0',2,'B','5',1,NULL,'2024-01-23 11:41:15',NULL,NULL,NULL,1,'\0','\0','\0','\0','\0','','','','2024-01-24 12:20:31','\0',1,'\0','\0',NULL,NULL,NULL,'\0'),(100,60,'803570280102',2,6,'\0','\0',2,'0002','1',3,NULL,'2024-01-24 12:55:51',NULL,NULL,NULL,1,'\0','\0','\0','\0','\0','','','','2024-01-26 12:55:30','\0',4,'\0','\0',NULL,NULL,NULL,'\0'),(101,61,'803570290102',2,6,'\0','\0',2,'0002','2',3,NULL,'2024-01-24 12:55:52',NULL,NULL,NULL,1,'\0','\0','\0','\0','\0','','','','2024-01-26 12:55:30','\0',4,'\0','\0',NULL,NULL,NULL,'\0'),(102,62,'803570300102',2,6,'\0','\0',2,'0002','3',3,NULL,'2024-01-24 12:47:11',NULL,NULL,NULL,1,'\0','\0','\0','\0','\0','','','','2024-01-26 12:55:30','\0',4,'\0','\0',NULL,NULL,NULL,'\0'),(103,63,'803570310102',2,1,'\0','\0',2,NULL,NULL,NULL,NULL,NULL,NULL,NULL,NULL,1,'\0','\0','\0','\0','','\0','','','2024-01-29 15:23:52','\0',4,'\0','\0',NULL,NULL,NULL,'\0'),(104,64,'803570320102',2,6,'\0','\0',2,'0002','5',3,NULL,'2024-01-24 12:47:14',NULL,NULL,NULL,1,'\0','\0','\0','\0','\0','','','','2024-01-26 12:55:30','\0',4,'\0','\0',NULL,NULL,NULL,'\0'),(105,65,'803570340102',2,6,'\0','\0',2,'0002','7',3,NULL,'2024-01-24 12:47:17',NULL,NULL,NULL,1,'\0','\0','\0','\0','\0','','','','2024-01-26 12:55:30','\0',4,'\0','\0',NULL,NULL,NULL,'\0'),(106,66,'803570350102',1,1,'\0','\0',2,NULL,NULL,NULL,NULL,NULL,NULL,NULL,NULL,1,'\0','\0','\0','\0','','\0','','','2024-02-16 15:30:33','\0',1,'\0','\0',NULL,NULL,NULL,'\0'),(107,67,'803570360102',2,6,'\0','\0',2,'0002','9',3,NULL,'2024-01-24 12:47:23',NULL,NULL,NULL,1,'\0','\0','\0','\0','\0','','','','2024-01-26 12:55:30','\0',4,'\0','\0',NULL,NULL,NULL,'\0'),(108,68,'803570370102',2,6,'\0','\0',2,'0002','10',3,NULL,'2024-01-24 12:47:25',NULL,NULL,NULL,1,'\0','\0','\0','\0','\0','','','','2024-01-26 12:55:30','\0',4,'\0','\0',NULL,NULL,NULL,'\0'),(109,69,'803570380102',2,6,'\0','\0',2,'0003','1',3,NULL,'2024-01-24 12:47:28',NULL,NULL,NULL,1,'\0','\0','\0','\0','\0','','','','2024-01-26 12:55:30','\0',4,'\0','\0',NULL,NULL,NULL,'\0'),(110,70,'803570390102',2,6,'\0','\0',2,'0003','2',3,NULL,'2024-01-24 12:47:31',NULL,NULL,NULL,1,'\0','\0','\0','\0','\0','','','','2024-01-26 12:55:30','\0',4,'\0','\0',NULL,NULL,NULL,'\0'),(111,71,'803570400102',2,6,'\0','\0',2,'0003','3',3,NULL,'2024-01-24 12:46:49',NULL,NULL,NULL,1,'\0','\0','\0','\0','\0','','','','2024-01-26 12:55:30','\0',4,'\0','\0',NULL,NULL,NULL,'\0'),(112,72,'803570410102',2,6,'\0','\0',2,'0003','4',3,NULL,'2024-01-24 12:46:51',NULL,NULL,NULL,1,'\0','\0','\0','\0','\0','','','','2024-01-26 12:55:30','\0',4,'\0','\0',NULL,NULL,NULL,'\0'),(113,73,'803570420102',2,6,'\0','\0',2,'0003','5',3,NULL,'2024-01-24 12:46:53',NULL,NULL,NULL,1,'\0','\0','\0','\0','\0','','','','2024-01-26 12:55:30','\0',4,'\0','\0',NULL,NULL,NULL,'\0'),(114,74,'803570430102',2,6,'\0','\0',2,'0003','6',3,NULL,'2024-01-24 12:46:54',NULL,NULL,NULL,1,'\0','\0','\0','\0','\0','','','','2024-01-26 12:55:30','\0',4,'\0','\0',NULL,NULL,NULL,'\0'),(115,75,'803570460102',2,6,'\0','\0',2,'0004','3',3,NULL,'2024-01-24 12:49:12',NULL,NULL,NULL,1,'\0','\0','\0','\0','\0','','','','2024-01-26 12:55:30','\0',4,'\0','\0',NULL,NULL,NULL,'\0'),(116,76,'803570470102',2,6,'\0','\0',2,'0004','4',3,NULL,'2024-01-24 12:49:14',NULL,NULL,NULL,1,'\0','\0','\0','\0','\0','','','','2024-01-26 12:55:30','\0',4,'\0','\0',NULL,NULL,NULL,'\0'),(117,77,'803570480102',2,6,'\0','\0',2,'0004','5',3,NULL,'2024-01-24 12:49:15',NULL,NULL,NULL,1,'\0','\0','\0','\0','\0','','','','2024-01-26 12:55:30','\0',4,'\0','\0',NULL,NULL,NULL,'\0'),(118,78,'803570490102',2,6,'\0','\0',2,'0004','6',3,NULL,'2024-01-24 12:48:48',NULL,NULL,NULL,1,'\0','\0','\0','\0','\0','','','','2024-01-26 12:55:30','\0',4,'\0','\0',NULL,NULL,NULL,'\0'),(119,79,'803570500102',2,6,'\0','\0',2,'0004','7',3,NULL,'2024-01-24 12:48:50',NULL,NULL,NULL,1,'\0','\0','\0','\0','\0','','','','2024-01-26 12:55:30','\0',4,'\0','\0',NULL,NULL,NULL,'\0'),(120,80,'803570510102',2,6,'\0','\0',2,'0007','1',3,NULL,'2024-01-24 12:49:10',NULL,NULL,NULL,1,'\0','\0','\0','\0','\0','','','','2024-01-25 15:15:32','\0',4,'\0','\0',NULL,NULL,NULL,'\0'),(121,81,'803570520102',2,6,'\0','\0',2,'0004','9',3,NULL,'2024-01-25 10:05:28',NULL,NULL,NULL,1,'\0','\0','\0','\0','\0','','','','2024-01-26 12:55:30','\0',4,'\0','\0',NULL,NULL,NULL,'\0'),(122,82,'99992401227001',1,6,'\0','\0',1,NULL,NULL,NULL,NULL,'2024-01-22 10:29:38',NULL,NULL,NULL,1,'\0','\0','\0','\0','\0','','','','2024-01-23 10:50:29','\0',1,'\0','\0',NULL,NULL,NULL,'\0'),(123,83,'803570200102',1,6,'\0','\0',2,'A','3',1,NULL,'2024-01-23 11:46:00',NULL,NULL,NULL,1,'\0','\0','\0','\0','\0','','','','2024-01-24 12:20:31','\0',1,'\0','\0',NULL,NULL,NULL,'\0'),(124,84,'803570190102',1,2,'\0','\0',2,'A','2',1,NULL,'2024-01-23 12:10:06',NULL,NULL,NULL,1,'\0','\0','\0','\0','','\0','','','2024-02-20 09:30:27','\0',1,'\0','\0',NULL,NULL,NULL,'\0'),(125,85,'803570180102',1,2,'\0','\0',2,'A','1',1,NULL,'2024-01-23 12:14:32',NULL,NULL,NULL,1,'\0','\0','\0','\0','','\0','','','2024-02-20 09:30:27','\0',1,'\0','\0',NULL,NULL,NULL,'\0'),(126,86,'803570330102',2,6,'\0','\0',2,'0002','6',3,NULL,'2024-01-24 12:47:16',NULL,NULL,NULL,1,'\0','\0','\0','\0','\0','','','','2024-01-26 12:55:30','\0',4,'\0','\0',NULL,NULL,NULL,'\0'),(127,66,'803570350102',2,6,'\0','\0',2,'0002','8',3,NULL,'2024-01-24 12:47:21',NULL,NULL,NULL,1,'\0','\0','\0','\0','\0','','','','2024-01-26 12:55:30','\0',4,'\0','\0',NULL,NULL,NULL,'\0'),(128,66,'803570350101',2,1,'\0','\0',2,NULL,NULL,NULL,NULL,NULL,NULL,NULL,NULL,1,'\0','\0','\0','\0','','\0','','','2024-02-13 08:20:26','\0',4,'\0','\0',NULL,NULL,NULL,'\0'),(129,87,'803570441202',2,6,'\0','\0',2,'0004','1',3,NULL,'2024-01-24 12:49:17',NULL,NULL,NULL,1,'\0','\0','\0','\0','\0','','','','2024-01-25 20:05:37','\0',4,'\0','\0',NULL,NULL,NULL,'\0'),(130,88,'803570451202',2,6,'\0','\0',2,'0004','2',3,NULL,'2024-01-24 12:49:19',NULL,NULL,NULL,1,'\0','\0','\0','\0','\0','','','','2024-01-25 20:05:37','\0',4,'\0','\0',NULL,NULL,NULL,'\0'),(131,89,'999970010103',1,1,'\0','\0',1,NULL,NULL,NULL,NULL,NULL,NULL,NULL,NULL,1,'\0','\0','\0','\0','','\0','','','2024-02-13 09:45:28','\0',3,'\0','\0',NULL,NULL,NULL,'\0'),(132,90,'125455',1,6,'\0','\0',1,NULL,NULL,NULL,NULL,'2024-01-24 10:25:17',NULL,NULL,NULL,1,'\0','\0','\0','\0','\0','','','','2024-01-25 10:30:28','\0',1,'\0','\0',NULL,NULL,NULL,'\0'),(133,91,'2401247001',2,6,'\0','\0',1,NULL,NULL,NULL,NULL,'2024-01-24 14:31:00',NULL,NULL,NULL,1,'\0','\0','\0','\0','\0','','','','2024-01-25 14:35:32','\0',4,'\0','\0',NULL,NULL,NULL,'\0'),(134,91,'2401247002',2,6,'\0','\0',1,NULL,NULL,NULL,NULL,'2024-01-24 14:31:21',NULL,NULL,NULL,1,'\0','\0','\0','\0','\0','','','','2024-01-26 13:00:31','\0',5,'\0','\0',NULL,NULL,NULL,'\0'),(135,92,'20447300',1,6,'\0','\0',1,NULL,NULL,NULL,NULL,'2024-01-25 15:01:24',NULL,NULL,NULL,1,'\0','\0','\0','\0','\0','','','','2024-01-26 15:20:33','\0',1,'\0','\0',NULL,NULL,NULL,'\0'),(136,92,'2044730001',2,1,'\0','\0',1,NULL,NULL,NULL,NULL,NULL,NULL,NULL,NULL,1,'\0','\0','\0','\0','','\0','','','2024-02-14 15:00:32','\0',4,'\0','\0',NULL,NULL,NULL,'\0'),(137,92,'2044730002',2,1,'\0','\0',1,NULL,NULL,NULL,NULL,NULL,NULL,NULL,NULL,1,'\0','\0','\0','\0','','\0','','','2024-02-14 15:00:32','\0',5,'\0','\0',NULL,NULL,NULL,'\0'),(138,93,'803570210102',1,6,'\0','\0',2,NULL,NULL,NULL,NULL,'2024-01-25 15:24:36',NULL,NULL,NULL,1,'\0','\0','\0','\0','\0','','','','2024-01-26 15:30:33','\0',1,'\0','\0',NULL,NULL,NULL,'\0'),(139,94,'803570160102',1,6,'\0','\0',2,NULL,NULL,2,NULL,'2024-01-25 17:21:20',NULL,NULL,NULL,1,'\0','\0','\0','\0','\0','','','','2024-01-26 17:30:34','\0',3,'\0','\0',NULL,NULL,NULL,'\0'),(140,95,'803570150102',1,6,'\0','\0',2,NULL,NULL,2,NULL,'2024-01-25 17:21:21',NULL,NULL,NULL,1,'\0','\0','\0','\0','\0','','','','2024-01-26 17:30:34','\0',3,'\0','\0',NULL,NULL,NULL,'\0'),(141,96,'803570170102',1,6,'\0','\0',2,NULL,NULL,2,NULL,'2024-01-25 17:21:20',NULL,NULL,NULL,1,'\0','\0','\0','\0','\0','','','','2024-01-26 17:30:34','\0',3,'\0','\0',NULL,NULL,NULL,'\0'),(142,97,'803570140102',1,6,'\0','\0',2,NULL,NULL,2,NULL,'2024-01-25 17:21:21',NULL,NULL,NULL,1,'\0','\0','\0','\0','\0','','','','2024-01-26 17:30:34','\0',3,'\0','\0',NULL,NULL,NULL,'\0'),(143,98,'804570010103',1,6,'\0','\0',2,NULL,NULL,2,NULL,'2024-01-26 13:57:18',NULL,NULL,NULL,1,'\0','\0','\0','\0','\0','','','','2024-01-27 14:00:33','\0',3,'\0','\0',NULL,NULL,NULL,'\0'),(144,99,'804570020103',1,6,'\0','\0',2,NULL,NULL,2,NULL,'2024-01-26 13:57:18',NULL,NULL,NULL,1,'\0','\0','\0','\0','\0','','','','2024-01-27 14:00:33','\0',3,'\0','\0',NULL,NULL,NULL,'\0'),(145,100,'99992401297001',1,6,'\0','\0',1,NULL,NULL,NULL,NULL,'2024-02-01 13:36:32',NULL,NULL,NULL,1,'\0','\0','\0','\0','\0','','','','2024-02-16 13:40:31','\0',1,'\0','\0',NULL,NULL,NULL,'\0'),(146,101,'123456',1,4,'\0','\0',1,NULL,NULL,NULL,NULL,'2024-02-26 23:04:22',NULL,NULL,NULL,1,'\0','\0','','\0','\0','\0','','','2024-03-13 14:00:31','\0',1,'\0','\0',NULL,NULL,NULL,'\0'),(147,102,'808370010102',2,1,'\0','\0',2,NULL,NULL,NULL,NULL,NULL,NULL,NULL,NULL,1,'\0','\0','\0','\0','','\0','','','2024-03-12 10:10:27','\0',4,'\0','\0',NULL,NULL,NULL,'\0'),(148,103,'99997001',2,2,'\0','\0',1,NULL,NULL,4,NULL,NULL,NULL,NULL,NULL,1,'\0','\0','\0','\0','','\0','','','2024-03-12 16:05:34','\0',5,'\0','\0',NULL,NULL,NULL,'\0'),(149,104,'99997002',1,2,'\0','\0',1,NULL,NULL,1,NULL,'2024-02-26 23:07:53',NULL,NULL,NULL,1,'\0','\0','','\0','','\0','','','2024-03-22 09:55:27','\0',1,'\0','\0',NULL,NULL,NULL,'\0'),(150,105,'99990100',2,3,'\0','\0',1,NULL,NULL,4,NULL,'2024-04-10 14:19:31',NULL,NULL,NULL,1,'\0','\0','','','','\0','','','2024-04-15 15:20:33','\0',5,'\0','\0',NULL,NULL,NULL,'\0'),(151,106,'99991001',2,6,'\0','\0',1,NULL,NULL,NULL,NULL,'2024-04-09 08:52:23',NULL,NULL,NULL,1,'\0','\0','\0','\0','\0','','','','2024-04-24 08:55:27','\0',5,'\0','\0',NULL,NULL,NULL,'\0'),(152,107,'99991002',2,4,'\0','\0',1,NULL,NULL,4,NULL,'2024-04-18 09:04:14',NULL,NULL,NULL,1,'\0','\0','','\0','\0','\0','','','2024-04-28 07:50:29','\0',5,'\0','\0',NULL,NULL,NULL,'\0'),(153,108,'815270010103',2,6,'\0','\0',2,NULL,NULL,NULL,NULL,'2024-04-09 13:53:25',NULL,NULL,NULL,1,'\0','\0','\0','\0','\0','','','','2024-05-01 13:15:32','\0',5,'\0','\0',NULL,NULL,NULL,'\0'),(154,109,'815270020103',2,6,'\0','\0',2,NULL,NULL,NULL,NULL,'2024-04-09 13:53:48',NULL,NULL,NULL,1,'\0','\0','\0','\0','\0','','','','2024-04-24 14:05:32','\0',5,'\0','\0',NULL,NULL,NULL,'\0'),(155,110,'815270200102',2,6,'\0','\0',2,NULL,NULL,NULL,NULL,'2024-04-09 13:58:53',NULL,NULL,NULL,1,'\0','\0','\0','\0','\0','','','','2024-04-24 14:05:32','\0',4,'\0','\0',NULL,NULL,NULL,'\0'),(156,111,'815270190102',2,6,'\0','\0',2,NULL,NULL,NULL,NULL,'2024-04-09 13:58:34',NULL,NULL,NULL,1,'\0','\0','\0','\0','\0','','','','2024-04-24 14:05:32','\0',4,'\0','\0',NULL,NULL,NULL,'\0'),(157,112,'815270180102',2,6,'\0','\0',2,NULL,NULL,NULL,NULL,'2024-04-09 13:58:09',NULL,NULL,NULL,1,'\0','\0','\0','\0','\0','','','','2024-04-24 14:05:32','\0',4,'\0','\0',NULL,NULL,NULL,'\0'),(158,113,'815270170102',2,6,'\0','\0',2,NULL,NULL,NULL,NULL,'2024-04-09 13:58:01',NULL,NULL,NULL,1,'\0','\0','\0','\0','\0','','','','2024-04-24 14:05:32','\0',4,'\0','\0',NULL,NULL,NULL,'\0'),(159,114,'815270160102',2,6,'\0','\0',2,NULL,NULL,NULL,NULL,'2024-04-09 13:57:25',NULL,NULL,NULL,1,'\0','\0','\0','\0','\0','','','','2024-04-24 14:05:32','\0',4,'\0','\0',NULL,NULL,NULL,'\0'),(160,115,'815270150102',1,6,'\0','\0',2,NULL,NULL,NULL,NULL,'2024-04-09 13:56:37',NULL,NULL,NULL,1,'\0','\0','\0','\0','\0','','','','2024-04-24 14:05:32','\0',1,'\0','\0',NULL,NULL,NULL,'\0'),(161,116,'815270140102',1,6,'\0','\0',2,NULL,NULL,NULL,NULL,'2024-04-09 13:56:23',NULL,NULL,NULL,1,'\0','\0','\0','\0','\0','','','','2024-04-24 14:05:32','\0',1,'\0','\0',NULL,NULL,NULL,'\0'),(162,117,'815270130102',1,6,'\0','\0',2,NULL,NULL,NULL,NULL,'2024-04-09 14:59:05',NULL,NULL,NULL,1,'\0','\0','\0','\0','\0','','','','2024-04-24 15:05:33','\0',1,'\0','\0',NULL,NULL,NULL,'\0'),(163,118,'815270120102',1,6,'\0','\0',2,NULL,NULL,NULL,NULL,'2024-04-09 13:55:50',NULL,NULL,NULL,1,'\0','\0','\0','\0','\0','','','','2024-04-24 14:05:32','\0',1,'\0','\0',NULL,NULL,NULL,'\0'),(164,119,'815270110102',1,6,'\0','\0',2,NULL,NULL,NULL,NULL,'2024-04-09 13:55:36',NULL,NULL,NULL,1,'\0','\0','\0','\0','\0','','','','2024-04-24 14:05:32','\0',1,'\0','\0',NULL,NULL,NULL,'\0'),(165,120,'815270100103',1,6,'\0','\0',2,NULL,NULL,NULL,NULL,'2024-04-09 13:55:24',NULL,NULL,NULL,1,'\0','\0','\0','\0','\0','','','','2024-04-24 14:05:32','\0',3,'\0','\0',NULL,NULL,NULL,'\0'),(166,121,'815270090103',1,6,'\0','\0',2,NULL,NULL,NULL,NULL,'2024-04-09 13:55:17',NULL,NULL,NULL,1,'\0','\0','\0','\0','\0','','','','2024-04-24 14:05:32','\0',3,'\0','\0',NULL,NULL,NULL,'\0'),(167,122,'815270080103',1,6,'\0','\0',2,NULL,NULL,NULL,NULL,'2024-04-09 13:55:01',NULL,NULL,NULL,1,'\0','\0','\0','\0','\0','','','','2024-04-24 14:05:32','\0',3,'\0','\0',NULL,NULL,NULL,'\0'),(168,123,'815270070102',1,6,'\0','\0',2,NULL,NULL,NULL,NULL,'2024-04-09 13:54:52',NULL,NULL,NULL,1,'\0','\0','\0','\0','\0','','','','2024-04-24 14:05:32','\0',3,'\0','\0',NULL,NULL,NULL,'\0'),(169,124,'815270060103',1,6,'\0','\0',2,NULL,NULL,NULL,NULL,'2024-04-09 13:54:29',NULL,NULL,NULL,1,'\0','\0','\0','\0','\0','','','','2024-04-24 14:05:32','\0',3,'\0','\0',NULL,NULL,NULL,'\0'),(170,125,'815270050103',2,6,'\0','\0',2,NULL,NULL,NULL,NULL,'2024-04-09 13:54:19',NULL,NULL,NULL,1,'\0','\0','\0','\0','\0','','','','2024-04-24 14:05:32','\0',5,'\0','\0',NULL,NULL,NULL,'\0'),(171,126,'815270040103',2,6,'\0','\0',2,NULL,NULL,NULL,NULL,'2024-04-09 13:54:14',NULL,NULL,NULL,1,'\0','\0','\0','\0','\0','','','','2024-04-24 14:05:32','\0',5,'\0','\0',NULL,NULL,NULL,'\0'),(172,127,'815270030103',2,6,'\0','\0',2,NULL,NULL,NULL,NULL,'2024-04-09 13:53:55',NULL,NULL,NULL,1,'\0','\0','\0','\0','\0','','','','2024-04-24 14:05:32','\0',5,'\0','\0',NULL,NULL,NULL,'\0'),(173,128,'99990003',2,4,'\0','\0',1,NULL,NULL,NULL,NULL,'2024-04-18 09:02:57',NULL,NULL,NULL,1,'\0','\0','','\0','\0','\0','','','2024-05-08 09:00:27','\0',5,'\0','\0',NULL,NULL,NULL,'\0'),(174,129,'99990004',2,4,'\0','\0',1,NULL,NULL,NULL,NULL,'2024-04-18 09:04:54',NULL,NULL,NULL,1,'\0','\0','','\0','\0','\0','','','2024-05-08 09:05:28','\0',5,'\0','\0',NULL,NULL,NULL,'\0'),(175,108,'816470010103',2,6,'\0','\0',2,NULL,NULL,4,NULL,'2024-04-18 13:00:03',NULL,NULL,NULL,1,'\0','\0','\0','\0','\0','','','','2024-05-03 13:15:32','\0',5,'\0','\0',NULL,NULL,NULL,'\0'),(176,127,'816470030103',2,6,'\0','\0',2,NULL,NULL,4,NULL,'2024-04-18 13:00:05',NULL,NULL,NULL,1,'\0','\0','\0','\0','\0','','','','2024-05-03 13:15:32','\0',5,'\0','\0',NULL,NULL,NULL,'\0'),(177,126,'816470040103',2,6,'\0','\0',2,NULL,NULL,4,NULL,'2024-04-18 13:00:04',NULL,NULL,NULL,1,'\0','\0','\0','\0','\0','','','','2024-05-03 13:15:32','\0',5,'\0','\0',NULL,NULL,NULL,'\0'),(178,125,'816470050103',2,6,'\0','\0',2,NULL,NULL,4,NULL,'2024-04-18 13:00:02',NULL,NULL,NULL,1,'\0','\0','\0','\0','\0','','','','2024-05-03 13:15:32','\0',5,'\0','\0',NULL,NULL,NULL,'\0'),(179,109,'816470060103',2,6,'\0','\0',2,NULL,NULL,4,NULL,'2024-04-18 13:00:02',NULL,NULL,NULL,1,'\0','\0','\0','\0','\0','','','','2024-05-03 13:15:32','\0',5,'\0','\0',NULL,NULL,NULL,'\0'),(180,130,'824470010103',1,1,'\0','\0',2,NULL,NULL,NULL,NULL,NULL,NULL,NULL,NULL,1,'\0','\0','\0','\0','','\0','','','2024-07-03 07:55:28','\0',3,'\0','\0',NULL,NULL,NULL,'\0'),(181,131,'824470020103',1,1,'\0','\0',2,NULL,NULL,NULL,NULL,NULL,NULL,NULL,NULL,1,'\0','\0','\0','\0','','\0','','','2024-07-03 08:05:29','\0',3,'\0','\0',NULL,NULL,NULL,'\0');

--
-- Table structure for table `sampletype`
--

CREATE TABLE `sampletype` (
  `Id` smallint(5) unsigned NOT NULL AUTO_INCREMENT ,
  `Code` varchar(20) COLLATE utf8mb4_unicode_ci DEFAULT NULL ,
  `Name` varchar(50) COLLATE utf8mb4_unicode_ci NOT NULL ,
  `ShortName` varchar(20) COLLATE utf8mb4_unicode_ci DEFAULT NULL ,
  `BarCodeLabelsCount` tinyint(3) unsigned DEFAULT NULL ,
  `TranslationId` int(10) unsigned DEFAULT NULL ,
  `IsDeleted` bit(1) NOT NULL ,
  `SampleTypeGroupId` smallint(5) unsigned DEFAULT NULL ,
  `IsMDMSynchronized` bit(1) NOT NULL ,
  `StandardCode` varchar(20) COLLATE utf8mb4_unicode_ci DEFAULT NULL ,
  PRIMARY KEY (`Id`),
  KEY `TranslationId` (`TranslationId`),
  KEY `Name` (`Name`),
  KEY `SampleTypeGroupId` (`SampleTypeGroupId`),
  KEY `IsDeleted` (`IsDeleted`),
  CONSTRAINT `FK_SampleType_SampleTypeGroupId` FOREIGN KEY (`SampleTypeGroupId`) REFERENCES `sampletypegroup` (`Id`) ON DELETE SET NULL ON UPDATE NO ACTION,
  CONSTRAINT `FK_SampleType_TranslationId` FOREIGN KEY (`TranslationId`) REFERENCES `translation` (`Id`) ON DELETE NO ACTION ON UPDATE NO ACTION
) ENGINE=InnoDB AUTO_INCREMENT=4 DEFAULT CHARSET=utf8mb4 COLLATE=utf8mb4_unicode_ci ROW_FORMAT=DYNAMIC COMMENT='{E3B7C3F4-7B23-4DD6-B6F7-BE41901D49CC}';

--
-- Dumping data for table `sampletype`
--

INSERT INTO `sampletype` VALUES (1,'SERUM','SERUM',NULL,1,NULL,'\0',NULL,'',NULL),(2,'Sang','Sang',NULL,1,NULL,'\0',NULL,'',NULL),(3,'Plasma','Plasma',NULL,1,NULL,'\0',NULL,'',NULL);

--
-- Table structure for table `test`
--

CREATE TABLE `test` (
  `Id` bigint(20) unsigned NOT NULL AUTO_INCREMENT ,
  `SampleId` bigint(20) unsigned NOT NULL ,
  `ExamSettingVersionId` int(10) unsigned NOT NULL ,
  `CreationDate` datetime NOT NULL ,
  `TestStatusId` tinyint(3) unsigned NOT NULL ,
  `RawResult` varchar(50) COLLATE utf8mb4_unicode_ci DEFAULT NULL ,
  `Result` varchar(50) COLLATE utf8mb4_unicode_ci DEFAULT NULL ,
  `Dilution` varchar(20) COLLATE utf8mb4_unicode_ci DEFAULT NULL ,
  `PreviousResult` varchar(50) COLLATE utf8mb4_unicode_ci DEFAULT NULL ,
  `IsPrinted` bit(1) NOT NULL ,
  `IsBlocked` bit(1) NOT NULL ,
  `IsLISSent` bit(1) NOT NULL ,
  `LISSendingCount` tinyint(3) unsigned NOT NULL ,
  `ExaminerResultDate` datetime DEFAULT NULL ,
  `ResultDate` datetime NOT NULL ,
  `ResultProducerId` bigint(20) unsigned DEFAULT NULL ,
  `OriginTestHistoricId` bigint(20) unsigned DEFAULT NULL ,
  `DemandDate` datetime DEFAULT NULL ,
  `DemandUserAccountId` smallint(5) unsigned DEFAULT NULL ,
  `TechnicalValidationDate` datetime DEFAULT NULL ,
  `TechnicalValidatorUserAccountId` smallint(5) unsigned DEFAULT NULL ,
  `BiologicalValidationDate` datetime DEFAULT NULL ,
  `BiologicalValidatorUserAccountId` smallint(5) unsigned DEFAULT NULL ,
  `LoadingStatus` tinyint(3) unsigned NOT NULL ,
  `IsQueried` bit(1) NOT NULL ,
  `Comment` varchar(500) COLLATE utf8mb4_unicode_ci DEFAULT NULL ,
  `CreationOrigin` tinyint(3) unsigned NOT NULL ,
  `IsArchived` bit(1) NOT NULL ,
  `ArchivedDate` datetime DEFAULT NULL ,
  `IsDeleted` bit(1) NOT NULL ,
  `ExaminerIdentifierId` int(10) unsigned DEFAULT NULL ,
  `NumericResult` double DEFAULT NULL ,
  `AlertExaminerEWMAId` int(10) unsigned DEFAULT NULL ,
  `IsEWMAFlagVisible` bit(1) NOT NULL ,
  `ExaminerRunCount` tinyint(3) unsigned NOT NULL ,
  `IsExpertRuleTriggered` bit(1) NOT NULL ,
  `QualityControlValueId` bigint(20) unsigned DEFAULT NULL ,
  `QualityControlValidityStatusId` tinyint(3) unsigned DEFAULT NULL ,
  `LastLISSendingDate` datetime DEFAULT NULL ,
  `IsLISSendingErrorFlagVisible` bit(1) NOT NULL ,
  PRIMARY KEY (`Id`),
  KEY `SampleId` (`SampleId`),
  KEY `TestStatusId` (`TestStatusId`),
  KEY `ExamSettingVersionId` (`ExamSettingVersionId`),
  KEY `IsArchived` (`IsArchived`),
  KEY `IsDeleted` (`IsDeleted`),
  KEY `Result` (`Result`),
  KEY `ResultProducerId` (`ResultProducerId`),
  KEY `OriginTestHistoricId` (`OriginTestHistoricId`),
  KEY `DemandUserAccountId` (`DemandUserAccountId`),
  KEY `TechnicalValidatorUserAccountId` (`TechnicalValidatorUserAccountId`),
  KEY `BiologicalValidatorUserAccountId` (`BiologicalValidatorUserAccountId`),
  KEY `ExaminerIdentifierId` (`ExaminerIdentifierId`),
  KEY `AlertExaminerEWMAId` (`AlertExaminerEWMAId`),
  KEY `NumericResult` (`NumericResult`),
  KEY `CreationDate` (`CreationDate`),
  KEY `ExaminerResultDate` (`ExaminerResultDate`),
  KEY `QualityControlValueId` (`QualityControlValueId`),
  KEY `QualityControlValidityStatusId` (`QualityControlValidityStatusId`),
  KEY `IX_ArchivedExam` (`IsArchived`,`ExamSettingVersionId`),
  KEY `IX_SampleProducer` (`SampleId`,`ResultProducerId`),
  CONSTRAINT `FK_Test_AlertExaminerEWMAId` FOREIGN KEY (`AlertExaminerEWMAId`) REFERENCES `alertanalyserewma` (`AlertId`) ON DELETE NO ACTION ON UPDATE NO ACTION,
  CONSTRAINT `FK_Test_ExaminerIdentifierId` FOREIGN KEY (`ExaminerIdentifierId`) REFERENCES `analyseridentifier` (`Id`) ON DELETE SET NULL ON UPDATE NO ACTION,
  CONSTRAINT `FK_Test_ExamSettingVersionId` FOREIGN KEY (`ExamSettingVersionId`) REFERENCES `analysissettingversion` (`Id`) ON DELETE NO ACTION ON UPDATE NO ACTION,
  CONSTRAINT `FK_Test_BiologicalValidatorUserAccountId` FOREIGN KEY (`BiologicalValidatorUserAccountId`) REFERENCES `useraccount` (`Id`) ON DELETE SET NULL ON UPDATE NO ACTION,
  CONSTRAINT `FK_Test_DemandUserAccountId` FOREIGN KEY (`DemandUserAccountId`) REFERENCES `useraccount` (`Id`) ON DELETE SET NULL ON UPDATE NO ACTION,
  CONSTRAINT `FK_Test_OriginTestHistoricId` FOREIGN KEY (`OriginTestHistoricId`) REFERENCES `testhistoric` (`Id`) ON DELETE SET NULL ON UPDATE NO ACTION,
  CONSTRAINT `FK_Test_QualityControlValidityStatusId` FOREIGN KEY (`QualityControlValidityStatusId`) REFERENCES `qualitycontrolvaliditystatus` (`Id`) ON DELETE NO ACTION ON UPDATE NO ACTION,
  CONSTRAINT `FK_Test_QualityControlValueId` FOREIGN KEY (`QualityControlValueId`) REFERENCES `qualitycontrolvalue` (`Id`) ON DELETE NO ACTION ON UPDATE NO ACTION,
  CONSTRAINT `FK_Test_ResultProducerId` FOREIGN KEY (`ResultProducerId`) REFERENCES `resultproducer` (`Id`) ON DELETE NO ACTION ON UPDATE NO ACTION,
  CONSTRAINT `FK_Test_SampleId` FOREIGN KEY (`SampleId`) REFERENCES `sample` (`Id`) ON DELETE CASCADE ON UPDATE NO ACTION,
  CONSTRAINT `FK_Test_TechnicalValidatorUserAccountId` FOREIGN KEY (`TechnicalValidatorUserAccountId`) REFERENCES `useraccount` (`Id`) ON DELETE SET NULL ON UPDATE NO ACTION,
  CONSTRAINT `FK_Test_TestStatusId` FOREIGN KEY (`TestStatusId`) REFERENCES `teststatus` (`Id`) ON DELETE NO ACTION ON UPDATE NO ACTION
) ENGINE=InnoDB AUTO_INCREMENT=958 DEFAULT CHARSET=utf8mb4 COLLATE=utf8mb4_unicode_ci ROW_FORMAT=DYNAMIC COMMENT='{A1D6E7B9-9B1B-48C9-8039-B7D6739534F3}';

--
-- Dumping data for table `test`
--

INSERT INTO `test` VALUES (1,1,62,'2023-11-13 14:14:39',6,NULL,'28','',NULL,'\0','\0','\0',0,NULL,'2023-11-13 14:43:14',2,NULL,'2023-11-13 14:14:39',NULL,'2023-11-13 14:43:32',4,NULL,NULL,1,'\0',NULL,1,'','2023-11-23 14:14:50','\0',NULL,28,NULL,'\0',0,'\0',NULL,NULL,NULL,''),(2,1,61,'2023-11-13 14:14:39',6,NULL,'15','',NULL,'\0','\0','\0',0,NULL,'2023-11-13 14:43:14',2,NULL,'2023-11-13 14:14:39',NULL,'2023-11-13 14:43:32',4,NULL,NULL,1,'\0',NULL,1,'','2023-11-23 14:14:50','\0',NULL,15,NULL,'\0',0,'\0',NULL,NULL,NULL,''),(3,2,61,'2023-11-13 14:52:37',1,NULL,NULL,'',NULL,'\0','\0','\0',0,NULL,'0001-01-01 00:00:00',1,NULL,'2023-11-13 14:52:37',NULL,NULL,NULL,NULL,NULL,1,'\0',NULL,1,'','2023-11-23 14:52:52','\0',NULL,NULL,NULL,'\0',0,'\0',NULL,NULL,NULL,'\0'),(4,3,61,'2023-11-13 15:03:44',1,NULL,NULL,'',NULL,'\0','\0','\0',0,NULL,'0001-01-01 00:00:00',1,NULL,'2023-11-13 15:03:44',NULL,NULL,NULL,NULL,NULL,1,'\0',NULL,1,'','2023-11-23 15:03:52','\0',NULL,NULL,NULL,'\0',0,'\0',NULL,NULL,NULL,'\0'),(5,4,62,'2023-11-13 15:30:14',1,NULL,NULL,'',NULL,'\0','\0','\0',0,NULL,'0001-01-01 00:00:00',1,NULL,'2023-11-13 15:30:14',NULL,NULL,NULL,NULL,NULL,1,'\0',NULL,1,'','2023-11-23 15:30:53','\0',NULL,NULL,NULL,'\0',0,'\0',NULL,NULL,NULL,'\0'),(6,5,61,'2023-11-13 17:41:45',4,NULL,'10','',NULL,'\0','\0','\0',0,NULL,'2023-11-14 14:35:26',3,NULL,'2023-11-13 17:41:45',NULL,NULL,NULL,NULL,NULL,1,'\0',NULL,1,'','2023-11-23 17:41:58','\0',NULL,10,NULL,'\0',0,'\0',NULL,NULL,NULL,'\0'),(7,6,67,'2023-11-13 17:47:15',1,NULL,NULL,'',NULL,'\0','\0','\0',0,NULL,'0001-01-01 00:00:00',1,NULL,'2023-11-13 17:47:15',NULL,NULL,NULL,NULL,NULL,1,'\0',NULL,1,'','2023-11-23 17:47:58','\0',NULL,NULL,NULL,'\0',0,'\0',NULL,NULL,NULL,'\0'),(8,7,67,'2023-11-13 17:47:15',1,NULL,NULL,'',NULL,'\0','\0','\0',0,NULL,'0001-01-01 00:00:00',1,NULL,'2023-11-13 17:47:15',NULL,NULL,NULL,NULL,NULL,1,'\0',NULL,1,'','2023-11-23 17:47:58','\0',NULL,NULL,NULL,'\0',0,'\0',NULL,NULL,NULL,'\0'),(9,8,67,'2023-11-13 17:47:15',1,NULL,NULL,'',NULL,'\0','\0','\0',0,NULL,'0001-01-01 00:00:00',1,NULL,'2023-11-13 17:47:15',NULL,NULL,NULL,NULL,NULL,1,'\0',NULL,1,'','2023-11-23 17:47:58','\0',NULL,NULL,NULL,'\0',0,'\0',NULL,NULL,NULL,'\0'),(10,9,67,'2023-11-13 17:47:15',6,NULL,'12','',NULL,'\0','\0','\0',0,NULL,'2023-11-16 10:14:11',4,NULL,'2023-11-13 17:47:15',NULL,'2023-11-16 10:14:11',6,NULL,NULL,1,'\0',NULL,1,'','2023-11-23 17:47:58','\0',NULL,12,NULL,'\0',0,'\0',NULL,NULL,NULL,''),(11,10,67,'2023-11-13 17:47:15',1,NULL,NULL,'',NULL,'\0','\0','\0',0,NULL,'0001-01-01 00:00:00',1,NULL,'2023-11-13 17:47:15',NULL,NULL,NULL,NULL,NULL,1,'\0',NULL,1,'','2023-11-23 17:47:58','\0',NULL,NULL,NULL,'\0',0,'\0',NULL,NULL,NULL,'\0'),(12,11,67,'2023-11-13 17:47:15',1,NULL,NULL,'',NULL,'\0','\0','\0',0,NULL,'0001-01-01 00:00:00',1,NULL,'2023-11-13 17:47:15',NULL,NULL,NULL,NULL,NULL,1,'\0',NULL,1,'','2023-11-23 17:47:58','\0',NULL,NULL,NULL,'\0',0,'\0',NULL,NULL,NULL,'\0'),(13,12,67,'2023-11-13 17:47:15',6,NULL,'320','',NULL,'\0','\0','\0',0,NULL,'2023-11-15 10:29:51',2,NULL,'2023-11-13 17:47:15',NULL,'2023-11-15 10:30:10',4,NULL,NULL,1,'\0',NULL,1,'','2023-11-23 17:47:58','\0',NULL,320,NULL,'\0',0,'\0',NULL,NULL,NULL,''),(14,13,63,'2023-11-14 08:09:08',1,NULL,NULL,'',NULL,'\0','\0','\0',0,NULL,'0001-01-01 00:00:00',1,NULL,'2023-11-14 08:09:08',NULL,NULL,NULL,NULL,NULL,1,'\0',NULL,1,'','2023-11-24 08:09:36','\0',NULL,NULL,NULL,'\0',0,'\0',NULL,NULL,NULL,'\0'),(15,13,64,'2023-11-14 08:09:08',1,NULL,NULL,'',NULL,'\0','\0','\0',0,NULL,'0001-01-01 00:00:00',1,NULL,'2023-11-14 08:09:08',NULL,NULL,NULL,NULL,NULL,1,'\0',NULL,1,'','2023-11-24 08:09:36','\0',NULL,NULL,NULL,'\0',0,'\0',NULL,NULL,NULL,'\0'),(16,13,61,'2023-11-14 08:09:08',1,NULL,NULL,'',NULL,'\0','\0','\0',0,NULL,'0001-01-01 00:00:00',1,NULL,'2023-11-14 08:09:08',NULL,NULL,NULL,NULL,NULL,1,'\0',NULL,1,'','2023-11-24 08:09:36','\0',NULL,NULL,NULL,'\0',0,'\0',NULL,NULL,NULL,'\0'),(17,13,62,'2023-11-14 08:09:08',1,NULL,NULL,'',NULL,'\0','\0','\0',0,NULL,'0001-01-01 00:00:00',1,NULL,'2023-11-14 08:09:08',NULL,NULL,NULL,NULL,NULL,1,'\0',NULL,1,'','2023-11-24 08:09:36','\0',NULL,NULL,NULL,'\0',0,'\0',NULL,NULL,NULL,'\0'),(18,14,61,'2023-11-14 09:04:38',1,NULL,NULL,'',NULL,'\0','\0','\0',0,NULL,'0001-01-01 00:00:00',1,NULL,'2023-11-14 09:04:38',NULL,NULL,NULL,NULL,NULL,1,'\0',NULL,1,'','2023-11-24 09:04:38','\0',NULL,NULL,NULL,'\0',0,'\0',NULL,NULL,NULL,'\0'),(19,15,62,'2023-11-14 11:27:47',1,NULL,NULL,'',NULL,'\0','\0','\0',0,NULL,'0001-01-01 00:00:00',1,NULL,'2023-11-14 11:27:47',NULL,NULL,NULL,NULL,NULL,1,'\0',NULL,1,'','2023-11-24 11:28:45','\0',NULL,NULL,NULL,'\0',0,'\0',NULL,NULL,NULL,'\0'),(20,15,61,'2023-11-14 11:27:47',1,NULL,NULL,'',NULL,'\0','\0','\0',0,NULL,'0001-01-01 00:00:00',1,NULL,'2023-11-14 11:27:47',NULL,NULL,NULL,NULL,NULL,1,'\0',NULL,1,'','2023-11-24 11:28:45','\0',NULL,NULL,NULL,'\0',0,'\0',NULL,NULL,NULL,'\0'),(21,15,63,'2023-11-14 11:27:47',1,NULL,NULL,'',NULL,'\0','\0','\0',0,NULL,'0001-01-01 00:00:00',1,NULL,'2023-11-14 11:27:47',NULL,NULL,NULL,NULL,NULL,1,'\0',NULL,1,'','2023-11-24 11:28:45','\0',NULL,NULL,NULL,'\0',0,'\0',NULL,NULL,NULL,'\0'),(22,15,64,'2023-11-14 11:27:47',1,NULL,NULL,'',NULL,'\0','\0','\0',0,NULL,'0001-01-01 00:00:00',1,NULL,'2023-11-14 11:27:47',NULL,NULL,NULL,NULL,NULL,1,'\0',NULL,1,'','2023-11-24 11:28:45','\0',NULL,NULL,NULL,'\0',0,'\0',NULL,NULL,NULL,'\0'),(23,15,65,'2023-11-14 11:27:47',1,NULL,NULL,'',NULL,'\0','\0','\0',0,NULL,'0001-01-01 00:00:00',1,NULL,'2023-11-14 11:27:47',NULL,NULL,NULL,NULL,NULL,1,'\0',NULL,1,'','2023-11-24 11:28:45','\0',NULL,NULL,NULL,'\0',0,'\0',NULL,NULL,NULL,'\0'),(24,15,67,'2023-11-14 11:27:47',1,NULL,NULL,'',NULL,'\0','\0','\0',0,NULL,'0001-01-01 00:00:00',1,NULL,'2023-11-14 11:27:47',NULL,NULL,NULL,NULL,NULL,1,'\0',NULL,1,'','2023-11-24 11:28:45','\0',NULL,NULL,NULL,'\0',0,'\0',NULL,NULL,NULL,'\0'),(25,16,66,'2023-11-14 11:27:47',1,NULL,NULL,'',NULL,'\0','\0','\0',0,NULL,'0001-01-01 00:00:00',1,NULL,'2023-11-14 11:27:47',NULL,NULL,NULL,NULL,NULL,1,'\0',NULL,1,'','2023-11-24 11:28:45','\0',NULL,NULL,NULL,'\0',0,'\0',NULL,NULL,NULL,'\0'),(26,17,61,'2023-11-14 11:52:05',1,NULL,NULL,NULL,NULL,'\0','\0','\0',0,NULL,'0001-01-01 00:00:00',2,NULL,'2023-11-14 11:52:05',NULL,NULL,NULL,NULL,NULL,1,'\0',NULL,3,'','2023-11-24 11:52:46','\0',NULL,NULL,NULL,'\0',0,'\0',NULL,NULL,NULL,'\0'),(27,17,63,'2023-11-14 11:52:05',1,NULL,NULL,NULL,NULL,'\0','\0','\0',0,NULL,'0001-01-01 00:00:00',2,NULL,'2023-11-14 11:52:05',NULL,NULL,NULL,NULL,NULL,1,'\0',NULL,3,'','2023-11-24 11:52:46','\0',NULL,NULL,NULL,'\0',0,'\0',NULL,NULL,NULL,'\0'),(28,17,64,'2023-11-14 11:52:05',1,NULL,NULL,NULL,NULL,'\0','\0','\0',0,NULL,'0001-01-01 00:00:00',2,NULL,'2023-11-14 11:52:05',NULL,NULL,NULL,NULL,NULL,1,'\0',NULL,3,'\0',NULL,'',NULL,NULL,NULL,'\0',0,'\0',NULL,NULL,NULL,'\0'),(29,18,61,'2023-11-14 12:14:17',1,NULL,NULL,'',NULL,'\0','\0','\0',0,NULL,'0001-01-01 00:00:00',1,NULL,'2023-11-14 12:14:17',NULL,NULL,NULL,NULL,NULL,1,'\0',NULL,1,'','2024-01-11 17:14:07','',NULL,NULL,NULL,'\0',0,'\0',NULL,NULL,NULL,'\0'),(30,18,62,'2023-11-14 12:14:17',1,NULL,NULL,'',NULL,'\0','\0','\0',0,NULL,'0001-01-01 00:00:00',1,NULL,'2023-11-14 12:14:17',NULL,NULL,NULL,NULL,NULL,1,'\0',NULL,1,'','2024-01-11 17:14:07','',NULL,NULL,NULL,'\0',0,'\0',NULL,NULL,NULL,'\0'),(31,18,63,'2023-11-14 12:14:17',1,NULL,NULL,'',NULL,'\0','\0','\0',0,NULL,'0001-01-01 00:00:00',1,NULL,'2023-11-14 12:14:17',NULL,NULL,NULL,NULL,NULL,1,'\0',NULL,1,'','2024-01-11 17:14:07','',NULL,NULL,NULL,'\0',0,'\0',NULL,NULL,NULL,'\0'),(32,18,64,'2023-11-14 12:14:17',1,NULL,NULL,'',NULL,'\0','\0','\0',0,NULL,'0001-01-01 00:00:00',1,NULL,'2023-11-14 12:14:17',NULL,NULL,NULL,NULL,NULL,1,'\0',NULL,1,'','2024-01-11 17:14:07','',NULL,NULL,NULL,'\0',0,'\0',NULL,NULL,NULL,'\0'),(33,18,65,'2023-11-14 12:14:17',1,NULL,NULL,'',NULL,'\0','\0','\0',0,NULL,'0001-01-01 00:00:00',1,NULL,'2023-11-14 12:14:17',NULL,NULL,NULL,NULL,NULL,1,'\0',NULL,1,'','2024-01-11 17:14:07','',NULL,NULL,NULL,'\0',0,'\0',NULL,NULL,NULL,'\0'),(34,18,67,'2023-11-14 12:14:17',1,NULL,NULL,'',NULL,'\0','\0','\0',0,NULL,'0001-01-01 00:00:00',1,NULL,'2023-11-14 12:14:17',NULL,NULL,NULL,NULL,NULL,1,'\0',NULL,1,'','2024-01-11 17:14:07','',NULL,NULL,NULL,'\0',0,'\0',NULL,NULL,NULL,'\0'),(35,18,68,'2023-11-14 12:14:17',1,NULL,NULL,'',NULL,'\0','\0','\0',0,NULL,'0001-01-01 00:00:00',1,NULL,'2023-11-14 12:14:17',NULL,NULL,NULL,NULL,NULL,1,'\0',NULL,1,'','2024-01-11 17:14:07','',NULL,NULL,NULL,'\0',0,'\0',NULL,NULL,NULL,'\0'),(36,18,69,'2023-11-14 12:14:17',1,NULL,NULL,'',NULL,'\0','\0','\0',0,NULL,'0001-01-01 00:00:00',1,NULL,'2023-11-14 12:14:17',NULL,NULL,NULL,NULL,NULL,1,'\0',NULL,1,'','2024-01-11 17:14:07','',NULL,NULL,NULL,'\0',0,'\0',NULL,NULL,NULL,'\0'),(37,18,70,'2023-11-14 12:14:17',1,NULL,NULL,'',NULL,'\0','\0','\0',0,NULL,'0001-01-01 00:00:00',1,NULL,'2023-11-14 12:14:17',NULL,NULL,NULL,NULL,NULL,1,'\0',NULL,1,'','2024-01-11 17:14:07','',NULL,NULL,NULL,'\0',0,'\0',NULL,NULL,NULL,'\0'),(38,18,71,'2023-11-14 12:14:17',1,NULL,NULL,'',NULL,'\0','\0','\0',0,NULL,'0001-01-01 00:00:00',1,NULL,'2023-11-14 12:14:17',NULL,NULL,NULL,NULL,NULL,1,'\0',NULL,1,'','2024-01-11 17:14:07','',NULL,NULL,NULL,'\0',0,'\0',NULL,NULL,NULL,'\0'),(39,18,72,'2023-11-14 12:14:17',1,NULL,NULL,'',NULL,'\0','\0','\0',0,NULL,'0001-01-01 00:00:00',1,NULL,'2023-11-14 12:14:17',NULL,NULL,NULL,NULL,NULL,1,'\0',NULL,1,'','2024-01-11 17:14:07','',NULL,NULL,NULL,'\0',0,'\0',NULL,NULL,NULL,'\0'),(40,18,73,'2023-11-14 12:14:17',1,NULL,NULL,'',NULL,'\0','\0','\0',0,NULL,'0001-01-01 00:00:00',1,NULL,'2023-11-14 12:14:17',NULL,NULL,NULL,NULL,NULL,1,'\0',NULL,1,'','2024-01-11 17:14:07','',NULL,NULL,NULL,'\0',0,'\0',NULL,NULL,NULL,'\0'),(41,18,74,'2023-11-14 12:14:17',1,NULL,NULL,'',NULL,'\0','\0','\0',0,NULL,'0001-01-01 00:00:00',1,NULL,'2023-11-14 12:14:17',NULL,NULL,NULL,NULL,NULL,1,'\0',NULL,1,'','2024-01-11 17:14:07','',NULL,NULL,NULL,'\0',0,'\0',NULL,NULL,NULL,'\0'),(42,18,75,'2023-11-14 12:14:17',1,NULL,NULL,'',NULL,'\0','\0','\0',0,NULL,'0001-01-01 00:00:00',1,NULL,'2023-11-14 12:14:17',NULL,NULL,NULL,NULL,NULL,1,'\0',NULL,1,'','2024-01-11 17:14:07','',NULL,NULL,NULL,'\0',0,'\0',NULL,NULL,NULL,'\0'),(43,18,76,'2023-11-14 12:14:17',1,NULL,NULL,'',NULL,'\0','\0','\0',0,NULL,'0001-01-01 00:00:00',1,NULL,'2023-11-14 12:14:17',NULL,NULL,NULL,NULL,NULL,1,'\0',NULL,1,'','2024-01-11 17:14:07','',NULL,NULL,NULL,'\0',0,'\0',NULL,NULL,NULL,'\0'),(44,18,77,'2023-11-14 12:14:17',1,NULL,NULL,'',NULL,'\0','\0','\0',0,NULL,'0001-01-01 00:00:00',1,NULL,'2023-11-14 12:14:17',NULL,NULL,NULL,NULL,NULL,1,'\0',NULL,1,'','2024-01-11 17:14:07','',NULL,NULL,NULL,'\0',0,'\0',NULL,NULL,NULL,'\0'),(45,19,66,'2023-11-14 12:14:17',4,NULL,'56','',NULL,'\0','\0','\0',0,NULL,'2023-11-16 15:12:51',2,NULL,'2023-11-14 12:14:17',NULL,NULL,NULL,NULL,NULL,1,'\0',NULL,1,'','2024-01-11 17:14:07','',NULL,56,NULL,'\0',0,'\0',NULL,NULL,NULL,'\0'),(46,18,78,'2023-11-14 12:15:17',1,NULL,NULL,'',NULL,'\0','\0','\0',0,NULL,'0001-01-01 00:00:00',1,NULL,'2023-11-14 12:15:17',NULL,NULL,NULL,NULL,NULL,1,'\0',NULL,1,'','2024-01-11 17:14:07','',NULL,NULL,NULL,'\0',0,'\0',NULL,NULL,NULL,'\0'),(47,20,61,'2023-11-14 14:00:18',1,NULL,NULL,'',NULL,'\0','\0','\0',0,NULL,'0001-01-01 00:00:00',1,NULL,'2023-11-14 14:00:18',NULL,NULL,NULL,NULL,NULL,1,'\0',NULL,1,'','2023-11-24 14:00:51','\0',NULL,NULL,NULL,'\0',0,'\0',NULL,NULL,NULL,'\0'),(48,20,62,'2023-11-14 14:00:18',1,NULL,NULL,'',NULL,'\0','\0','\0',0,NULL,'0001-01-01 00:00:00',1,NULL,'2023-11-14 14:00:18',NULL,NULL,NULL,NULL,NULL,1,'\0',NULL,1,'','2023-11-24 14:00:51','\0',NULL,NULL,NULL,'\0',0,'\0',NULL,NULL,NULL,'\0'),(49,20,63,'2023-11-14 14:00:18',6,NULL,'45','',NULL,'\0','\0','\0',0,NULL,'2023-11-14 16:05:51',2,NULL,'2023-11-14 14:00:18',NULL,'2023-11-14 16:05:59',4,NULL,NULL,1,'\0',NULL,1,'','2023-11-24 14:00:51','\0',NULL,45,NULL,'\0',0,'\0',NULL,NULL,NULL,''),(50,20,64,'2023-11-14 14:00:18',1,NULL,NULL,'',NULL,'\0','\0','\0',0,NULL,'0001-01-01 00:00:00',1,NULL,'2023-11-14 14:00:18',NULL,NULL,NULL,NULL,NULL,1,'\0',NULL,1,'','2023-11-24 14:00:51','\0',NULL,NULL,NULL,'\0',0,'\0',NULL,NULL,NULL,'\0'),(51,20,66,'2023-11-14 14:30:38',6,NULL,'256','',NULL,'\0','\0','\0',0,NULL,'2023-11-14 14:30:59',2,NULL,'2023-11-14 14:30:38',NULL,'2023-11-14 14:31:43',4,NULL,NULL,1,'\0',NULL,3,'','2023-11-24 14:00:51','\0',NULL,256,NULL,'\0',0,'\0',NULL,NULL,NULL,''),(52,21,63,'2023-11-14 14:53:49',6,NULL,'7','',NULL,'\0','\0','\0',0,NULL,'2023-11-14 15:03:21',3,NULL,'2023-11-14 14:53:49',NULL,'2023-11-14 15:04:39',4,NULL,NULL,1,'\0',NULL,1,'','2023-11-24 14:53:54','\0',NULL,7,NULL,'\0',0,'\0',NULL,NULL,NULL,''),(53,21,64,'2023-11-14 14:53:49',6,NULL,'8','',NULL,'\0','\0','\0',0,NULL,'2023-11-14 15:03:21',3,NULL,'2023-11-14 14:53:49',NULL,'2023-11-14 15:04:39',4,NULL,NULL,1,'\0',NULL,1,'','2023-11-24 14:53:54','\0',NULL,8,NULL,'\0',0,'\0',NULL,NULL,NULL,''),(54,21,61,'2023-11-14 15:01:09',6,NULL,'5','',NULL,'\0','\0','\0',0,NULL,'2023-11-14 15:03:21',3,NULL,'2023-11-14 15:01:09',NULL,'2023-11-14 15:04:39',4,NULL,NULL,1,'\0',NULL,3,'','2023-11-24 14:53:54','\0',NULL,5,NULL,'\0',0,'\0',NULL,NULL,NULL,''),(55,21,62,'2023-11-14 15:01:09',6,NULL,'6','',NULL,'\0','\0','\0',0,NULL,'2023-11-14 15:03:21',3,NULL,'2023-11-14 15:01:09',NULL,'2023-11-14 15:04:39',4,NULL,NULL,1,'\0',NULL,3,'','2023-11-24 14:53:54','\0',NULL,6,NULL,'\0',0,'\0',NULL,NULL,NULL,''),(56,22,63,'2023-11-14 15:38:49',6,NULL,'EA','',NULL,'\0','\0','\0',0,NULL,'2023-11-14 15:59:37',2,NULL,'2023-11-14 15:38:49',NULL,'2023-11-14 15:59:52',4,NULL,NULL,1,'\0',NULL,1,'','2023-11-24 15:38:55','\0',NULL,NULL,NULL,'\0',0,'\0',NULL,NULL,NULL,''),(57,22,64,'2023-11-14 15:38:49',6,NULL,'<10','',NULL,'\0','\0','\0',0,NULL,'2023-11-14 16:01:52',2,NULL,'2023-11-14 15:38:49',NULL,'2023-11-14 16:02:00',4,NULL,NULL,1,'\0',NULL,1,'','2023-11-24 15:38:55','\0',NULL,NULL,NULL,'\0',0,'\0',NULL,NULL,NULL,''),(58,23,61,'2023-11-15 10:39:09',6,NULL,'546','',NULL,'\0','\0','\0',0,NULL,'2023-11-15 10:40:02',2,NULL,'2023-11-15 10:39:09',NULL,'2023-11-15 10:40:14',4,NULL,NULL,1,'\0',NULL,1,'','2023-11-25 10:39:51','\0',NULL,546,NULL,'\0',0,'\0',NULL,NULL,NULL,''),(59,23,68,'2023-11-15 10:52:09',6,NULL,'76','',NULL,'\0','\0','\0',0,NULL,'2023-11-15 10:53:09',2,NULL,'2023-11-15 10:52:09',NULL,'2023-11-15 10:53:17',4,NULL,NULL,1,'\0',NULL,1,'','2023-11-25 10:39:51','\0',NULL,76,NULL,'\0',0,'\0',NULL,NULL,NULL,''),(60,23,72,'2023-11-15 10:52:09',6,NULL,'27','',NULL,'\0','\0','\0',0,NULL,'2023-11-15 10:53:09',2,NULL,'2023-11-15 10:52:09',NULL,'2023-11-15 10:53:17',4,NULL,NULL,1,'\0',NULL,1,'','2023-11-25 10:39:51','\0',NULL,27,NULL,'\0',0,'\0',NULL,NULL,NULL,''),(61,24,63,'2023-11-16 15:35:50',1,NULL,NULL,'',NULL,'\0','\0','\0',0,NULL,'0001-01-01 00:00:00',1,NULL,'2023-11-16 15:35:50',NULL,NULL,NULL,NULL,NULL,1,'\0',NULL,1,'','2023-11-26 15:35:56','\0',NULL,NULL,NULL,'\0',0,'\0',NULL,NULL,NULL,'\0'),(62,24,64,'2023-11-16 15:35:50',1,NULL,NULL,'',NULL,'\0','\0','\0',0,NULL,'0001-01-01 00:00:00',1,NULL,'2023-11-16 15:35:50',NULL,NULL,NULL,NULL,NULL,1,'\0',NULL,1,'','2023-11-26 15:35:56','\0',NULL,NULL,NULL,'\0',0,'\0',NULL,NULL,NULL,'\0'),(63,25,63,'2023-11-16 15:37:51',1,NULL,NULL,'',NULL,'\0','\0','\0',0,NULL,'0001-01-01 00:00:00',1,NULL,'2023-11-16 15:37:51',NULL,NULL,NULL,NULL,NULL,1,'\0',NULL,1,'','2023-11-26 15:37:56','\0',NULL,NULL,NULL,'\0',0,'\0',NULL,NULL,NULL,'\0'),(64,25,64,'2023-11-16 15:37:51',1,NULL,NULL,'',NULL,'\0','\0','\0',0,NULL,'0001-01-01 00:00:00',1,NULL,'2023-11-16 15:37:51',NULL,NULL,NULL,NULL,NULL,1,'\0',NULL,1,'','2023-11-26 15:37:56','\0',NULL,NULL,NULL,'\0',0,'\0',NULL,NULL,NULL,'\0'),(65,26,63,'2023-11-16 15:40:21',1,NULL,NULL,'',NULL,'\0','\0','\0',0,NULL,'0001-01-01 00:00:00',1,NULL,'2023-11-16 15:40:21',NULL,NULL,NULL,NULL,NULL,1,'\0',NULL,1,'','2023-11-26 15:40:57','\0',NULL,NULL,NULL,'\0',0,'\0',NULL,NULL,NULL,'\0'),(66,26,64,'2023-11-16 15:40:21',1,NULL,NULL,'',NULL,'\0','\0','\0',0,NULL,'0001-01-01 00:00:00',1,NULL,'2023-11-16 15:40:21',NULL,NULL,NULL,NULL,NULL,1,'\0',NULL,1,'','2023-11-26 15:40:57','\0',NULL,NULL,NULL,'\0',0,'\0',NULL,NULL,NULL,'\0'),(67,27,61,'2023-11-21 09:59:10',6,NULL,'28','',NULL,'\0','\0','',1,NULL,'2023-11-29 16:50:29',2,NULL,'2023-11-21 09:59:10',NULL,'2023-11-29 16:50:43',4,NULL,NULL,1,'\0',NULL,1,'','2023-11-30 16:52:11','\0',NULL,28,NULL,'\0',0,'\0',NULL,NULL,'2023-11-29 16:51:21','\0'),(68,27,62,'2023-11-21 09:59:10',6,NULL,'56','',NULL,'\0','\0','',1,NULL,'2023-11-29 16:50:29',2,NULL,'2023-11-21 09:59:10',NULL,'2023-11-29 16:50:43',4,NULL,NULL,1,'\0',NULL,1,'','2023-11-30 16:52:11','\0',NULL,56,NULL,'\0',0,'\0',NULL,NULL,'2023-11-29 16:51:21','\0'),(69,27,63,'2023-11-21 09:59:10',6,NULL,'23','',NULL,'\0','\0','',1,NULL,'2023-11-29 16:50:29',2,NULL,'2023-11-21 09:59:10',NULL,'2023-11-29 16:50:43',4,NULL,NULL,1,'\0',NULL,1,'','2023-11-30 16:52:11','\0',NULL,23,NULL,'\0',0,'\0',NULL,NULL,'2023-11-29 16:51:21','\0'),(70,27,64,'2023-11-21 09:59:10',6,NULL,'47','',NULL,'\0','\0','',1,NULL,'2023-11-29 16:50:29',2,NULL,'2023-11-21 09:59:10',NULL,'2023-11-29 16:50:43',4,NULL,NULL,1,'\0',NULL,1,'','2023-11-30 16:52:11','\0',NULL,47,NULL,'\0',0,'\0',NULL,NULL,'2023-11-29 16:51:21','\0'),(71,27,65,'2023-11-21 09:59:10',6,NULL,'>12','',NULL,'\0','\0','',1,NULL,'2023-11-29 16:50:29',2,NULL,'2023-11-21 09:59:10',NULL,'2023-11-29 16:50:43',4,NULL,NULL,1,'\0',NULL,1,'','2023-11-30 16:52:11','\0',NULL,NULL,NULL,'\0',0,'\0',NULL,NULL,'2023-11-29 16:51:21','\0'),(72,28,63,'2023-11-24 12:30:39',1,NULL,NULL,'',NULL,'\0','\0','\0',0,NULL,'0001-01-01 00:00:00',1,NULL,'2023-11-24 12:30:39',NULL,NULL,NULL,NULL,NULL,1,'\0',NULL,1,'\0',NULL,'',NULL,NULL,NULL,'\0',0,'\0',NULL,NULL,NULL,'\0'),(73,28,64,'2023-11-24 12:30:39',6,NULL,'18','',NULL,'\0','\0','',1,NULL,'2023-11-24 12:41:54',2,NULL,'2023-11-24 12:30:39',NULL,'2023-11-24 12:42:00',4,NULL,NULL,1,'\0',NULL,1,'','2023-11-30 16:49:10','\0',NULL,18,NULL,'\0',0,'\0',NULL,NULL,'2023-11-24 12:43:11','\0'),(74,28,61,'2023-11-24 12:30:39',6,NULL,'25,56','',NULL,'\0','\0','',2,NULL,'2023-11-24 12:40:57',2,NULL,'2023-11-24 12:30:39',NULL,'2023-11-24 12:41:11',4,NULL,NULL,1,'\0',NULL,1,'','2023-11-30 16:49:10','\0',NULL,25.56,NULL,'\0',0,'\0',NULL,NULL,'2023-11-29 16:48:15','\0'),(75,28,62,'2023-11-24 12:30:39',6,NULL,'>35','',NULL,'\0','\0','',2,NULL,'2023-11-24 12:40:57',2,NULL,'2023-11-24 12:30:39',NULL,'2023-11-24 12:41:11',4,NULL,NULL,1,'\0',NULL,1,'','2023-11-30 16:49:10','\0',NULL,NULL,NULL,'\0',0,'\0',NULL,NULL,'2023-11-29 16:48:15','\0'),(76,28,63,'2023-11-27 11:50:11',1,NULL,NULL,'',NULL,'\0','\0','\0',0,NULL,'0001-01-01 00:00:00',1,NULL,'2023-11-27 11:50:11',NULL,NULL,NULL,NULL,NULL,1,'\0',NULL,1,'\0',NULL,'',NULL,NULL,NULL,'\0',0,'\0',NULL,NULL,NULL,'\0'),(77,28,63,'2023-11-27 11:51:10',1,NULL,NULL,'',NULL,'\0','\0','\0',0,NULL,'0001-01-01 00:00:00',1,NULL,'2023-11-27 11:51:10',NULL,NULL,NULL,NULL,NULL,1,'\0',NULL,1,'\0',NULL,'',NULL,NULL,NULL,'\0',0,'\0',NULL,NULL,NULL,'\0'),(78,28,63,'2023-11-27 12:05:40',1,NULL,NULL,'',NULL,'\0','\0','\0',0,NULL,'0001-01-01 00:00:00',1,NULL,'2023-11-27 12:05:40',NULL,NULL,NULL,NULL,NULL,1,'\0',NULL,1,'\0',NULL,'',NULL,NULL,NULL,'\0',0,'\0',NULL,NULL,NULL,'\0'),(79,28,63,'2023-11-27 17:55:12',1,NULL,NULL,'',NULL,'\0','\0','\0',0,NULL,'0001-01-01 00:00:00',1,NULL,'2023-11-27 17:55:12',NULL,NULL,NULL,NULL,NULL,1,'\0',NULL,1,'\0',NULL,'',NULL,NULL,NULL,'\0',0,'\0',NULL,NULL,NULL,'\0'),(80,29,61,'2023-11-29 16:24:13',6,'< 9.8','< 9.8','','','\0','\0','',2,'2023-11-29 09:29:43','2023-12-01 08:32:06',7,NULL,'2023-11-29 16:24:13',NULL,'2023-12-05 14:47:20',4,'2023-12-05 14:48:21',10,1,'\0',NULL,1,'','2023-12-06 14:50:04','\0',3,NULL,NULL,'\0',1,'\0',NULL,NULL,'2023-12-05 14:49:19','\0'),(81,29,62,'2023-11-29 16:24:13',6,NULL,'56','',NULL,'\0','\0','',2,NULL,'2023-12-05 14:38:00',2,NULL,'2023-11-29 16:24:13',NULL,'2023-12-05 14:47:20',4,'2023-12-05 14:48:21',10,3,'\0',NULL,1,'','2023-12-06 14:50:04','\0',NULL,56,NULL,'\0',0,'\0',NULL,NULL,'2023-12-05 14:49:19','\0'),(82,29,63,'2023-11-29 16:24:13',6,NULL,'15','',NULL,'\0','\0','',2,NULL,'2023-12-05 14:38:00',2,NULL,'2023-11-29 16:24:13',NULL,'2023-12-05 14:47:20',4,'2023-12-05 14:48:21',10,3,'\0',NULL,1,'','2023-12-06 14:50:04','\0',NULL,15,NULL,'\0',0,'\0',NULL,NULL,'2023-12-05 14:49:19','\0'),(83,29,64,'2023-11-29 16:24:13',6,NULL,'14','',NULL,'\0','\0','',2,NULL,'2023-12-05 14:38:00',2,NULL,'2023-11-29 16:24:13',NULL,'2023-12-05 14:47:20',4,'2023-12-05 14:48:21',10,3,'\0',NULL,1,'','2023-12-06 14:50:04','\0',NULL,14,NULL,'\0',0,'\0',NULL,NULL,'2023-12-05 14:49:19','\0'),(84,30,97,'2023-11-29 16:24:13',4,'0,0547','0.1','','','\0','\0','\0',0,'2023-11-30 14:26:43','2023-11-30 14:26:43',6,NULL,'2023-11-29 16:24:13',NULL,NULL,NULL,NULL,NULL,1,'\0',NULL,1,'\0',NULL,'',2,0.1,NULL,'\0',1,'\0',NULL,NULL,NULL,'\0'),(85,30,98,'2023-11-29 16:24:13',4,'0,0547','0.1','','','\0','\0','\0',0,'2023-11-30 14:30:34','2023-11-30 14:30:34',6,NULL,'2023-11-29 16:24:13',NULL,NULL,NULL,NULL,NULL,1,'\0',NULL,1,'\0',NULL,'',2,0.1,NULL,'\0',1,'\0',NULL,NULL,NULL,'\0'),(86,31,205,'2023-11-29 16:24:13',6,'0.5','0.5','100','','\0','\0','',1,'2023-11-30 10:55:03','2023-11-30 10:55:04',5,NULL,'2023-11-29 16:24:13',NULL,'2023-12-07 14:34:47',6,NULL,NULL,1,'\0',NULL,1,'','2023-12-09 16:25:10','\0',1,0.5,NULL,'\0',1,'\0',NULL,NULL,'2023-12-07 14:35:28','\0'),(87,31,206,'2023-11-29 16:24:13',1,NULL,NULL,'',NULL,'\0','\0','\0',0,NULL,'0001-01-01 00:00:00',1,NULL,'2023-11-29 16:24:13',NULL,NULL,NULL,NULL,NULL,3,'\0',NULL,1,'','2023-12-09 16:25:10','\0',NULL,NULL,NULL,'\0',0,'\0',NULL,NULL,NULL,'\0'),(88,31,231,'2023-11-29 16:24:13',1,NULL,NULL,'',NULL,'\0','\0','\0',0,NULL,'0001-01-01 00:00:00',1,NULL,'2023-11-29 16:24:13',NULL,NULL,NULL,NULL,NULL,3,'\0',NULL,1,'','2023-12-09 16:25:10','\0',NULL,NULL,NULL,'\0',0,'\0',NULL,NULL,NULL,'\0'),(89,31,250,'2023-11-29 16:24:13',1,NULL,NULL,'',NULL,'\0','\0','\0',0,NULL,'0001-01-01 00:00:00',1,NULL,'2023-11-29 16:24:13',NULL,NULL,NULL,NULL,NULL,3,'\0',NULL,1,'','2023-12-09 16:25:10','\0',NULL,NULL,NULL,'\0',0,'\0',NULL,NULL,NULL,'\0'),(90,32,331,'2023-11-29 16:29:13',1,NULL,NULL,'',NULL,'\0','\0','\0',0,NULL,'0001-01-01 00:00:00',1,NULL,'2023-11-29 16:29:13',NULL,NULL,NULL,NULL,NULL,1,'\0',NULL,1,'','2023-12-09 16:30:10','\0',NULL,NULL,NULL,'\0',0,'\0',NULL,NULL,NULL,'\0'),(91,32,332,'2023-11-29 16:29:13',1,NULL,NULL,'',NULL,'\0','\0','\0',0,NULL,'0001-01-01 00:00:00',1,NULL,'2023-11-29 16:29:13',NULL,NULL,NULL,NULL,NULL,1,'\0',NULL,1,'','2023-12-09 16:30:10','\0',NULL,NULL,NULL,'\0',0,'\0',NULL,NULL,NULL,'\0'),(92,32,355,'2023-11-29 16:29:13',4,'6','6','','','\0','\0','\0',0,'2023-11-29 12:00:44','2023-12-01 08:42:43',8,NULL,'2023-11-29 16:29:13',NULL,NULL,NULL,NULL,NULL,1,'\0',NULL,1,'\0',NULL,'',4,6,NULL,'\0',1,'\0',NULL,NULL,NULL,'\0'),(93,32,356,'2023-11-29 16:29:13',4,'5','5','','','\0','\0','\0',0,'2023-11-29 12:00:44','2023-12-01 08:42:42',8,NULL,'2023-11-29 16:29:13',NULL,NULL,NULL,NULL,NULL,1,'\0',NULL,1,'\0',NULL,'',4,5,NULL,'\0',1,'\0',NULL,NULL,NULL,'\0'),(94,33,61,'2023-11-29 16:33:13',1,NULL,NULL,'',NULL,'\0','\0','\0',0,NULL,'0001-01-01 00:00:00',1,NULL,'2023-11-29 16:33:13',NULL,NULL,NULL,NULL,NULL,1,'\0',NULL,1,'','2023-12-09 16:34:11','\0',NULL,NULL,NULL,'\0',0,'\0',NULL,NULL,NULL,'\0'),(95,33,62,'2023-11-29 16:33:13',1,NULL,NULL,'',NULL,'\0','\0','\0',0,NULL,'0001-01-01 00:00:00',1,NULL,'2023-11-29 16:33:13',NULL,NULL,NULL,NULL,NULL,1,'\0',NULL,1,'','2023-12-09 16:34:11','\0',NULL,NULL,NULL,'\0',0,'\0',NULL,NULL,NULL,'\0'),(96,33,63,'2023-11-29 16:33:13',1,NULL,NULL,'',NULL,'\0','\0','\0',0,NULL,'0001-01-01 00:00:00',1,NULL,'2023-11-29 16:33:13',NULL,NULL,NULL,NULL,NULL,1,'\0',NULL,1,'','2023-12-09 16:34:11','\0',NULL,NULL,NULL,'\0',0,'\0',NULL,NULL,NULL,'\0'),(97,33,64,'2023-11-29 16:33:13',1,NULL,NULL,'',NULL,'\0','\0','\0',0,NULL,'0001-01-01 00:00:00',1,NULL,'2023-11-29 16:33:13',NULL,NULL,NULL,NULL,NULL,1,'\0',NULL,1,'','2023-12-09 16:34:11','\0',NULL,NULL,NULL,'\0',0,'\0',NULL,NULL,NULL,'\0'),(98,34,97,'2023-11-29 16:33:13',1,NULL,NULL,'',NULL,'\0','\0','\0',0,NULL,'0001-01-01 00:00:00',1,NULL,'2023-11-29 16:33:13',NULL,NULL,NULL,NULL,NULL,3,'\0',NULL,1,'','2023-12-09 16:34:11','\0',NULL,NULL,NULL,'\0',0,'\0',NULL,NULL,NULL,'\0'),(99,34,98,'2023-11-29 16:33:13',1,NULL,NULL,'',NULL,'\0','\0','\0',0,NULL,'0001-01-01 00:00:00',1,NULL,'2023-11-29 16:33:13',NULL,NULL,NULL,NULL,NULL,3,'\0',NULL,1,'','2023-12-09 16:34:11','\0',NULL,NULL,NULL,'\0',0,'\0',NULL,NULL,NULL,'\0'),(100,35,205,'2023-11-29 16:33:13',1,NULL,NULL,'',NULL,'\0','\0','\0',0,NULL,'0001-01-01 00:00:00',1,NULL,'2023-11-29 16:33:13',NULL,NULL,NULL,NULL,NULL,3,'\0',NULL,1,'','2023-12-09 16:34:11','\0',NULL,NULL,NULL,'\0',0,'\0',NULL,NULL,NULL,'\0'),(101,35,206,'2023-11-29 16:33:13',1,NULL,NULL,'',NULL,'\0','\0','\0',0,NULL,'0001-01-01 00:00:00',1,NULL,'2023-11-29 16:33:13',NULL,NULL,NULL,NULL,NULL,3,'\0',NULL,1,'','2023-12-09 16:34:11','\0',NULL,NULL,NULL,'\0',0,'\0',NULL,NULL,NULL,'\0'),(102,35,231,'2023-11-29 16:33:13',1,NULL,NULL,'',NULL,'\0','\0','\0',0,NULL,'0001-01-01 00:00:00',1,NULL,'2023-11-29 16:33:13',NULL,NULL,NULL,NULL,NULL,3,'\0',NULL,1,'','2023-12-09 16:34:11','\0',NULL,NULL,NULL,'\0',0,'\0',NULL,NULL,NULL,'\0'),(103,35,250,'2023-11-29 16:33:13',1,NULL,NULL,'',NULL,'\0','\0','\0',0,NULL,'0001-01-01 00:00:00',1,NULL,'2023-11-29 16:33:13',NULL,NULL,NULL,NULL,NULL,3,'\0',NULL,1,'','2023-12-09 16:34:11','\0',NULL,NULL,NULL,'\0',0,'\0',NULL,NULL,NULL,'\0'),(104,36,331,'2023-11-29 16:33:13',1,NULL,NULL,'',NULL,'\0','\0','\0',0,NULL,'0001-01-01 00:00:00',1,NULL,'2023-11-29 16:33:13',NULL,NULL,NULL,NULL,NULL,1,'\0',NULL,1,'','2023-12-09 16:34:11','\0',NULL,NULL,NULL,'\0',0,'\0',NULL,NULL,NULL,'\0'),(105,36,332,'2023-11-29 16:33:13',1,NULL,NULL,'',NULL,'\0','\0','\0',0,NULL,'0001-01-01 00:00:00',1,NULL,'2023-11-29 16:33:13',NULL,NULL,NULL,NULL,NULL,1,'\0',NULL,1,'','2023-12-09 16:34:11','\0',NULL,NULL,NULL,'\0',0,'\0',NULL,NULL,NULL,'\0'),(106,36,355,'2023-11-29 16:33:13',1,NULL,NULL,'',NULL,'\0','\0','\0',0,NULL,'0001-01-01 00:00:00',1,NULL,'2023-11-29 16:33:13',NULL,NULL,NULL,NULL,NULL,1,'\0',NULL,1,'','2023-12-09 16:34:11','\0',NULL,NULL,NULL,'\0',0,'\0',NULL,NULL,NULL,'\0'),(107,36,356,'2023-11-29 16:33:13',1,NULL,NULL,'',NULL,'\0','\0','\0',0,NULL,'0001-01-01 00:00:00',1,NULL,'2023-11-29 16:33:13',NULL,NULL,NULL,NULL,NULL,1,'\0',NULL,1,'','2023-12-09 16:34:11','\0',NULL,NULL,NULL,'\0',0,'\0',NULL,NULL,NULL,'\0'),(108,30,91,'2023-11-30 15:22:00',1,NULL,NULL,'',NULL,'\0','\0','\0',0,NULL,'0001-01-01 00:00:00',2,NULL,'2023-11-30 15:22:00',NULL,NULL,NULL,NULL,NULL,3,'\0',NULL,3,'','2023-12-09 16:25:10','\0',NULL,NULL,NULL,'\0',0,'\0',NULL,NULL,NULL,'\0'),(109,30,97,'2023-11-30 15:22:12',1,NULL,NULL,'',NULL,'\0','\0','\0',0,NULL,'0001-01-01 00:00:00',2,NULL,'2023-11-30 15:22:12',NULL,NULL,NULL,NULL,NULL,1,'\0',NULL,3,'\0',NULL,'',NULL,NULL,NULL,'\0',0,'\0',NULL,NULL,NULL,'\0'),(110,30,98,'2023-11-30 15:22:12',6,'0,0547','0.1','','','\0','\0','',1,'2023-11-30 15:24:35','2023-11-30 15:24:35',6,NULL,'2023-11-30 15:22:12',NULL,'2023-12-05 14:03:39',5,NULL,NULL,3,'\0',NULL,3,'','2023-12-09 16:25:10','\0',2,0.1,NULL,'\0',1,'\0',NULL,NULL,'2023-12-05 14:04:49','\0'),(111,30,97,'2023-11-30 16:01:00',1,NULL,NULL,'',NULL,'\0','\0','\0',0,NULL,'0001-01-01 00:00:00',2,NULL,'2023-11-30 16:01:00',NULL,NULL,NULL,NULL,NULL,3,'\0',NULL,3,'','2023-12-09 16:25:10','\0',NULL,NULL,NULL,'\0',0,'\0',NULL,NULL,NULL,'\0'),(112,32,355,'2023-12-01 08:47:59',4,'++++','++++','','6','\0','\0','\0',0,'2023-11-29 12:00:44','2023-12-01 08:57:27',8,NULL,'2023-12-01 08:47:59',NULL,NULL,NULL,NULL,NULL,1,'\0',NULL,3,'','2023-12-09 16:30:10','\0',4,NULL,NULL,'\0',2,'\0',NULL,NULL,NULL,'\0'),(113,32,356,'2023-12-01 08:47:59',4,'++','++','','5','\0','\0','\0',0,'2023-11-29 12:00:44','2023-12-01 08:57:27',8,NULL,'2023-12-01 08:47:59',NULL,NULL,NULL,NULL,NULL,1,'\0',NULL,3,'','2023-12-09 16:30:10','\0',4,NULL,NULL,'\0',2,'\0',NULL,NULL,NULL,'\0'),(114,37,201,'2023-12-05 09:18:10',1,NULL,NULL,'',NULL,'\0','\0','\0',0,NULL,'0001-01-01 00:00:00',1,NULL,'2023-12-05 09:18:10',NULL,NULL,NULL,NULL,NULL,3,'\0',NULL,1,'','2023-12-15 09:18:46','\0',NULL,NULL,NULL,'\0',0,'\0',NULL,NULL,NULL,'\0'),(115,37,295,'2023-12-05 09:18:10',1,NULL,NULL,'',NULL,'\0','\0','\0',0,NULL,'0001-01-01 00:00:00',1,NULL,'2023-12-05 09:18:10',NULL,NULL,NULL,NULL,NULL,3,'\0',NULL,1,'','2023-12-15 09:18:46','\0',NULL,NULL,NULL,'\0',0,'\0',NULL,NULL,NULL,'\0'),(116,37,294,'2023-12-05 09:18:10',1,NULL,NULL,'',NULL,'\0','\0','\0',0,NULL,'0001-01-01 00:00:00',1,NULL,'2023-12-05 09:18:10',NULL,NULL,NULL,NULL,NULL,3,'\0',NULL,1,'','2023-12-15 09:18:46','\0',NULL,NULL,NULL,'\0',0,'\0',NULL,NULL,NULL,'\0'),(117,37,199,'2023-12-05 09:18:10',1,NULL,NULL,'',NULL,'\0','\0','\0',0,NULL,'0001-01-01 00:00:00',1,NULL,'2023-12-05 09:18:10',NULL,NULL,NULL,NULL,NULL,1,'\0',NULL,1,'','2023-12-15 09:18:46','\0',NULL,NULL,NULL,'\0',0,'\0',NULL,NULL,NULL,'\0'),(118,37,200,'2023-12-05 09:18:10',1,NULL,NULL,'',NULL,'\0','\0','\0',0,NULL,'0001-01-01 00:00:00',1,NULL,'2023-12-05 09:18:10',NULL,NULL,NULL,NULL,NULL,1,'\0',NULL,1,'','2023-12-15 09:18:46','\0',NULL,NULL,NULL,'\0',0,'\0',NULL,NULL,NULL,'\0'),(119,37,198,'2023-12-05 09:18:10',1,NULL,NULL,'',NULL,'\0','\0','\0',0,NULL,'0001-01-01 00:00:00',1,NULL,'2023-12-05 09:18:10',NULL,NULL,NULL,NULL,NULL,3,'\0',NULL,1,'','2023-12-15 09:18:46','\0',NULL,NULL,NULL,'\0',0,'\0',NULL,NULL,NULL,'\0'),(120,37,289,'2023-12-05 09:18:10',1,NULL,NULL,'',NULL,'\0','\0','\0',0,NULL,'0001-01-01 00:00:00',1,NULL,'2023-12-05 09:18:10',NULL,NULL,NULL,NULL,NULL,3,'\0',NULL,1,'','2023-12-15 09:18:46','\0',NULL,NULL,NULL,'\0',0,'\0',NULL,NULL,NULL,'\0'),(121,37,288,'2023-12-05 09:18:10',1,NULL,NULL,'',NULL,'\0','\0','\0',0,NULL,'0001-01-01 00:00:00',1,NULL,'2023-12-05 09:18:10',NULL,NULL,NULL,NULL,NULL,3,'\0',NULL,1,'','2023-12-15 09:18:46','\0',NULL,NULL,NULL,'\0',0,'\0',NULL,NULL,NULL,'\0'),(122,37,202,'2023-12-05 09:18:10',1,NULL,NULL,'',NULL,'\0','\0','\0',0,NULL,'0001-01-01 00:00:00',1,NULL,'2023-12-05 09:18:10',NULL,NULL,NULL,NULL,NULL,1,'\0',NULL,1,'','2023-12-15 09:18:46','\0',NULL,NULL,NULL,'\0',0,'\0',NULL,NULL,NULL,'\0'),(123,38,291,'2023-12-05 09:18:11',6,NULL,'3','',NULL,'\0','\0','',1,NULL,'2023-12-05 14:07:34',3,NULL,'2023-12-05 09:18:11',NULL,'2023-12-05 14:07:51',5,NULL,NULL,3,'\0',NULL,1,'','2023-12-06 14:09:02','\0',NULL,3,NULL,'\0',0,'\0',NULL,NULL,'2023-12-05 14:08:53','\0'),(124,38,293,'2023-12-05 09:18:11',6,NULL,'1.2','',NULL,'\0','\0','',1,NULL,'2023-12-05 14:07:34',3,NULL,'2023-12-05 09:18:11',NULL,'2023-12-05 14:07:51',5,NULL,NULL,3,'\0',NULL,1,'','2023-12-06 14:09:02','\0',NULL,1.2,NULL,'\0',0,'\0',NULL,NULL,'2023-12-05 14:08:53','\0'),(125,37,205,'2023-12-05 09:22:10',1,NULL,NULL,'',NULL,'\0','\0','\0',0,NULL,'0001-01-01 00:00:00',1,NULL,'2023-12-05 09:22:10',NULL,NULL,NULL,NULL,NULL,3,'\0',NULL,1,'','2023-12-15 09:18:46','\0',NULL,NULL,NULL,'\0',0,'\0',NULL,NULL,NULL,'\0'),(126,39,205,'2023-12-05 09:26:10',1,NULL,NULL,'',NULL,'\0','\0','\0',0,NULL,'0001-01-01 00:00:00',1,NULL,'2023-12-05 09:26:10',NULL,NULL,NULL,NULL,NULL,3,'\0',NULL,1,'','2023-12-15 09:26:47','\0',NULL,NULL,NULL,'\0',0,'\0',NULL,NULL,NULL,'\0'),(127,39,201,'2023-12-05 09:26:10',1,NULL,NULL,'',NULL,'\0','\0','\0',0,NULL,'0001-01-01 00:00:00',1,NULL,'2023-12-05 09:26:10',NULL,NULL,NULL,NULL,NULL,3,'\0',NULL,1,'','2023-12-15 09:26:47','\0',NULL,NULL,NULL,'\0',0,'\0',NULL,NULL,NULL,'\0'),(128,39,295,'2023-12-05 09:26:10',1,NULL,NULL,'',NULL,'\0','\0','\0',0,NULL,'0001-01-01 00:00:00',1,NULL,'2023-12-05 09:26:10',NULL,NULL,NULL,NULL,NULL,3,'\0',NULL,1,'','2023-12-15 09:26:47','\0',NULL,NULL,NULL,'\0',0,'\0',NULL,NULL,NULL,'\0'),(129,39,294,'2023-12-05 09:26:10',1,NULL,NULL,'',NULL,'\0','\0','\0',0,NULL,'0001-01-01 00:00:00',1,NULL,'2023-12-05 09:26:10',NULL,NULL,NULL,NULL,NULL,3,'\0',NULL,1,'','2023-12-15 09:26:47','\0',NULL,NULL,NULL,'\0',0,'\0',NULL,NULL,NULL,'\0'),(130,39,199,'2023-12-05 09:26:10',1,NULL,NULL,'',NULL,'\0','\0','\0',0,NULL,'0001-01-01 00:00:00',1,NULL,'2023-12-05 09:26:10',NULL,NULL,NULL,NULL,NULL,1,'\0',NULL,1,'','2023-12-15 09:26:47','\0',NULL,NULL,NULL,'\0',0,'\0',NULL,NULL,NULL,'\0'),(131,39,200,'2023-12-05 09:26:10',1,NULL,NULL,'',NULL,'\0','\0','\0',0,NULL,'0001-01-01 00:00:00',1,NULL,'2023-12-05 09:26:10',NULL,NULL,NULL,NULL,NULL,1,'\0',NULL,1,'','2023-12-15 09:26:47','\0',NULL,NULL,NULL,'\0',0,'\0',NULL,NULL,NULL,'\0'),(132,39,198,'2023-12-05 09:26:10',1,NULL,NULL,'',NULL,'\0','\0','\0',0,NULL,'0001-01-01 00:00:00',1,NULL,'2023-12-05 09:26:10',NULL,NULL,NULL,NULL,NULL,3,'\0',NULL,1,'','2023-12-15 09:26:47','\0',NULL,NULL,NULL,'\0',0,'\0',NULL,NULL,NULL,'\0'),(133,39,289,'2023-12-05 09:26:10',1,NULL,NULL,'',NULL,'\0','\0','\0',0,NULL,'0001-01-01 00:00:00',1,NULL,'2023-12-05 09:26:10',NULL,NULL,NULL,NULL,NULL,3,'\0',NULL,1,'','2023-12-15 09:26:47','\0',NULL,NULL,NULL,'\0',0,'\0',NULL,NULL,NULL,'\0'),(134,39,288,'2023-12-05 09:26:10',1,NULL,NULL,'',NULL,'\0','\0','\0',0,NULL,'0001-01-01 00:00:00',1,NULL,'2023-12-05 09:26:10',NULL,NULL,NULL,NULL,NULL,3,'\0',NULL,1,'','2023-12-15 09:26:47','\0',NULL,NULL,NULL,'\0',0,'\0',NULL,NULL,NULL,'\0'),(135,39,202,'2023-12-05 09:26:10',1,NULL,NULL,'',NULL,'\0','\0','\0',0,NULL,'0001-01-01 00:00:00',1,NULL,'2023-12-05 09:26:10',NULL,NULL,NULL,NULL,NULL,1,'\0',NULL,1,'','2023-12-15 09:26:47','\0',NULL,NULL,NULL,'\0',0,'\0',NULL,NULL,NULL,'\0'),(136,40,291,'2023-12-05 09:26:10',6,NULL,'5','',NULL,'\0','\0','',1,NULL,'2023-12-05 14:51:11',2,NULL,'2023-12-05 09:26:10',NULL,'2023-12-05 14:51:35',4,'2023-12-05 14:52:32',10,3,'\0',NULL,1,'','2023-12-06 14:54:05','\0',NULL,5,NULL,'\0',0,'\0',NULL,NULL,'2023-12-05 14:53:22','\0'),(137,40,293,'2023-12-05 09:26:10',6,NULL,'3','',NULL,'\0','\0','',1,NULL,'2023-12-05 14:51:11',2,NULL,'2023-12-05 09:26:10',NULL,'2023-12-05 14:51:35',4,'2023-12-05 14:52:32',10,3,'\0',NULL,1,'','2023-12-06 14:54:05','\0',NULL,3,NULL,'\0',0,'\0',NULL,NULL,'2023-12-05 14:53:22','\0'),(138,41,205,'2023-12-06 11:22:30',1,NULL,NULL,NULL,NULL,'\0','\0','\0',0,NULL,'0001-01-01 00:00:00',2,NULL,'2023-12-06 11:22:30',NULL,NULL,NULL,NULL,NULL,3,'\0',NULL,3,'','2024-01-11 17:14:07','',NULL,NULL,NULL,'\0',0,'\0',NULL,NULL,NULL,'\0'),(139,41,198,'2023-12-06 11:22:30',1,NULL,NULL,NULL,NULL,'\0','\0','\0',0,NULL,'0001-01-01 00:00:00',2,NULL,'2023-12-06 11:22:30',NULL,NULL,NULL,NULL,NULL,3,'\0',NULL,3,'','2024-01-11 17:14:07','',NULL,NULL,NULL,'\0',0,'\0',NULL,NULL,NULL,'\0'),(140,41,360,'2023-12-06 11:22:30',1,NULL,NULL,NULL,NULL,'\0','\0','\0',0,NULL,'0001-01-01 00:00:00',2,NULL,'2023-12-06 11:22:30',NULL,NULL,NULL,NULL,NULL,3,'\0',NULL,3,'','2024-01-11 17:14:07','',NULL,NULL,NULL,'\0',0,'\0',NULL,NULL,NULL,'\0'),(141,41,361,'2023-12-06 11:22:30',1,NULL,NULL,NULL,NULL,'\0','\0','\0',0,NULL,'0001-01-01 00:00:00',2,NULL,'2023-12-06 11:22:30',NULL,NULL,NULL,NULL,NULL,3,'\0',NULL,3,'','2024-01-11 17:14:07','',NULL,NULL,NULL,'\0',0,'\0',NULL,NULL,NULL,'\0'),(142,41,201,'2023-12-06 11:22:30',1,NULL,NULL,NULL,NULL,'\0','\0','\0',0,NULL,'0001-01-01 00:00:00',2,NULL,'2023-12-06 11:22:30',NULL,NULL,NULL,NULL,NULL,3,'\0',NULL,3,'','2024-01-11 17:14:07','',NULL,NULL,NULL,'\0',0,'\0',NULL,NULL,NULL,'\0'),(143,41,362,'2023-12-06 11:22:30',1,NULL,NULL,NULL,NULL,'\0','\0','\0',0,NULL,'0001-01-01 00:00:00',2,NULL,'2023-12-06 11:22:30',NULL,NULL,NULL,NULL,NULL,3,'\0',NULL,3,'','2024-01-11 17:14:07','',NULL,NULL,NULL,'\0',0,'\0',NULL,NULL,NULL,'\0'),(144,41,203,'2023-12-06 11:22:30',1,NULL,NULL,NULL,NULL,'\0','\0','\0',0,NULL,'0001-01-01 00:00:00',2,NULL,'2023-12-06 11:22:30',NULL,NULL,NULL,NULL,NULL,3,'\0',NULL,3,'','2024-01-11 17:14:07','',NULL,NULL,NULL,'\0',0,'\0',NULL,NULL,NULL,'\0'),(145,41,204,'2023-12-06 11:22:30',1,NULL,NULL,NULL,NULL,'\0','\0','\0',0,NULL,'0001-01-01 00:00:00',2,NULL,'2023-12-06 11:22:30',NULL,NULL,NULL,NULL,NULL,3,'\0',NULL,3,'','2024-01-11 17:14:07','',NULL,NULL,NULL,'\0',0,'\0',NULL,NULL,NULL,'\0'),(146,41,209,'2023-12-06 11:22:30',1,NULL,NULL,NULL,NULL,'\0','\0','\0',0,NULL,'0001-01-01 00:00:00',2,NULL,'2023-12-06 11:22:30',NULL,NULL,NULL,NULL,NULL,3,'\0',NULL,3,'','2024-01-11 17:14:07','',NULL,NULL,NULL,'\0',0,'\0',NULL,NULL,NULL,'\0'),(147,41,208,'2023-12-06 11:22:30',1,NULL,NULL,NULL,NULL,'\0','\0','\0',0,NULL,'0001-01-01 00:00:00',2,NULL,'2023-12-06 11:22:30',NULL,NULL,NULL,NULL,NULL,3,'\0',NULL,3,'','2024-01-11 17:14:07','',NULL,NULL,NULL,'\0',0,'\0',NULL,NULL,NULL,'\0'),(148,41,207,'2023-12-06 11:22:30',1,NULL,NULL,NULL,NULL,'\0','\0','\0',0,NULL,'0001-01-01 00:00:00',2,NULL,'2023-12-06 11:22:30',NULL,NULL,NULL,NULL,NULL,3,'\0',NULL,3,'','2024-01-11 17:14:07','',NULL,NULL,NULL,'\0',0,'\0',NULL,NULL,NULL,'\0'),(149,41,206,'2023-12-06 11:22:30',1,NULL,NULL,NULL,NULL,'\0','\0','\0',0,NULL,'0001-01-01 00:00:00',2,NULL,'2023-12-06 11:22:30',NULL,NULL,NULL,NULL,NULL,3,'\0',NULL,3,'','2024-01-11 17:14:07','',NULL,NULL,NULL,'\0',0,'\0',NULL,NULL,NULL,'\0'),(150,41,210,'2023-12-06 11:22:30',1,NULL,NULL,NULL,NULL,'\0','\0','\0',0,NULL,'0001-01-01 00:00:00',2,NULL,'2023-12-06 11:22:30',NULL,NULL,NULL,NULL,NULL,3,'\0',NULL,3,'','2024-01-11 17:14:07','',NULL,NULL,NULL,'\0',0,'\0',NULL,NULL,NULL,'\0'),(151,41,211,'2023-12-06 11:22:30',1,NULL,NULL,NULL,NULL,'\0','\0','\0',0,NULL,'0001-01-01 00:00:00',2,NULL,'2023-12-06 11:22:30',NULL,NULL,NULL,NULL,NULL,3,'\0',NULL,3,'','2024-01-11 17:14:07','',NULL,NULL,NULL,'\0',0,'\0',NULL,NULL,NULL,'\0'),(152,41,212,'2023-12-06 11:22:30',1,NULL,NULL,NULL,NULL,'\0','\0','\0',0,NULL,'0001-01-01 00:00:00',2,NULL,'2023-12-06 11:22:30',NULL,NULL,NULL,NULL,NULL,3,'\0',NULL,3,'','2024-01-11 17:14:07','',NULL,NULL,NULL,'\0',0,'\0',NULL,NULL,NULL,'\0'),(153,41,213,'2023-12-06 11:22:30',1,NULL,NULL,NULL,NULL,'\0','\0','\0',0,NULL,'0001-01-01 00:00:00',2,NULL,'2023-12-06 11:22:30',NULL,NULL,NULL,NULL,NULL,3,'\0',NULL,3,'','2024-01-11 17:14:07','',NULL,NULL,NULL,'\0',0,'\0',NULL,NULL,NULL,'\0'),(154,41,214,'2023-12-06 11:22:30',1,NULL,NULL,NULL,NULL,'\0','\0','\0',0,NULL,'0001-01-01 00:00:00',2,NULL,'2023-12-06 11:22:30',NULL,NULL,NULL,NULL,NULL,3,'\0',NULL,3,'','2024-01-11 17:14:07','',NULL,NULL,NULL,'\0',0,'\0',NULL,NULL,NULL,'\0'),(155,41,215,'2023-12-06 11:22:30',1,NULL,NULL,NULL,NULL,'\0','\0','\0',0,NULL,'0001-01-01 00:00:00',2,NULL,'2023-12-06 11:22:30',NULL,NULL,NULL,NULL,NULL,3,'\0',NULL,3,'','2024-01-11 17:14:07','',NULL,NULL,NULL,'\0',0,'\0',NULL,NULL,NULL,'\0'),(156,41,216,'2023-12-06 11:22:30',1,NULL,NULL,NULL,NULL,'\0','\0','\0',0,NULL,'0001-01-01 00:00:00',2,NULL,'2023-12-06 11:22:30',NULL,NULL,NULL,NULL,NULL,3,'\0',NULL,3,'','2024-01-11 17:14:07','',NULL,NULL,NULL,'\0',0,'\0',NULL,NULL,NULL,'\0'),(157,41,217,'2023-12-06 11:22:30',1,NULL,NULL,NULL,NULL,'\0','\0','\0',0,NULL,'0001-01-01 00:00:00',2,NULL,'2023-12-06 11:22:30',NULL,NULL,NULL,NULL,NULL,3,'\0',NULL,3,'','2024-01-11 17:14:07','',NULL,NULL,NULL,'\0',0,'\0',NULL,NULL,NULL,'\0'),(158,41,218,'2023-12-06 11:22:30',1,NULL,NULL,NULL,NULL,'\0','\0','\0',0,NULL,'0001-01-01 00:00:00',2,NULL,'2023-12-06 11:22:30',NULL,NULL,NULL,NULL,NULL,3,'\0',NULL,3,'','2024-01-11 17:14:07','',NULL,NULL,NULL,'\0',0,'\0',NULL,NULL,NULL,'\0'),(159,41,219,'2023-12-06 11:22:30',1,NULL,NULL,NULL,NULL,'\0','\0','\0',0,NULL,'0001-01-01 00:00:00',2,NULL,'2023-12-06 11:22:30',NULL,NULL,NULL,NULL,NULL,3,'\0',NULL,3,'','2024-01-11 17:14:07','',NULL,NULL,NULL,'\0',0,'\0',NULL,NULL,NULL,'\0'),(160,41,220,'2023-12-06 11:22:30',1,NULL,NULL,NULL,NULL,'\0','\0','\0',0,NULL,'0001-01-01 00:00:00',2,NULL,'2023-12-06 11:22:30',NULL,NULL,NULL,NULL,NULL,3,'\0',NULL,3,'','2024-01-11 17:14:07','',NULL,NULL,NULL,'\0',0,'\0',NULL,NULL,NULL,'\0'),(161,41,221,'2023-12-06 11:22:30',1,NULL,NULL,NULL,NULL,'\0','\0','\0',0,NULL,'0001-01-01 00:00:00',2,NULL,'2023-12-06 11:22:30',NULL,NULL,NULL,NULL,NULL,3,'\0',NULL,3,'','2024-01-11 17:14:07','',NULL,NULL,NULL,'\0',0,'\0',NULL,NULL,NULL,'\0'),(162,41,222,'2023-12-06 11:22:30',1,NULL,NULL,NULL,NULL,'\0','\0','\0',0,NULL,'0001-01-01 00:00:00',2,NULL,'2023-12-06 11:22:30',NULL,NULL,NULL,NULL,NULL,3,'\0',NULL,3,'','2024-01-11 17:14:07','',NULL,NULL,NULL,'\0',0,'\0',NULL,NULL,NULL,'\0'),(163,41,223,'2023-12-06 11:22:30',1,NULL,NULL,NULL,NULL,'\0','\0','\0',0,NULL,'0001-01-01 00:00:00',2,NULL,'2023-12-06 11:22:30',NULL,NULL,NULL,NULL,NULL,3,'\0',NULL,3,'','2024-01-11 17:14:07','',NULL,NULL,NULL,'\0',0,'\0',NULL,NULL,NULL,'\0'),(164,41,224,'2023-12-06 11:22:30',1,NULL,NULL,NULL,NULL,'\0','\0','\0',0,NULL,'0001-01-01 00:00:00',2,NULL,'2023-12-06 11:22:30',NULL,NULL,NULL,NULL,NULL,3,'\0',NULL,3,'','2024-01-11 17:14:07','',NULL,NULL,NULL,'\0',0,'\0',NULL,NULL,NULL,'\0'),(165,41,225,'2023-12-06 11:22:30',1,NULL,NULL,NULL,NULL,'\0','\0','\0',0,NULL,'0001-01-01 00:00:00',2,NULL,'2023-12-06 11:22:30',NULL,NULL,NULL,NULL,NULL,3,'\0',NULL,3,'','2024-01-11 17:14:07','',NULL,NULL,NULL,'\0',0,'\0',NULL,NULL,NULL,'\0'),(166,41,226,'2023-12-06 11:22:30',1,NULL,NULL,NULL,NULL,'\0','\0','\0',0,NULL,'0001-01-01 00:00:00',2,NULL,'2023-12-06 11:22:30',NULL,NULL,NULL,NULL,NULL,3,'\0',NULL,3,'','2024-01-11 17:14:07','',NULL,NULL,NULL,'\0',0,'\0',NULL,NULL,NULL,'\0'),(167,41,227,'2023-12-06 11:22:30',1,NULL,NULL,NULL,NULL,'\0','\0','\0',0,NULL,'0001-01-01 00:00:00',2,NULL,'2023-12-06 11:22:30',NULL,NULL,NULL,NULL,NULL,3,'\0',NULL,3,'','2024-01-11 17:14:07','',NULL,NULL,NULL,'\0',0,'\0',NULL,NULL,NULL,'\0'),(168,41,228,'2023-12-06 11:22:30',1,NULL,NULL,NULL,NULL,'\0','\0','\0',0,NULL,'0001-01-01 00:00:00',2,NULL,'2023-12-06 11:22:30',NULL,NULL,NULL,NULL,NULL,3,'\0',NULL,3,'','2024-01-11 17:14:07','',NULL,NULL,NULL,'\0',0,'\0',NULL,NULL,NULL,'\0'),(169,41,229,'2023-12-06 11:22:30',1,NULL,NULL,NULL,NULL,'\0','\0','\0',0,NULL,'0001-01-01 00:00:00',2,NULL,'2023-12-06 11:22:30',NULL,NULL,NULL,NULL,NULL,3,'\0',NULL,3,'','2024-01-11 17:14:07','',NULL,NULL,NULL,'\0',0,'\0',NULL,NULL,NULL,'\0'),(170,41,230,'2023-12-06 11:22:30',1,NULL,NULL,NULL,NULL,'\0','\0','\0',0,NULL,'0001-01-01 00:00:00',2,NULL,'2023-12-06 11:22:30',NULL,NULL,NULL,NULL,NULL,3,'\0',NULL,3,'','2024-01-11 17:14:07','',NULL,NULL,NULL,'\0',0,'\0',NULL,NULL,NULL,'\0'),(171,41,231,'2023-12-06 11:22:30',1,NULL,NULL,NULL,NULL,'\0','\0','\0',0,NULL,'0001-01-01 00:00:00',2,NULL,'2023-12-06 11:22:30',NULL,NULL,NULL,NULL,NULL,3,'\0',NULL,3,'','2024-01-11 17:14:07','',NULL,NULL,NULL,'\0',0,'\0',NULL,NULL,NULL,'\0'),(172,41,232,'2023-12-06 11:22:30',1,NULL,NULL,NULL,NULL,'\0','\0','\0',0,NULL,'0001-01-01 00:00:00',2,NULL,'2023-12-06 11:22:30',NULL,NULL,NULL,NULL,NULL,3,'\0',NULL,3,'','2024-01-11 17:14:07','',NULL,NULL,NULL,'\0',0,'\0',NULL,NULL,NULL,'\0'),(173,41,233,'2023-12-06 11:22:30',1,NULL,NULL,NULL,NULL,'\0','\0','\0',0,NULL,'0001-01-01 00:00:00',2,NULL,'2023-12-06 11:22:30',NULL,NULL,NULL,NULL,NULL,3,'\0',NULL,3,'','2024-01-11 17:14:07','',NULL,NULL,NULL,'\0',0,'\0',NULL,NULL,NULL,'\0'),(174,41,234,'2023-12-06 11:22:30',1,NULL,NULL,NULL,NULL,'\0','\0','\0',0,NULL,'0001-01-01 00:00:00',2,NULL,'2023-12-06 11:22:30',NULL,NULL,NULL,NULL,NULL,3,'\0',NULL,3,'','2024-01-11 17:14:07','',NULL,NULL,NULL,'\0',0,'\0',NULL,NULL,NULL,'\0'),(175,41,235,'2023-12-06 11:22:30',1,NULL,NULL,NULL,NULL,'\0','\0','\0',0,NULL,'0001-01-01 00:00:00',2,NULL,'2023-12-06 11:22:30',NULL,NULL,NULL,NULL,NULL,3,'\0',NULL,3,'','2024-01-11 17:14:07','',NULL,NULL,NULL,'\0',0,'\0',NULL,NULL,NULL,'\0'),(176,41,236,'2023-12-06 11:22:30',1,NULL,NULL,NULL,NULL,'\0','\0','\0',0,NULL,'0001-01-01 00:00:00',2,NULL,'2023-12-06 11:22:30',NULL,NULL,NULL,NULL,NULL,3,'\0',NULL,3,'','2024-01-11 17:14:07','',NULL,NULL,NULL,'\0',0,'\0',NULL,NULL,NULL,'\0'),(177,41,237,'2023-12-06 11:22:30',1,NULL,NULL,NULL,NULL,'\0','\0','\0',0,NULL,'0001-01-01 00:00:00',2,NULL,'2023-12-06 11:22:30',NULL,NULL,NULL,NULL,NULL,3,'\0',NULL,3,'','2024-01-11 17:14:07','',NULL,NULL,NULL,'\0',0,'\0',NULL,NULL,NULL,'\0'),(178,41,238,'2023-12-06 11:22:30',1,NULL,NULL,NULL,NULL,'\0','\0','\0',0,NULL,'0001-01-01 00:00:00',2,NULL,'2023-12-06 11:22:30',NULL,NULL,NULL,NULL,NULL,3,'\0',NULL,3,'','2024-01-11 17:14:07','',NULL,NULL,NULL,'\0',0,'\0',NULL,NULL,NULL,'\0'),(179,41,239,'2023-12-06 11:22:30',1,NULL,NULL,NULL,NULL,'\0','\0','\0',0,NULL,'0001-01-01 00:00:00',2,NULL,'2023-12-06 11:22:30',NULL,NULL,NULL,NULL,NULL,3,'\0',NULL,3,'','2024-01-11 17:14:07','',NULL,NULL,NULL,'\0',0,'\0',NULL,NULL,NULL,'\0'),(180,41,240,'2023-12-06 11:22:30',1,NULL,NULL,NULL,NULL,'\0','\0','\0',0,NULL,'0001-01-01 00:00:00',2,NULL,'2023-12-06 11:22:30',NULL,NULL,NULL,NULL,NULL,3,'\0',NULL,3,'','2024-01-11 17:14:07','',NULL,NULL,NULL,'\0',0,'\0',NULL,NULL,NULL,'\0'),(181,41,241,'2023-12-06 11:22:30',1,NULL,NULL,NULL,NULL,'\0','\0','\0',0,NULL,'0001-01-01 00:00:00',2,NULL,'2023-12-06 11:22:30',NULL,NULL,NULL,NULL,NULL,3,'\0',NULL,3,'','2024-01-11 17:14:07','',NULL,NULL,NULL,'\0',0,'\0',NULL,NULL,NULL,'\0'),(182,41,242,'2023-12-06 11:22:30',1,NULL,NULL,NULL,NULL,'\0','\0','\0',0,NULL,'0001-01-01 00:00:00',2,NULL,'2023-12-06 11:22:30',NULL,NULL,NULL,NULL,NULL,3,'\0',NULL,3,'','2024-01-11 17:14:07','',NULL,NULL,NULL,'\0',0,'\0',NULL,NULL,NULL,'\0'),(183,41,243,'2023-12-06 11:22:30',1,NULL,NULL,NULL,NULL,'\0','\0','\0',0,NULL,'0001-01-01 00:00:00',2,NULL,'2023-12-06 11:22:30',NULL,NULL,NULL,NULL,NULL,3,'\0',NULL,3,'','2024-01-11 17:14:07','',NULL,NULL,NULL,'\0',0,'\0',NULL,NULL,NULL,'\0'),(184,41,244,'2023-12-06 11:22:30',1,NULL,NULL,NULL,NULL,'\0','\0','\0',0,NULL,'0001-01-01 00:00:00',2,NULL,'2023-12-06 11:22:30',NULL,NULL,NULL,NULL,NULL,3,'\0',NULL,3,'','2024-01-11 17:14:07','',NULL,NULL,NULL,'\0',0,'\0',NULL,NULL,NULL,'\0'),(185,41,245,'2023-12-06 11:22:30',1,NULL,NULL,NULL,NULL,'\0','\0','\0',0,NULL,'0001-01-01 00:00:00',2,NULL,'2023-12-06 11:22:30',NULL,NULL,NULL,NULL,NULL,3,'\0',NULL,3,'','2024-01-11 17:14:07','',NULL,NULL,NULL,'\0',0,'\0',NULL,NULL,NULL,'\0'),(186,41,246,'2023-12-06 11:22:30',1,NULL,NULL,NULL,NULL,'\0','\0','\0',0,NULL,'0001-01-01 00:00:00',2,NULL,'2023-12-06 11:22:30',NULL,NULL,NULL,NULL,NULL,3,'\0',NULL,3,'','2024-01-11 17:14:07','',NULL,NULL,NULL,'\0',0,'\0',NULL,NULL,NULL,'\0'),(187,41,247,'2023-12-06 11:22:30',1,NULL,NULL,NULL,NULL,'\0','\0','\0',0,NULL,'0001-01-01 00:00:00',2,NULL,'2023-12-06 11:22:30',NULL,NULL,NULL,NULL,NULL,3,'\0',NULL,3,'','2024-01-11 17:14:07','',NULL,NULL,NULL,'\0',0,'\0',NULL,NULL,NULL,'\0'),(188,41,248,'2023-12-06 11:22:30',1,NULL,NULL,NULL,NULL,'\0','\0','\0',0,NULL,'0001-01-01 00:00:00',2,NULL,'2023-12-06 11:22:30',NULL,NULL,NULL,NULL,NULL,3,'\0',NULL,3,'','2024-01-11 17:14:07','',NULL,NULL,NULL,'\0',0,'\0',NULL,NULL,NULL,'\0'),(189,41,249,'2023-12-06 11:22:30',1,NULL,NULL,NULL,NULL,'\0','\0','\0',0,NULL,'0001-01-01 00:00:00',2,NULL,'2023-12-06 11:22:30',NULL,NULL,NULL,NULL,NULL,3,'\0',NULL,3,'','2024-01-11 17:14:07','',NULL,NULL,NULL,'\0',0,'\0',NULL,NULL,NULL,'\0'),(190,41,250,'2023-12-06 11:22:30',1,NULL,NULL,NULL,NULL,'\0','\0','\0',0,NULL,'0001-01-01 00:00:00',2,NULL,'2023-12-06 11:22:30',NULL,NULL,NULL,NULL,NULL,3,'\0',NULL,3,'','2024-01-11 17:14:07','',NULL,NULL,NULL,'\0',0,'\0',NULL,NULL,NULL,'\0'),(191,41,251,'2023-12-06 11:22:30',1,NULL,NULL,NULL,NULL,'\0','\0','\0',0,NULL,'0001-01-01 00:00:00',2,NULL,'2023-12-06 11:22:30',NULL,NULL,NULL,NULL,NULL,3,'\0',NULL,3,'','2024-01-11 17:14:07','',NULL,NULL,NULL,'\0',0,'\0',NULL,NULL,NULL,'\0'),(192,41,252,'2023-12-06 11:22:30',1,NULL,NULL,NULL,NULL,'\0','\0','\0',0,NULL,'0001-01-01 00:00:00',2,NULL,'2023-12-06 11:22:30',NULL,NULL,NULL,NULL,NULL,3,'\0',NULL,3,'','2024-01-11 17:14:07','',NULL,NULL,NULL,'\0',0,'\0',NULL,NULL,NULL,'\0'),(193,41,253,'2023-12-06 11:22:30',1,NULL,NULL,NULL,NULL,'\0','\0','\0',0,NULL,'0001-01-01 00:00:00',2,NULL,'2023-12-06 11:22:30',NULL,NULL,NULL,NULL,NULL,3,'\0',NULL,3,'','2024-01-11 17:14:07','',NULL,NULL,NULL,'\0',0,'\0',NULL,NULL,NULL,'\0'),(194,41,254,'2023-12-06 11:22:30',1,NULL,NULL,NULL,NULL,'\0','\0','\0',0,NULL,'0001-01-01 00:00:00',2,NULL,'2023-12-06 11:22:30',NULL,NULL,NULL,NULL,NULL,3,'\0',NULL,3,'','2024-01-11 17:14:07','',NULL,NULL,NULL,'\0',0,'\0',NULL,NULL,NULL,'\0'),(195,41,255,'2023-12-06 11:22:30',1,NULL,NULL,NULL,NULL,'\0','\0','\0',0,NULL,'0001-01-01 00:00:00',2,NULL,'2023-12-06 11:22:30',NULL,NULL,NULL,NULL,NULL,3,'\0',NULL,3,'','2024-01-11 17:14:07','',NULL,NULL,NULL,'\0',0,'\0',NULL,NULL,NULL,'\0'),(196,41,256,'2023-12-06 11:22:30',1,NULL,NULL,NULL,NULL,'\0','\0','\0',0,NULL,'0001-01-01 00:00:00',2,NULL,'2023-12-06 11:22:30',NULL,NULL,NULL,NULL,NULL,3,'\0',NULL,3,'','2024-01-11 17:14:07','',NULL,NULL,NULL,'\0',0,'\0',NULL,NULL,NULL,'\0'),(197,41,257,'2023-12-06 11:22:30',1,NULL,NULL,NULL,NULL,'\0','\0','\0',0,NULL,'0001-01-01 00:00:00',2,NULL,'2023-12-06 11:22:30',NULL,NULL,NULL,NULL,NULL,3,'\0',NULL,3,'','2024-01-11 17:14:07','',NULL,NULL,NULL,'\0',0,'\0',NULL,NULL,NULL,'\0'),(198,41,258,'2023-12-06 11:22:30',1,NULL,NULL,NULL,NULL,'\0','\0','\0',0,NULL,'0001-01-01 00:00:00',2,NULL,'2023-12-06 11:22:30',NULL,NULL,NULL,NULL,NULL,3,'\0',NULL,3,'','2024-01-11 17:14:07','',NULL,NULL,NULL,'\0',0,'\0',NULL,NULL,NULL,'\0'),(199,41,259,'2023-12-06 11:22:30',1,NULL,NULL,NULL,NULL,'\0','\0','\0',0,NULL,'0001-01-01 00:00:00',2,NULL,'2023-12-06 11:22:30',NULL,NULL,NULL,NULL,NULL,3,'\0',NULL,3,'','2024-01-11 17:14:07','',NULL,NULL,NULL,'\0',0,'\0',NULL,NULL,NULL,'\0'),(200,41,260,'2023-12-06 11:22:30',1,NULL,NULL,NULL,NULL,'\0','\0','\0',0,NULL,'0001-01-01 00:00:00',2,NULL,'2023-12-06 11:22:30',NULL,NULL,NULL,NULL,NULL,3,'\0',NULL,3,'','2024-01-11 17:14:07','',NULL,NULL,NULL,'\0',0,'\0',NULL,NULL,NULL,'\0'),(201,41,261,'2023-12-06 11:22:30',1,NULL,NULL,NULL,NULL,'\0','\0','\0',0,NULL,'0001-01-01 00:00:00',2,NULL,'2023-12-06 11:22:30',NULL,NULL,NULL,NULL,NULL,3,'\0',NULL,3,'','2024-01-11 17:14:07','',NULL,NULL,NULL,'\0',0,'\0',NULL,NULL,NULL,'\0'),(202,41,262,'2023-12-06 11:22:30',1,NULL,NULL,NULL,NULL,'\0','\0','\0',0,NULL,'0001-01-01 00:00:00',2,NULL,'2023-12-06 11:22:30',NULL,NULL,NULL,NULL,NULL,3,'\0',NULL,3,'','2024-01-11 17:14:07','',NULL,NULL,NULL,'\0',0,'\0',NULL,NULL,NULL,'\0'),(203,41,263,'2023-12-06 11:22:30',1,NULL,NULL,NULL,NULL,'\0','\0','\0',0,NULL,'0001-01-01 00:00:00',2,NULL,'2023-12-06 11:22:30',NULL,NULL,NULL,NULL,NULL,3,'\0',NULL,3,'','2024-01-11 17:14:07','',NULL,NULL,NULL,'\0',0,'\0',NULL,NULL,NULL,'\0'),(204,41,264,'2023-12-06 11:22:30',1,NULL,NULL,NULL,NULL,'\0','\0','\0',0,NULL,'0001-01-01 00:00:00',2,NULL,'2023-12-06 11:22:30',NULL,NULL,NULL,NULL,NULL,3,'\0',NULL,3,'','2024-01-11 17:14:07','',NULL,NULL,NULL,'\0',0,'\0',NULL,NULL,NULL,'\0'),(205,41,265,'2023-12-06 11:22:30',1,NULL,NULL,NULL,NULL,'\0','\0','\0',0,NULL,'0001-01-01 00:00:00',2,NULL,'2023-12-06 11:22:30',NULL,NULL,NULL,NULL,NULL,3,'\0',NULL,3,'','2024-01-11 17:14:07','',NULL,NULL,NULL,'\0',0,'\0',NULL,NULL,NULL,'\0'),(206,41,266,'2023-12-06 11:22:30',1,NULL,NULL,NULL,NULL,'\0','\0','\0',0,NULL,'0001-01-01 00:00:00',2,NULL,'2023-12-06 11:22:30',NULL,NULL,NULL,NULL,NULL,3,'\0',NULL,3,'','2024-01-11 17:14:07','',NULL,NULL,NULL,'\0',0,'\0',NULL,NULL,NULL,'\0'),(207,41,267,'2023-12-06 11:22:30',1,NULL,NULL,NULL,NULL,'\0','\0','\0',0,NULL,'0001-01-01 00:00:00',2,NULL,'2023-12-06 11:22:30',NULL,NULL,NULL,NULL,NULL,3,'\0',NULL,3,'','2024-01-11 17:14:07','',NULL,NULL,NULL,'\0',0,'\0',NULL,NULL,NULL,'\0'),(208,41,268,'2023-12-06 11:22:30',1,NULL,NULL,NULL,NULL,'\0','\0','\0',0,NULL,'0001-01-01 00:00:00',2,NULL,'2023-12-06 11:22:30',NULL,NULL,NULL,NULL,NULL,3,'\0',NULL,3,'','2024-01-11 17:14:07','',NULL,NULL,NULL,'\0',0,'\0',NULL,NULL,NULL,'\0'),(209,41,269,'2023-12-06 11:22:30',1,NULL,NULL,NULL,NULL,'\0','\0','\0',0,NULL,'0001-01-01 00:00:00',2,NULL,'2023-12-06 11:22:30',NULL,NULL,NULL,NULL,NULL,3,'\0',NULL,3,'','2024-01-11 17:14:07','',NULL,NULL,NULL,'\0',0,'\0',NULL,NULL,NULL,'\0'),(210,41,270,'2023-12-06 11:22:30',1,NULL,NULL,NULL,NULL,'\0','\0','\0',0,NULL,'0001-01-01 00:00:00',2,NULL,'2023-12-06 11:22:30',NULL,NULL,NULL,NULL,NULL,3,'\0',NULL,3,'','2024-01-11 17:14:07','',NULL,NULL,NULL,'\0',0,'\0',NULL,NULL,NULL,'\0'),(211,41,271,'2023-12-06 11:22:30',1,NULL,NULL,NULL,NULL,'\0','\0','\0',0,NULL,'0001-01-01 00:00:00',2,NULL,'2023-12-06 11:22:30',NULL,NULL,NULL,NULL,NULL,3,'\0',NULL,3,'','2024-01-11 17:14:07','',NULL,NULL,NULL,'\0',0,'\0',NULL,NULL,NULL,'\0'),(212,41,272,'2023-12-06 11:22:30',1,NULL,NULL,NULL,NULL,'\0','\0','\0',0,NULL,'0001-01-01 00:00:00',2,NULL,'2023-12-06 11:22:30',NULL,NULL,NULL,NULL,NULL,3,'\0',NULL,3,'','2024-01-11 17:14:07','',NULL,NULL,NULL,'\0',0,'\0',NULL,NULL,NULL,'\0'),(213,41,273,'2023-12-06 11:22:30',1,NULL,NULL,NULL,NULL,'\0','\0','\0',0,NULL,'0001-01-01 00:00:00',2,NULL,'2023-12-06 11:22:30',NULL,NULL,NULL,NULL,NULL,3,'\0',NULL,3,'','2024-01-11 17:14:07','',NULL,NULL,NULL,'\0',0,'\0',NULL,NULL,NULL,'\0'),(214,41,274,'2023-12-06 11:22:30',1,NULL,NULL,NULL,NULL,'\0','\0','\0',0,NULL,'0001-01-01 00:00:00',2,NULL,'2023-12-06 11:22:30',NULL,NULL,NULL,NULL,NULL,3,'\0',NULL,3,'','2024-01-11 17:14:07','',NULL,NULL,NULL,'\0',0,'\0',NULL,NULL,NULL,'\0'),(215,41,275,'2023-12-06 11:22:30',1,NULL,NULL,NULL,NULL,'\0','\0','\0',0,NULL,'0001-01-01 00:00:00',2,NULL,'2023-12-06 11:22:30',NULL,NULL,NULL,NULL,NULL,3,'\0',NULL,3,'','2024-01-11 17:14:07','',NULL,NULL,NULL,'\0',0,'\0',NULL,NULL,NULL,'\0'),(216,41,276,'2023-12-06 11:22:30',1,NULL,NULL,NULL,NULL,'\0','\0','\0',0,NULL,'0001-01-01 00:00:00',2,NULL,'2023-12-06 11:22:30',NULL,NULL,NULL,NULL,NULL,3,'\0',NULL,3,'','2024-01-11 17:14:07','',NULL,NULL,NULL,'\0',0,'\0',NULL,NULL,NULL,'\0'),(217,41,277,'2023-12-06 11:22:30',1,NULL,NULL,NULL,NULL,'\0','\0','\0',0,NULL,'0001-01-01 00:00:00',2,NULL,'2023-12-06 11:22:30',NULL,NULL,NULL,NULL,NULL,3,'\0',NULL,3,'','2024-01-11 17:14:07','',NULL,NULL,NULL,'\0',0,'\0',NULL,NULL,NULL,'\0'),(218,41,278,'2023-12-06 11:22:30',1,NULL,NULL,NULL,NULL,'\0','\0','\0',0,NULL,'0001-01-01 00:00:00',2,NULL,'2023-12-06 11:22:30',NULL,NULL,NULL,NULL,NULL,3,'\0',NULL,3,'','2024-01-11 17:14:07','',NULL,NULL,NULL,'\0',0,'\0',NULL,NULL,NULL,'\0'),(219,41,279,'2023-12-06 11:22:30',1,NULL,NULL,NULL,NULL,'\0','\0','\0',0,NULL,'0001-01-01 00:00:00',2,NULL,'2023-12-06 11:22:30',NULL,NULL,NULL,NULL,NULL,3,'\0',NULL,3,'','2024-01-11 17:14:07','',NULL,NULL,NULL,'\0',0,'\0',NULL,NULL,NULL,'\0'),(220,41,280,'2023-12-06 11:22:30',1,NULL,NULL,NULL,NULL,'\0','\0','\0',0,NULL,'0001-01-01 00:00:00',2,NULL,'2023-12-06 11:22:30',NULL,NULL,NULL,NULL,NULL,3,'\0',NULL,3,'','2024-01-11 17:14:07','',NULL,NULL,NULL,'\0',0,'\0',NULL,NULL,NULL,'\0'),(221,41,281,'2023-12-06 11:22:30',1,NULL,NULL,NULL,NULL,'\0','\0','\0',0,NULL,'0001-01-01 00:00:00',2,NULL,'2023-12-06 11:22:30',NULL,NULL,NULL,NULL,NULL,3,'\0',NULL,3,'','2024-01-11 17:14:07','',NULL,NULL,NULL,'\0',0,'\0',NULL,NULL,NULL,'\0'),(222,41,282,'2023-12-06 11:22:30',1,NULL,NULL,NULL,NULL,'\0','\0','\0',0,NULL,'0001-01-01 00:00:00',2,NULL,'2023-12-06 11:22:30',NULL,NULL,NULL,NULL,NULL,3,'\0',NULL,3,'','2024-01-11 17:14:07','',NULL,NULL,NULL,'\0',0,'\0',NULL,NULL,NULL,'\0'),(223,41,283,'2023-12-06 11:22:30',1,NULL,NULL,NULL,NULL,'\0','\0','\0',0,NULL,'0001-01-01 00:00:00',2,NULL,'2023-12-06 11:22:30',NULL,NULL,NULL,NULL,NULL,3,'\0',NULL,3,'','2024-01-11 17:14:07','',NULL,NULL,NULL,'\0',0,'\0',NULL,NULL,NULL,'\0'),(224,41,284,'2023-12-06 11:22:30',1,NULL,NULL,NULL,NULL,'\0','\0','\0',0,NULL,'0001-01-01 00:00:00',2,NULL,'2023-12-06 11:22:30',NULL,NULL,NULL,NULL,NULL,3,'\0',NULL,3,'','2024-01-11 17:14:07','',NULL,NULL,NULL,'\0',0,'\0',NULL,NULL,NULL,'\0'),(225,41,285,'2023-12-06 11:22:30',1,NULL,NULL,NULL,NULL,'\0','\0','\0',0,NULL,'0001-01-01 00:00:00',2,NULL,'2023-12-06 11:22:30',NULL,NULL,NULL,NULL,NULL,3,'\0',NULL,3,'','2024-01-11 17:14:07','',NULL,NULL,NULL,'\0',0,'\0',NULL,NULL,NULL,'\0'),(226,41,286,'2023-12-06 11:22:30',1,NULL,NULL,NULL,NULL,'\0','\0','\0',0,NULL,'0001-01-01 00:00:00',2,NULL,'2023-12-06 11:22:30',NULL,NULL,NULL,NULL,NULL,3,'\0',NULL,3,'','2024-01-11 17:14:07','',NULL,NULL,NULL,'\0',0,'\0',NULL,NULL,NULL,'\0'),(227,41,287,'2023-12-06 11:22:30',1,NULL,NULL,NULL,NULL,'\0','\0','\0',0,NULL,'0001-01-01 00:00:00',2,NULL,'2023-12-06 11:22:30',NULL,NULL,NULL,NULL,NULL,3,'\0',NULL,3,'','2024-01-11 17:14:07','',NULL,NULL,NULL,'\0',0,'\0',NULL,NULL,NULL,'\0'),(228,41,288,'2023-12-06 11:22:30',1,NULL,NULL,NULL,NULL,'\0','\0','\0',0,NULL,'0001-01-01 00:00:00',2,NULL,'2023-12-06 11:22:30',NULL,NULL,NULL,NULL,NULL,3,'\0',NULL,3,'','2024-01-11 17:14:07','',NULL,NULL,NULL,'\0',0,'\0',NULL,NULL,NULL,'\0'),(229,41,289,'2023-12-06 11:22:30',1,NULL,NULL,NULL,NULL,'\0','\0','\0',0,NULL,'0001-01-01 00:00:00',2,NULL,'2023-12-06 11:22:30',NULL,NULL,NULL,NULL,NULL,3,'\0',NULL,3,'','2024-01-11 17:14:07','',NULL,NULL,NULL,'\0',0,'\0',NULL,NULL,NULL,'\0'),(230,41,290,'2023-12-06 11:22:30',1,NULL,NULL,NULL,NULL,'\0','\0','\0',0,NULL,'0001-01-01 00:00:00',2,NULL,'2023-12-06 11:22:30',NULL,NULL,NULL,NULL,NULL,3,'\0',NULL,3,'','2024-01-11 17:14:07','',NULL,NULL,NULL,'\0',0,'\0',NULL,NULL,NULL,'\0'),(231,41,291,'2023-12-06 11:22:30',1,NULL,NULL,NULL,NULL,'\0','\0','\0',0,NULL,'0001-01-01 00:00:00',2,NULL,'2023-12-06 11:22:30',NULL,NULL,NULL,NULL,NULL,3,'\0',NULL,3,'','2024-01-11 17:14:07','',NULL,NULL,NULL,'\0',0,'\0',NULL,NULL,NULL,'\0'),(232,41,292,'2023-12-06 11:22:30',1,NULL,NULL,NULL,NULL,'\0','\0','\0',0,NULL,'0001-01-01 00:00:00',2,NULL,'2023-12-06 11:22:30',NULL,NULL,NULL,NULL,NULL,3,'\0',NULL,3,'','2024-01-11 17:14:07','',NULL,NULL,NULL,'\0',0,'\0',NULL,NULL,NULL,'\0'),(233,41,293,'2023-12-06 11:22:30',1,NULL,NULL,NULL,NULL,'\0','\0','\0',0,NULL,'0001-01-01 00:00:00',2,NULL,'2023-12-06 11:22:30',NULL,NULL,NULL,NULL,NULL,3,'\0',NULL,3,'','2024-01-11 17:14:07','',NULL,NULL,NULL,'\0',0,'\0',NULL,NULL,NULL,'\0'),(234,41,294,'2023-12-06 11:22:30',1,NULL,NULL,NULL,NULL,'\0','\0','\0',0,NULL,'0001-01-01 00:00:00',2,NULL,'2023-12-06 11:22:30',NULL,NULL,NULL,NULL,NULL,3,'\0',NULL,3,'','2024-01-11 17:14:07','',NULL,NULL,NULL,'\0',0,'\0',NULL,NULL,NULL,'\0'),(235,41,295,'2023-12-06 11:22:30',1,NULL,NULL,NULL,NULL,'\0','\0','\0',0,NULL,'0001-01-01 00:00:00',2,NULL,'2023-12-06 11:22:30',NULL,NULL,NULL,NULL,NULL,3,'\0',NULL,3,'','2024-01-11 17:14:07','',NULL,NULL,NULL,'\0',0,'\0',NULL,NULL,NULL,'\0'),(236,41,296,'2023-12-06 11:22:30',1,NULL,NULL,NULL,NULL,'\0','\0','\0',0,NULL,'0001-01-01 00:00:00',2,NULL,'2023-12-06 11:22:30',NULL,NULL,NULL,NULL,NULL,3,'\0',NULL,3,'','2024-01-11 17:14:07','',NULL,NULL,NULL,'\0',0,'\0',NULL,NULL,NULL,'\0'),(237,42,293,'2023-12-07 08:07:49',1,NULL,NULL,'',NULL,'\0','\0','\0',0,NULL,'0001-01-01 00:00:00',1,NULL,'2023-12-07 08:07:49',NULL,NULL,NULL,NULL,NULL,3,'\0',NULL,1,'','2023-12-17 08:08:40','\0',NULL,NULL,NULL,'\0',0,'\0',NULL,NULL,NULL,'\0'),(238,43,293,'2023-12-07 08:11:48',1,NULL,NULL,'',NULL,'\0','\0','\0',0,NULL,'0001-01-01 00:00:00',1,NULL,'2023-12-07 08:11:48',NULL,NULL,NULL,NULL,NULL,3,'\0',NULL,1,'','2023-12-17 08:12:41','\0',NULL,NULL,NULL,'\0',0,'\0',NULL,NULL,NULL,'\0'),(239,44,293,'2023-12-07 08:13:48',1,NULL,NULL,'',NULL,'\0','\0','\0',0,NULL,'0001-01-01 00:00:00',1,NULL,'2023-12-07 08:13:48',NULL,NULL,NULL,NULL,NULL,3,'\0',NULL,1,'','2023-12-17 08:14:41','\0',NULL,NULL,NULL,'\0',0,'\0',NULL,NULL,NULL,'\0'),(240,45,91,'2023-12-07 09:17:19',1,NULL,NULL,'',NULL,'\0','\0','\0',0,NULL,'0001-01-01 00:00:00',1,NULL,'2023-12-07 09:17:19',NULL,NULL,NULL,NULL,NULL,3,'\0',NULL,1,'','2023-12-17 09:17:45','\0',NULL,NULL,NULL,'\0',0,'\0',NULL,NULL,NULL,'\0'),(241,45,94,'2023-12-07 09:17:19',1,NULL,NULL,'',NULL,'\0','\0','\0',0,NULL,'0001-01-01 00:00:00',1,NULL,'2023-12-07 09:17:19',NULL,NULL,NULL,NULL,NULL,3,'\0',NULL,1,'','2023-12-17 09:17:45','\0',NULL,NULL,NULL,'\0',0,'\0',NULL,NULL,NULL,'\0'),(242,46,398,'2023-12-07 14:00:21',1,NULL,NULL,'',NULL,'\0','\0','\0',0,NULL,'0001-01-01 00:00:00',1,NULL,'2023-12-07 14:00:21',NULL,NULL,NULL,NULL,NULL,3,'\0',NULL,1,'','2023-12-17 14:01:00','\0',NULL,NULL,NULL,'\0',0,'\0',NULL,NULL,NULL,'\0'),(243,46,399,'2023-12-07 14:00:21',1,NULL,NULL,'',NULL,'\0','\0','\0',0,NULL,'0001-01-01 00:00:00',1,NULL,'2023-12-07 14:00:21',NULL,NULL,NULL,NULL,NULL,3,'\0',NULL,1,'','2023-12-17 14:01:00','\0',NULL,NULL,NULL,'\0',0,'\0',NULL,NULL,NULL,'\0'),(244,47,398,'2023-12-07 14:00:51',1,NULL,NULL,'',NULL,'\0','\0','\0',0,NULL,'0001-01-01 00:00:00',1,NULL,'2023-12-07 14:00:51',NULL,NULL,NULL,NULL,NULL,3,'\0',NULL,1,'','2023-12-17 14:01:00','\0',NULL,NULL,NULL,'\0',0,'\0',NULL,NULL,NULL,'\0'),(245,47,399,'2023-12-07 14:00:51',1,NULL,NULL,'',NULL,'\0','\0','\0',0,NULL,'0001-01-01 00:00:00',1,NULL,'2023-12-07 14:00:51',NULL,NULL,NULL,NULL,NULL,3,'\0',NULL,1,'','2023-12-17 14:01:00','\0',NULL,NULL,NULL,'\0',0,'\0',NULL,NULL,NULL,'\0'),(246,48,398,'2023-12-07 14:01:21',1,NULL,NULL,'',NULL,'\0','\0','\0',0,NULL,'0001-01-01 00:00:00',1,NULL,'2023-12-07 14:01:21',NULL,NULL,NULL,NULL,NULL,3,'\0',NULL,1,'','2023-12-17 14:02:01','\0',NULL,NULL,NULL,'\0',0,'\0',NULL,NULL,NULL,'\0'),(247,48,399,'2023-12-07 14:01:21',1,NULL,NULL,'',NULL,'\0','\0','\0',0,NULL,'0001-01-01 00:00:00',1,NULL,'2023-12-07 14:01:21',NULL,NULL,NULL,NULL,NULL,3,'\0',NULL,1,'','2023-12-17 14:02:01','\0',NULL,NULL,NULL,'\0',0,'\0',NULL,NULL,NULL,'\0'),(248,49,415,'2023-12-08 07:46:39',1,NULL,NULL,'',NULL,'\0','\0','\0',0,NULL,'0001-01-01 00:00:00',1,NULL,'2023-12-08 07:46:39',NULL,NULL,NULL,NULL,NULL,3,'\0',NULL,1,'','2023-12-18 07:46:40','\0',NULL,NULL,NULL,'\0',0,'\0',NULL,NULL,NULL,'\0'),(249,49,416,'2023-12-08 07:46:39',1,NULL,NULL,'',NULL,'\0','\0','\0',0,NULL,'0001-01-01 00:00:00',1,NULL,'2023-12-08 07:46:39',NULL,NULL,NULL,NULL,NULL,3,'\0',NULL,1,'','2023-12-18 07:46:40','\0',NULL,NULL,NULL,'\0',0,'\0',NULL,NULL,NULL,'\0'),(250,49,413,'2023-12-08 07:46:39',1,NULL,NULL,'',NULL,'\0','\0','\0',0,NULL,'0001-01-01 00:00:00',1,NULL,'2023-12-08 07:46:39',NULL,NULL,NULL,NULL,NULL,3,'\0',NULL,1,'','2023-12-18 07:46:40','\0',NULL,NULL,NULL,'\0',0,'\0',NULL,NULL,NULL,'\0'),(251,49,414,'2023-12-08 07:46:39',1,NULL,NULL,'',NULL,'\0','\0','\0',0,NULL,'0001-01-01 00:00:00',1,NULL,'2023-12-08 07:46:39',NULL,NULL,NULL,NULL,NULL,3,'\0',NULL,1,'','2023-12-18 07:46:40','\0',NULL,NULL,NULL,'\0',0,'\0',NULL,NULL,NULL,'\0'),(252,50,415,'2023-12-08 07:50:09',4,'1','1.0','','1.0','\0','\0','\0',0,'2023-12-13 13:13:37','2023-12-13 13:13:37',6,NULL,'2023-12-08 07:50:09',NULL,NULL,NULL,NULL,NULL,3,'\0',NULL,1,'','2023-12-18 07:50:41','\0',2,1,NULL,'\0',5,'\0',NULL,NULL,NULL,'\0'),(253,50,416,'2023-12-08 07:50:09',1,NULL,NULL,'',NULL,'\0','\0','\0',0,NULL,'0001-01-01 00:00:00',1,NULL,'2023-12-08 07:50:09',NULL,NULL,NULL,NULL,NULL,3,'\0',NULL,1,'','2023-12-18 07:50:41','\0',NULL,NULL,NULL,'\0',0,'\0',NULL,NULL,NULL,'\0'),(254,51,413,'2023-12-08 07:54:09',1,NULL,NULL,'',NULL,'\0','\0','\0',0,NULL,'0001-01-01 00:00:00',1,NULL,'2023-12-08 07:54:09',NULL,NULL,NULL,NULL,NULL,3,'\0',NULL,1,'','2023-12-18 07:54:41','\0',NULL,NULL,NULL,'\0',0,'\0',NULL,NULL,NULL,'\0'),(255,51,414,'2023-12-08 07:54:09',1,NULL,NULL,'',NULL,'\0','\0','\0',0,NULL,'0001-01-01 00:00:00',1,NULL,'2023-12-08 07:54:09',NULL,NULL,NULL,NULL,NULL,3,'\0',NULL,1,'','2023-12-18 07:54:41','\0',NULL,NULL,NULL,'\0',0,'\0',NULL,NULL,NULL,'\0'),(256,52,415,'2023-12-08 07:57:39',4,'1','1.0','','1.0','\0','\0','\0',0,'2023-12-13 13:13:37','2023-12-13 13:13:37',6,NULL,'2023-12-08 07:57:39',NULL,NULL,NULL,NULL,NULL,3,'\0',NULL,1,'','2023-12-18 07:57:42','\0',2,1,NULL,'\0',5,'\0',NULL,NULL,NULL,'\0'),(257,52,416,'2023-12-08 07:57:39',1,NULL,NULL,'',NULL,'\0','\0','\0',0,NULL,'0001-01-01 00:00:00',1,NULL,'2023-12-08 07:57:39',NULL,NULL,NULL,NULL,NULL,3,'\0',NULL,1,'','2023-12-18 07:57:42','\0',NULL,NULL,NULL,'\0',0,'\0',NULL,NULL,NULL,'\0'),(258,52,413,'2023-12-08 07:57:39',1,NULL,NULL,'',NULL,'\0','\0','\0',0,NULL,'0001-01-01 00:00:00',1,NULL,'2023-12-08 07:57:39',NULL,NULL,NULL,NULL,NULL,3,'\0',NULL,1,'','2023-12-18 07:57:42','\0',NULL,NULL,NULL,'\0',0,'\0',NULL,NULL,NULL,'\0'),(259,52,414,'2023-12-08 07:57:39',1,NULL,NULL,'',NULL,'\0','\0','\0',0,NULL,'0001-01-01 00:00:00',1,NULL,'2023-12-08 07:57:39',NULL,NULL,NULL,NULL,NULL,3,'\0',NULL,1,'','2023-12-18 07:57:42','\0',NULL,NULL,NULL,'\0',0,'\0',NULL,NULL,NULL,'\0'),(260,53,415,'2023-12-08 07:59:09',4,'1','1.0','','1.0','\0','\0','\0',0,'2023-12-13 13:13:38','2023-12-13 13:13:38',6,NULL,'2023-12-08 07:59:09',NULL,NULL,NULL,NULL,NULL,3,'\0',NULL,1,'','2023-12-18 07:59:42','\0',2,1,NULL,'\0',5,'\0',NULL,NULL,NULL,'\0'),(261,53,416,'2023-12-08 07:59:09',1,NULL,NULL,'',NULL,'\0','\0','\0',0,NULL,'0001-01-01 00:00:00',1,NULL,'2023-12-08 07:59:09',NULL,NULL,NULL,NULL,NULL,3,'\0',NULL,1,'','2023-12-18 07:59:42','\0',NULL,NULL,NULL,'\0',0,'\0',NULL,NULL,NULL,'\0'),(262,53,413,'2023-12-08 07:59:09',1,NULL,NULL,'',NULL,'\0','\0','\0',0,NULL,'0001-01-01 00:00:00',1,NULL,'2023-12-08 07:59:09',NULL,NULL,NULL,NULL,NULL,3,'\0',NULL,1,'','2023-12-18 07:59:42','\0',NULL,NULL,NULL,'\0',0,'\0',NULL,NULL,NULL,'\0'),(263,53,414,'2023-12-08 07:59:09',1,NULL,NULL,'',NULL,'\0','\0','\0',0,NULL,'0001-01-01 00:00:00',1,NULL,'2023-12-08 07:59:09',NULL,NULL,NULL,NULL,NULL,3,'\0',NULL,1,'','2023-12-18 07:59:42','\0',NULL,NULL,NULL,'\0',0,'\0',NULL,NULL,NULL,'\0'),(264,54,205,'2023-12-08 08:10:39',6,'1.2','1.2','10','1.2','\0','\0','\0',1,'2023-12-11 14:10:51','2023-12-11 14:10:53',5,NULL,'2023-12-08 08:10:39',NULL,'2023-12-11 14:11:57',4,NULL,NULL,3,'\0',NULL,1,'','2023-12-18 08:10:42','\0',5,1.2,NULL,'\0',5,'\0',NULL,NULL,'2023-12-08 12:31:16','\0'),(265,54,201,'2023-12-08 08:10:39',6,'19','19','100','19','\0','\0','\0',1,'2023-12-11 14:10:51','2023-12-11 14:10:54',5,NULL,'2023-12-08 08:10:39',NULL,'2023-12-11 14:11:57',4,NULL,NULL,3,'\0',NULL,1,'','2023-12-18 08:10:42','\0',5,19,NULL,'\0',5,'\0',NULL,NULL,'2023-12-08 12:31:16','\0'),(266,54,295,'2023-12-08 08:10:39',2,'Below','Below','200','','\0','\0','\0',1,'2023-12-08 11:55:15','2023-12-08 12:23:23',5,NULL,'2023-12-08 08:10:39',NULL,'2023-12-08 12:30:30',5,NULL,NULL,1,'\0',NULL,1,'','2024-01-11 17:14:07','',5,NULL,NULL,'\0',1,'\0',NULL,NULL,'2023-12-08 12:31:16','\0'),(267,54,294,'2023-12-08 08:10:39',6,'0.7','0.70','100','0.70','\0','\0','\0',1,'2023-12-11 14:10:51','2023-12-11 14:10:54',5,NULL,'2023-12-08 08:10:39',NULL,'2023-12-11 14:11:57',4,NULL,NULL,3,'\0',NULL,1,'','2023-12-18 08:10:42','\0',5,0.7,NULL,'\0',5,'\0',NULL,NULL,'2023-12-08 12:31:16','\0'),(268,54,360,'2023-12-08 08:10:39',6,'1.2','1.2','100','1.2','\0','\0','\0',1,'2023-12-11 14:10:51','2023-12-11 14:10:54',5,NULL,'2023-12-08 08:10:39',NULL,'2023-12-11 14:11:57',4,NULL,NULL,3,'\0',NULL,1,'','2023-12-18 08:10:42','\0',5,1.2,NULL,'\0',5,'\0',NULL,NULL,'2023-12-08 12:31:16','\0'),(269,54,361,'2023-12-08 08:10:39',2,'Below','Below','100','','\0','\0','\0',1,'2023-12-08 11:58:15','2023-12-08 12:23:23',5,NULL,'2023-12-08 08:10:39',NULL,'2023-12-08 12:30:30',5,NULL,NULL,1,'\0',NULL,1,'','2024-01-11 17:14:07','',5,NULL,NULL,'\0',1,'\0',NULL,NULL,'2023-12-08 12:31:16','\0'),(270,54,198,'2023-12-08 08:10:39',6,'1.7','1.7','100','1.7','\0','\0','\0',1,'2023-12-11 14:10:51','2023-12-11 14:10:54',5,NULL,'2023-12-08 08:10:39',NULL,'2023-12-11 14:11:57',4,NULL,NULL,3,'\0',NULL,1,'','2023-12-18 08:10:42','\0',5,1.7,NULL,'\0',5,'\0',NULL,NULL,'2023-12-08 12:31:16','\0'),(271,54,289,'2023-12-08 08:10:39',6,'4.6','4.60','50','4.60','\0','\0','\0',1,'2023-12-11 14:10:51','2023-12-11 14:10:54',5,NULL,'2023-12-08 08:10:39',NULL,'2023-12-11 14:11:57',4,NULL,NULL,3,'\0',NULL,1,'','2023-12-18 08:10:42','\0',5,4.6,NULL,'\0',5,'\0',NULL,NULL,'2023-12-08 12:31:16','\0'),(272,54,288,'2023-12-08 08:10:39',6,'0.8','0.80','100','0.80','\0','\0','\0',1,'2023-12-11 14:10:51','2023-12-11 14:10:54',5,NULL,'2023-12-08 08:10:39',NULL,'2023-12-11 14:11:57',4,NULL,NULL,3,'\0',NULL,1,'','2023-12-18 08:10:42','\0',5,0.8,NULL,'\0',5,'\0',NULL,NULL,'2023-12-08 12:31:16','\0'),(273,54,362,'2023-12-08 08:10:39',6,'1.4','1.4','100','1.4','\0','\0','\0',1,'2023-12-11 14:10:51','2023-12-11 14:10:54',5,NULL,'2023-12-08 08:10:39',NULL,'2023-12-11 14:11:57',4,NULL,NULL,3,'\0',NULL,1,'','2023-12-18 08:10:42','\0',5,1.4,NULL,'\0',5,'\0',NULL,NULL,'2023-12-08 12:31:16','\0'),(274,55,291,'2023-12-08 08:10:40',6,NULL,'15','',NULL,'\0','\0','',1,NULL,'2023-12-11 10:49:19',2,NULL,'2023-12-08 08:10:40',NULL,'2023-12-11 10:49:34',4,NULL,NULL,3,'\0',NULL,1,'','2023-12-12 10:50:50','\0',NULL,15,NULL,'\0',0,'\0',NULL,NULL,'2023-12-11 10:50:19','\0'),(275,55,293,'2023-12-08 08:10:40',6,NULL,'25','',NULL,'\0','\0','',1,NULL,'2023-12-11 10:49:19',2,NULL,'2023-12-08 08:10:40',NULL,'2023-12-11 10:49:34',4,NULL,NULL,3,'\0',NULL,1,'','2023-12-12 10:50:50','\0',NULL,25,NULL,'\0',0,'\0',NULL,NULL,'2023-12-11 10:50:19','\0'),(276,56,360,'2023-12-08 08:14:09',6,'1.2','1.2','100','','\0','\0','',1,'2023-12-08 12:03:15','2023-12-08 12:23:06',5,NULL,'2023-12-08 08:14:09',NULL,'2023-12-08 12:30:46',5,NULL,NULL,3,'\0',NULL,1,'','2023-12-09 12:31:56','\0',5,1.2,NULL,'\0',1,'\0',NULL,NULL,'2023-12-08 12:31:46','\0'),(277,56,361,'2023-12-08 08:14:09',6,'Below','Below','100','','\0','\0','',1,'2023-12-08 12:07:14','2023-12-08 12:23:07',5,NULL,'2023-12-08 08:14:09',NULL,'2023-12-08 12:30:46',5,NULL,NULL,3,'\0',NULL,1,'','2023-12-09 12:31:56','\0',5,NULL,NULL,'\0',1,'\0',NULL,NULL,'2023-12-08 12:31:46','\0'),(278,56,294,'2023-12-08 08:14:09',6,'0.8','0.80','100','','\0','\0','',1,'2023-12-08 12:11:14','2023-12-08 12:23:07',5,NULL,'2023-12-08 08:14:09',NULL,'2023-12-08 12:30:46',5,NULL,NULL,3,'\0',NULL,1,'','2023-12-09 12:31:56','\0',5,0.8,NULL,'\0',1,'\0',NULL,NULL,'2023-12-08 12:31:46','\0'),(279,56,295,'2023-12-08 08:14:09',6,'4.8','4.80','200','','\0','\0','',1,'2023-12-08 12:12:14','2023-12-08 12:23:07',5,NULL,'2023-12-08 08:14:09',NULL,'2023-12-08 12:30:46',5,NULL,NULL,3,'\0',NULL,1,'','2023-12-09 12:31:56','\0',5,4.8,NULL,'\0',1,'\0',NULL,NULL,'2023-12-08 12:31:46','\0'),(280,54,619,'2023-12-08 13:20:38',6,'Below','0','100','0','\0','\0','\0',0,'2023-12-11 14:10:51','2023-12-11 14:10:54',5,NULL,'2023-12-08 13:20:38',NULL,'2023-12-11 14:11:57',4,NULL,NULL,3,'\0',NULL,3,'','2023-12-18 08:10:42','\0',5,0,NULL,'\0',4,'\0',NULL,NULL,NULL,'\0'),(281,54,620,'2023-12-08 13:20:38',6,'Below','0','200','0','\0','\0','\0',0,'2023-12-11 14:10:51','2023-12-11 14:10:54',5,NULL,'2023-12-08 13:20:38',NULL,'2023-12-11 14:11:57',4,NULL,NULL,3,'\0',NULL,3,'','2023-12-18 08:10:42','\0',5,0,NULL,'\0',4,'\0',NULL,NULL,NULL,'\0'),(282,57,63,'2023-12-11 15:18:15',1,NULL,NULL,'',NULL,'\0','\0','\0',0,NULL,'0001-01-01 00:00:00',1,NULL,'2023-12-11 15:18:15',NULL,NULL,NULL,NULL,NULL,1,'\0',NULL,1,'','2023-12-21 15:19:06','\0',NULL,NULL,NULL,'\0',0,'\0',NULL,NULL,NULL,'\0'),(283,58,415,'2023-12-11 16:44:45',4,'46','46.0','','46.0','\0','\0','\0',0,'2023-12-13 13:13:37','2023-12-13 13:13:37',6,NULL,'2023-12-11 16:44:45',NULL,NULL,NULL,NULL,NULL,3,'\0',NULL,1,'','2023-12-21 16:45:11','\0',2,46,NULL,'\0',5,'\0',NULL,NULL,NULL,'\0'),(284,58,416,'2023-12-11 16:44:45',1,NULL,NULL,'',NULL,'\0','\0','\0',0,NULL,'0001-01-01 00:00:00',1,NULL,'2023-12-11 16:44:45',NULL,NULL,NULL,NULL,NULL,3,'\0',NULL,1,'','2023-12-21 16:45:11','\0',NULL,NULL,NULL,'\0',0,'\0',NULL,NULL,NULL,'\0'),(285,58,413,'2023-12-11 16:44:45',1,NULL,NULL,'',NULL,'\0','\0','\0',0,NULL,'0001-01-01 00:00:00',1,NULL,'2023-12-11 16:44:45',NULL,NULL,NULL,NULL,NULL,3,'\0',NULL,1,'','2023-12-21 16:45:11','\0',NULL,NULL,NULL,'\0',0,'\0',NULL,NULL,NULL,'\0'),(286,58,414,'2023-12-11 16:44:45',1,NULL,NULL,'',NULL,'\0','\0','\0',0,NULL,'0001-01-01 00:00:00',1,NULL,'2023-12-11 16:44:45',NULL,NULL,NULL,NULL,NULL,3,'\0',NULL,1,'','2023-12-21 16:45:11','\0',NULL,NULL,NULL,'\0',0,'\0',NULL,NULL,NULL,'\0'),(287,59,620,'2023-12-15 09:40:30',6,'0.7','0.70','100','','\0','\0','',3,'2023-12-15 09:58:22','2023-12-15 09:58:24',5,NULL,'2023-12-15 09:40:30',NULL,'2023-12-15 09:58:41',4,NULL,NULL,3,'\0',NULL,1,'','2024-01-11 17:14:07','',5,0.7,NULL,'\0',1,'\0',NULL,NULL,'2023-12-15 10:08:25','\0'),(288,59,615,'2023-12-15 09:40:30',6,'0.7','0.70','100','','\0','\0','',3,'2023-12-15 09:58:22','2023-12-15 09:58:24',5,NULL,'2023-12-15 09:40:30',NULL,'2023-12-15 09:58:41',4,NULL,NULL,3,'\0',NULL,1,'','2024-01-11 17:14:07','',5,0.7,NULL,'\0',1,'\0',NULL,NULL,'2023-12-15 10:08:25','\0'),(289,59,610,'2023-12-15 09:40:30',6,'Below','Below','200','','\0','\0','',3,'2023-12-15 09:58:22','2023-12-15 09:58:24',5,NULL,'2023-12-15 09:40:30',NULL,'2023-12-15 09:58:41',4,NULL,NULL,3,'\0',NULL,1,'','2024-01-11 17:14:07','',5,NULL,NULL,'\0',1,'\0',NULL,NULL,'2023-12-15 10:08:25','\0'),(290,59,609,'2023-12-15 09:40:30',6,'19','19.00','100','','\0','\0','',3,'2023-12-15 09:58:22','2023-12-15 09:58:24',5,NULL,'2023-12-15 09:40:30',NULL,'2023-12-15 09:58:41',4,NULL,NULL,3,'\0',NULL,1,'','2024-01-11 17:14:07','',5,19,NULL,'\0',1,'\0',NULL,NULL,'2023-12-15 10:08:25','\0'),(291,59,617,'2023-12-15 09:40:30',6,'1.2','1.2','10','','\0','\0','',3,'2023-12-15 09:58:22','2023-12-15 09:58:24',5,NULL,'2023-12-15 09:40:30',NULL,'2023-12-15 09:58:41',4,NULL,NULL,3,'\0',NULL,1,'','2024-01-11 17:14:07','',5,1.2,NULL,'\0',1,'\0',NULL,NULL,'2023-12-15 10:08:25','\0'),(292,60,620,'2023-12-15 10:10:52',6,'0.7','0.70','100','0.70','\0','\0','',4,'2023-12-15 15:55:08','2023-12-15 15:55:10',5,NULL,'2023-12-15 10:10:52',NULL,'2023-12-15 15:55:25',4,NULL,NULL,3,'\0',NULL,1,'','2023-12-16 15:56:17','\0',5,0.7,NULL,'\0',2,'\0',NULL,NULL,'2023-12-15 15:56:07','\0'),(293,60,615,'2023-12-15 10:10:52',6,'0.7','0.70','100','0.70','\0','\0','',4,'2023-12-15 15:55:08','2023-12-15 15:55:10',5,NULL,'2023-12-15 10:10:52',NULL,'2023-12-15 15:55:25',4,NULL,NULL,3,'\0',NULL,1,'','2023-12-16 15:56:17','\0',5,0.7,NULL,'\0',2,'\0',NULL,NULL,'2023-12-15 15:56:07','\0'),(294,60,610,'2023-12-15 10:10:52',2,'Below','Below','200','','\0','\0','\0',3,'2023-12-15 10:11:04','2023-12-15 10:11:06',5,NULL,'2023-12-15 10:10:52',NULL,'2023-12-15 10:11:21',4,NULL,NULL,1,'\0',NULL,1,'\0',NULL,'',5,NULL,NULL,'\0',1,'\0',NULL,NULL,'2023-12-15 10:59:24','\0'),(295,60,609,'2023-12-15 10:10:52',6,'19','19.00','100','19.00','\0','\0','',4,'2023-12-15 15:55:08','2023-12-15 15:55:09',5,NULL,'2023-12-15 10:10:52',NULL,'2023-12-15 15:55:25',4,NULL,NULL,3,'\0',NULL,1,'','2023-12-16 15:56:17','\0',5,19,NULL,'\0',2,'\0',NULL,NULL,'2023-12-15 15:56:07','\0'),(296,60,617,'2023-12-15 10:10:52',6,'1.2','1.2','10','1.2','\0','\0','',4,'2023-12-15 15:55:08','2023-12-15 15:55:09',5,NULL,'2023-12-15 10:10:52',NULL,'2023-12-15 15:55:25',4,NULL,NULL,3,'\0',NULL,1,'','2023-12-16 15:56:17','\0',5,1.2,NULL,'\0',2,'\0',NULL,NULL,'2023-12-15 15:56:07','\0'),(297,60,622,'2023-12-15 15:55:01',6,'Below','<0.5','200','Below','\0','\0','',1,'2023-12-15 15:55:08','2023-12-15 15:55:09',5,NULL,'2023-12-15 15:55:01',NULL,'2023-12-15 15:55:25',4,NULL,NULL,3,'\0',NULL,3,'','2023-12-16 15:56:17','\0',5,NULL,NULL,'\0',1,'\0',NULL,NULL,'2023-12-15 15:56:07','\0'),(298,61,339,'2023-12-19 10:17:39',1,NULL,NULL,'',NULL,'\0','\0','\0',0,NULL,'0001-01-01 00:00:00',1,NULL,'2023-12-19 10:17:39',NULL,NULL,NULL,NULL,NULL,1,'\0',NULL,1,'','2023-12-29 10:17:49','\0',NULL,NULL,NULL,'\0',0,'\0',NULL,NULL,NULL,'\0'),(299,61,340,'2023-12-19 10:17:39',1,NULL,NULL,'',NULL,'\0','\0','\0',0,NULL,'0001-01-01 00:00:00',1,NULL,'2023-12-19 10:17:39',NULL,NULL,NULL,NULL,NULL,1,'\0',NULL,1,'','2023-12-29 10:17:49','\0',NULL,NULL,NULL,'\0',0,'\0',NULL,NULL,NULL,'\0'),(300,61,348,'2023-12-19 10:17:39',1,NULL,NULL,'',NULL,'\0','\0','\0',0,NULL,'0001-01-01 00:00:00',1,NULL,'2023-12-19 10:17:39',NULL,NULL,NULL,NULL,NULL,1,'\0',NULL,1,'','2023-12-29 10:17:49','\0',NULL,NULL,NULL,'\0',0,'\0',NULL,NULL,NULL,'\0'),(301,61,338,'2023-12-19 10:17:39',1,NULL,NULL,'',NULL,'\0','\0','\0',0,NULL,'0001-01-01 00:00:00',1,NULL,'2023-12-19 10:17:39',NULL,NULL,NULL,NULL,NULL,1,'\0',NULL,1,'','2023-12-29 10:17:49','\0',NULL,NULL,NULL,'\0',0,'\0',NULL,NULL,NULL,'\0'),(302,61,341,'2023-12-19 10:17:39',1,NULL,NULL,'',NULL,'\0','\0','\0',0,NULL,'0001-01-01 00:00:00',1,NULL,'2023-12-19 10:17:39',NULL,NULL,NULL,NULL,NULL,1,'\0',NULL,1,'','2023-12-29 10:17:49','\0',NULL,NULL,NULL,'\0',0,'\0',NULL,NULL,NULL,'\0'),(303,61,346,'2023-12-19 10:17:39',1,NULL,NULL,'',NULL,'\0','\0','\0',0,NULL,'0001-01-01 00:00:00',1,NULL,'2023-12-19 10:17:39',NULL,NULL,NULL,NULL,NULL,1,'\0',NULL,1,'','2023-12-29 10:17:49','\0',NULL,NULL,NULL,'\0',0,'\0',NULL,NULL,NULL,'\0'),(304,61,337,'2023-12-19 10:17:39',1,NULL,NULL,'',NULL,'\0','\0','\0',0,NULL,'0001-01-01 00:00:00',1,NULL,'2023-12-19 10:17:39',NULL,NULL,NULL,NULL,NULL,1,'\0',NULL,1,'','2023-12-29 10:17:49','\0',NULL,NULL,NULL,'\0',0,'\0',NULL,NULL,NULL,'\0'),(305,61,345,'2023-12-19 10:17:39',1,NULL,NULL,'',NULL,'\0','\0','\0',0,NULL,'0001-01-01 00:00:00',1,NULL,'2023-12-19 10:17:39',NULL,NULL,NULL,NULL,NULL,1,'\0',NULL,1,'','2023-12-29 10:17:49','\0',NULL,NULL,NULL,'\0',0,'\0',NULL,NULL,NULL,'\0'),(306,61,336,'2023-12-19 10:17:39',1,NULL,NULL,'',NULL,'\0','\0','\0',0,NULL,'0001-01-01 00:00:00',1,NULL,'2023-12-19 10:17:39',NULL,NULL,NULL,NULL,NULL,1,'\0',NULL,1,'','2023-12-29 10:17:49','\0',NULL,NULL,NULL,'\0',0,'\0',NULL,NULL,NULL,'\0'),(307,61,344,'2023-12-19 10:17:39',1,NULL,NULL,'',NULL,'\0','\0','\0',0,NULL,'0001-01-01 00:00:00',1,NULL,'2023-12-19 10:17:39',NULL,NULL,NULL,NULL,NULL,1,'\0',NULL,1,'','2023-12-29 10:17:49','\0',NULL,NULL,NULL,'\0',0,'\0',NULL,NULL,NULL,'\0'),(308,61,343,'2023-12-19 10:17:39',1,NULL,NULL,'',NULL,'\0','\0','\0',0,NULL,'0001-01-01 00:00:00',1,NULL,'2023-12-19 10:17:39',NULL,NULL,NULL,NULL,NULL,1,'\0',NULL,1,'','2023-12-29 10:17:49','\0',NULL,NULL,NULL,'\0',0,'\0',NULL,NULL,NULL,'\0'),(309,61,347,'2023-12-19 10:17:39',1,NULL,NULL,'',NULL,'\0','\0','\0',0,NULL,'0001-01-01 00:00:00',1,NULL,'2023-12-19 10:17:39',NULL,NULL,NULL,NULL,NULL,1,'\0',NULL,1,'','2023-12-29 10:17:49','\0',NULL,NULL,NULL,'\0',0,'\0',NULL,NULL,NULL,'\0'),(310,61,342,'2023-12-19 10:17:39',1,NULL,NULL,'',NULL,'\0','\0','\0',0,NULL,'0001-01-01 00:00:00',1,NULL,'2023-12-19 10:17:39',NULL,NULL,NULL,NULL,NULL,1,'\0',NULL,1,'','2023-12-29 10:17:49','\0',NULL,NULL,NULL,'\0',0,'\0',NULL,NULL,NULL,'\0'),(311,61,335,'2023-12-19 10:17:39',1,NULL,NULL,'',NULL,'\0','\0','\0',0,NULL,'0001-01-01 00:00:00',1,NULL,'2023-12-19 10:17:39',NULL,NULL,NULL,NULL,NULL,3,'\0',NULL,1,'','2023-12-29 10:17:49','\0',NULL,NULL,NULL,'\0',0,'\0',NULL,NULL,NULL,'\0'),(312,62,331,'2023-12-19 10:19:39',1,NULL,NULL,'',NULL,'\0','\0','\0',0,NULL,'0001-01-01 00:00:00',1,NULL,'2023-12-19 10:19:39',NULL,NULL,NULL,NULL,NULL,1,'\0',NULL,1,'','2023-12-29 10:19:50','\0',NULL,NULL,NULL,'\0',0,'\0',NULL,NULL,NULL,'\0'),(313,62,332,'2023-12-19 10:19:39',1,NULL,NULL,'',NULL,'\0','\0','\0',0,NULL,'0001-01-01 00:00:00',1,NULL,'2023-12-19 10:19:39',NULL,NULL,NULL,NULL,NULL,1,'\0',NULL,1,'','2023-12-29 10:19:50','\0',NULL,NULL,NULL,'\0',0,'\0',NULL,NULL,NULL,'\0'),(314,62,330,'2023-12-19 10:19:39',1,NULL,NULL,'',NULL,'\0','\0','\0',0,NULL,'0001-01-01 00:00:00',1,NULL,'2023-12-19 10:19:39',NULL,NULL,NULL,NULL,NULL,1,'\0',NULL,1,'','2023-12-29 10:19:50','\0',NULL,NULL,NULL,'\0',0,'\0',NULL,NULL,NULL,'\0'),(315,62,334,'2023-12-19 10:19:39',2,NULL,NULL,'',NULL,'\0','\0','\0',0,NULL,'0001-01-01 00:00:00',1,NULL,'2023-12-19 10:19:39',NULL,NULL,NULL,NULL,NULL,1,'',NULL,1,'','2023-12-29 10:19:50','\0',NULL,NULL,NULL,'\0',0,'\0',NULL,NULL,NULL,'\0'),(316,62,329,'2023-12-19 10:19:39',1,NULL,NULL,'',NULL,'\0','\0','\0',0,NULL,'0001-01-01 00:00:00',1,NULL,'2023-12-19 10:19:39',NULL,NULL,NULL,NULL,NULL,1,'\0',NULL,1,'','2023-12-29 10:19:50','\0',NULL,NULL,NULL,'\0',0,'\0',NULL,NULL,NULL,'\0'),(317,62,328,'2023-12-19 10:19:39',1,NULL,NULL,'',NULL,'\0','\0','\0',0,NULL,'0001-01-01 00:00:00',1,NULL,'2023-12-19 10:19:39',NULL,NULL,NULL,NULL,NULL,1,'\0',NULL,1,'','2023-12-29 10:19:50','\0',NULL,NULL,NULL,'\0',0,'\0',NULL,NULL,NULL,'\0'),(318,62,333,'2023-12-19 10:19:39',1,NULL,NULL,'',NULL,'\0','\0','\0',0,NULL,'0001-01-01 00:00:00',1,NULL,'2023-12-19 10:19:39',NULL,NULL,NULL,NULL,NULL,1,'\0',NULL,1,'','2023-12-29 10:19:50','\0',NULL,NULL,NULL,'\0',0,'\0',NULL,NULL,NULL,'\0'),(319,63,355,'2023-12-19 10:20:39',1,NULL,NULL,'',NULL,'\0','\0','\0',0,NULL,'0001-01-01 00:00:00',1,NULL,'2023-12-19 10:20:39',NULL,NULL,NULL,NULL,NULL,1,'\0',NULL,1,'','2023-12-29 10:20:50','\0',NULL,NULL,NULL,'\0',0,'\0',NULL,NULL,NULL,'\0'),(320,63,356,'2023-12-19 10:20:39',1,NULL,NULL,'',NULL,'\0','\0','\0',0,NULL,'0001-01-01 00:00:00',1,NULL,'2023-12-19 10:20:39',NULL,NULL,NULL,NULL,NULL,1,'\0',NULL,1,'','2023-12-29 10:20:50','\0',NULL,NULL,NULL,'\0',0,'\0',NULL,NULL,NULL,'\0'),(321,63,350,'2023-12-19 10:20:39',1,NULL,NULL,'',NULL,'\0','\0','\0',0,NULL,'0001-01-01 00:00:00',1,NULL,'2023-12-19 10:20:39',NULL,NULL,NULL,NULL,NULL,1,'\0',NULL,1,'','2023-12-29 10:20:50','\0',NULL,NULL,NULL,'\0',0,'\0',NULL,NULL,NULL,'\0'),(322,63,352,'2023-12-19 10:20:39',1,NULL,NULL,'',NULL,'\0','\0','\0',0,NULL,'0001-01-01 00:00:00',1,NULL,'2023-12-19 10:20:39',NULL,NULL,NULL,NULL,NULL,1,'\0',NULL,1,'','2023-12-29 10:20:50','\0',NULL,NULL,NULL,'\0',0,'\0',NULL,NULL,NULL,'\0'),(323,63,354,'2023-12-19 10:20:39',1,NULL,NULL,'',NULL,'\0','\0','\0',0,NULL,'0001-01-01 00:00:00',1,NULL,'2023-12-19 10:20:39',NULL,NULL,NULL,NULL,NULL,1,'\0',NULL,1,'','2023-12-29 10:20:50','\0',NULL,NULL,NULL,'\0',0,'\0',NULL,NULL,NULL,'\0'),(324,63,353,'2023-12-19 10:20:39',1,NULL,NULL,'',NULL,'\0','\0','\0',0,NULL,'0001-01-01 00:00:00',1,NULL,'2023-12-19 10:20:39',NULL,NULL,NULL,NULL,NULL,1,'\0',NULL,1,'','2023-12-29 10:20:50','\0',NULL,NULL,NULL,'\0',0,'\0',NULL,NULL,NULL,'\0'),(325,63,351,'2023-12-19 10:20:39',2,NULL,NULL,'',NULL,'\0','\0','\0',0,NULL,'0001-01-01 00:00:00',1,NULL,'2023-12-19 10:20:39',NULL,NULL,NULL,NULL,NULL,1,'',NULL,1,'','2023-12-29 10:20:50','\0',NULL,NULL,NULL,'\0',0,'\0',NULL,NULL,NULL,'\0'),(326,63,349,'2023-12-19 10:21:39',2,NULL,NULL,'',NULL,'\0','\0','\0',0,NULL,'0001-01-01 00:00:00',1,NULL,'2023-12-19 10:21:39',NULL,NULL,NULL,NULL,NULL,1,'',NULL,1,'','2023-12-29 10:20:50','\0',NULL,NULL,NULL,'\0',0,'\0',NULL,NULL,NULL,'\0'),(327,64,335,'2023-12-19 13:01:18',2,NULL,NULL,NULL,NULL,'\0','\0','\0',0,NULL,'0001-01-01 00:00:00',2,NULL,'2023-12-19 13:01:18',NULL,NULL,NULL,NULL,NULL,3,'',NULL,3,'','2023-12-29 13:01:59','\0',NULL,NULL,NULL,'\0',0,'\0',NULL,NULL,NULL,'\0'),(328,65,77,'2023-12-20 10:09:16',1,NULL,NULL,'',NULL,'\0','\0','\0',0,NULL,'0001-01-01 00:00:00',1,NULL,'2023-12-20 10:09:16',NULL,NULL,NULL,NULL,NULL,3,'',NULL,1,'','2024-01-11 17:14:07','',NULL,NULL,NULL,'\0',0,'\0',NULL,NULL,NULL,'\0'),(329,65,65,'2023-12-20 10:09:16',1,NULL,NULL,'',NULL,'\0','\0','\0',0,NULL,'0001-01-01 00:00:00',1,NULL,'2023-12-20 10:09:16',NULL,NULL,NULL,NULL,NULL,3,'',NULL,1,'','2024-01-11 17:14:07','',NULL,NULL,NULL,'\0',0,'\0',NULL,NULL,NULL,'\0'),(330,65,75,'2023-12-20 10:09:16',1,NULL,NULL,'',NULL,'\0','\0','\0',0,NULL,'0001-01-01 00:00:00',1,NULL,'2023-12-20 10:09:16',NULL,NULL,NULL,NULL,NULL,3,'',NULL,1,'','2024-01-11 17:14:07','',NULL,NULL,NULL,'\0',0,'\0',NULL,NULL,NULL,'\0'),(331,66,915,'2023-12-20 10:49:25',6,'< 2.3','< 2.3','','','\0','\0','',1,'2023-12-20 11:25:49','2023-12-20 13:22:51',9,NULL,'2023-12-20 10:49:25',NULL,'2023-12-20 13:25:35',4,NULL,NULL,1,'\0',NULL,1,'','2023-12-21 13:26:59','\0',3,NULL,NULL,'\0',1,'\0',NULL,NULL,'2023-12-20 13:26:33','\0'),(332,66,903,'2023-12-20 10:49:25',6,'< 3.2','< 3.2','','','\0','\0','',1,'2023-12-20 11:24:52','2023-12-20 13:22:51',9,NULL,'2023-12-20 10:49:25',NULL,'2023-12-20 13:25:35',4,NULL,NULL,1,'\0',NULL,1,'','2023-12-21 13:26:59','\0',3,NULL,NULL,'\0',1,'\0',NULL,NULL,'2023-12-20 13:26:33','\0'),(333,66,913,'2023-12-20 10:49:25',6,'< 2.9','< 2.9','','','\0','\0','',1,'2023-12-20 11:26:46','2023-12-20 13:22:52',9,NULL,'2023-12-20 10:49:25',NULL,'2023-12-20 13:25:35',4,NULL,NULL,1,'\0',NULL,1,'','2023-12-21 13:26:59','\0',3,NULL,NULL,'\0',1,'\0',NULL,NULL,'2023-12-20 13:26:33','\0'),(334,67,903,'2023-12-20 11:13:25',1,NULL,NULL,'',NULL,'\0','\0','\0',0,NULL,'0001-01-01 00:00:00',1,NULL,'2023-12-20 11:13:25',NULL,NULL,NULL,NULL,NULL,1,'\0',NULL,1,'','2023-12-30 11:14:00','\0',NULL,NULL,NULL,'\0',0,'\0',NULL,NULL,NULL,'\0'),(335,67,915,'2023-12-20 11:13:25',1,NULL,NULL,'',NULL,'\0','\0','\0',0,NULL,'0001-01-01 00:00:00',1,NULL,'2023-12-20 11:13:25',NULL,NULL,NULL,NULL,NULL,1,'\0',NULL,1,'','2023-12-30 11:14:00','\0',NULL,NULL,NULL,'\0',0,'\0',NULL,NULL,NULL,'\0'),(336,67,913,'2023-12-20 11:13:25',1,NULL,NULL,'',NULL,'\0','\0','\0',0,NULL,'0001-01-01 00:00:00',1,NULL,'2023-12-20 11:13:25',NULL,NULL,NULL,NULL,NULL,1,'\0',NULL,1,'','2023-12-30 11:14:00','\0',NULL,NULL,NULL,'\0',0,'\0',NULL,NULL,NULL,'\0'),(337,68,863,'2023-12-20 12:50:55',6,'o','o','','o','\0','\0','',1,'2023-12-20 14:25:55','2023-12-21 11:03:54',10,NULL,'2023-12-20 12:50:55',NULL,'2023-12-21 11:04:42',4,NULL,NULL,1,'\0',NULL,1,'','2023-12-22 11:05:51','\0',4,NULL,NULL,'\0',2,'\0',NULL,NULL,'2023-12-21 11:05:38','\0'),(338,68,864,'2023-12-20 12:50:55',6,'o','o','','o','\0','\0','',1,'2023-12-20 14:25:55','2023-12-21 11:03:54',10,NULL,'2023-12-20 12:50:55',NULL,'2023-12-21 11:04:42',4,NULL,NULL,1,'\0',NULL,1,'','2023-12-22 11:05:51','\0',4,NULL,NULL,'\0',2,'\0',NULL,NULL,'2023-12-21 11:05:38','\0'),(339,68,872,'2023-12-20 12:50:55',6,'o','o','','o','\0','\0','',1,'2023-12-20 14:25:55','2023-12-21 11:03:54',10,NULL,'2023-12-20 12:50:55',NULL,'2023-12-21 11:04:42',4,NULL,NULL,1,'\0',NULL,1,'','2023-12-22 11:05:51','\0',4,NULL,NULL,'\0',2,'\0',NULL,NULL,'2023-12-21 11:05:38','\0'),(340,68,862,'2023-12-20 12:50:55',6,'o','o','','o','\0','\0','',1,'2023-12-20 14:25:55','2023-12-21 11:03:54',10,NULL,'2023-12-20 12:50:55',NULL,'2023-12-21 11:04:42',4,NULL,NULL,1,'\0',NULL,1,'','2023-12-22 11:05:51','\0',4,NULL,NULL,'\0',2,'\0',NULL,NULL,'2023-12-21 11:05:38','\0'),(341,68,865,'2023-12-20 12:50:55',6,'o','o','','o','\0','\0','',1,'2023-12-20 14:25:55','2023-12-21 11:03:54',10,NULL,'2023-12-20 12:50:55',NULL,'2023-12-21 11:04:42',4,NULL,NULL,1,'\0',NULL,1,'','2023-12-22 11:05:51','\0',4,NULL,NULL,'\0',2,'\0',NULL,NULL,'2023-12-21 11:05:38','\0'),(342,68,869,'2023-12-20 12:50:55',6,'o','o','','o','\0','\0','',1,'2023-12-20 14:25:55','2023-12-21 11:03:54',10,NULL,'2023-12-20 12:50:55',NULL,'2023-12-21 11:04:42',4,NULL,NULL,1,'\0',NULL,1,'','2023-12-22 11:05:51','\0',4,NULL,NULL,'\0',2,'\0',NULL,NULL,'2023-12-21 11:05:38','\0'),(343,68,861,'2023-12-20 12:50:55',6,'o','o','','','\0','\0','',1,'2023-12-20 14:25:55','2023-12-21 11:03:53',10,NULL,'2023-12-20 12:50:55',NULL,'2023-12-21 11:04:42',4,NULL,NULL,1,'\0',NULL,1,'','2023-12-22 11:05:51','\0',4,NULL,NULL,'\0',1,'\0',NULL,NULL,'2023-12-21 11:05:38','\0'),(344,68,870,'2023-12-20 12:50:55',6,'o','o','','o','\0','\0','',1,'2023-12-20 14:25:55','2023-12-21 11:03:53',10,NULL,'2023-12-20 12:50:55',NULL,'2023-12-21 11:04:42',4,NULL,NULL,1,'\0',NULL,1,'','2023-12-22 11:05:51','\0',4,NULL,NULL,'\0',2,'\0',NULL,NULL,'2023-12-21 11:05:38','\0'),(345,68,860,'2023-12-20 12:50:55',6,'o','o','','o','\0','\0','',1,'2023-12-20 14:25:55','2023-12-21 11:03:53',10,NULL,'2023-12-20 12:50:55',NULL,'2023-12-21 11:04:42',4,NULL,NULL,1,'\0',NULL,1,'','2023-12-22 11:05:51','\0',4,NULL,NULL,'\0',2,'\0',NULL,NULL,'2023-12-21 11:05:38','\0'),(346,68,868,'2023-12-20 12:50:55',6,'o','o','','o','\0','\0','',1,'2023-12-20 14:25:55','2023-12-21 11:03:53',10,NULL,'2023-12-20 12:50:55',NULL,'2023-12-21 11:04:42',4,NULL,NULL,1,'\0',NULL,1,'','2023-12-22 11:05:51','\0',4,NULL,NULL,'\0',2,'\0',NULL,NULL,'2023-12-21 11:05:38','\0'),(347,68,867,'2023-12-20 12:50:55',6,'o','o','','o','\0','\0','',1,'2023-12-20 14:25:55','2023-12-21 11:03:53',10,NULL,'2023-12-20 12:50:55',NULL,'2023-12-21 11:04:42',4,NULL,NULL,1,'\0',NULL,1,'','2023-12-22 11:05:51','\0',4,NULL,NULL,'\0',2,'\0',NULL,NULL,'2023-12-21 11:05:38','\0'),(348,68,871,'2023-12-20 12:50:55',6,'o','o','','o','\0','\0','',1,'2023-12-20 14:25:55','2023-12-21 11:03:53',10,NULL,'2023-12-20 12:50:55',NULL,'2023-12-21 11:04:42',4,NULL,NULL,1,'\0',NULL,1,'','2023-12-22 11:05:51','\0',4,NULL,NULL,'\0',2,'\0',NULL,NULL,'2023-12-21 11:05:38','\0'),(349,68,866,'2023-12-20 12:50:55',6,'o','o','','o','\0','\0','',1,'2023-12-20 14:25:55','2023-12-21 11:03:53',10,NULL,'2023-12-20 12:50:55',NULL,'2023-12-21 11:04:42',4,NULL,NULL,1,'\0',NULL,1,'','2023-12-22 11:05:51','\0',4,NULL,NULL,'\0',2,'\0',NULL,NULL,'2023-12-21 11:05:38','\0'),(350,68,859,'2023-12-20 12:50:55',6,'o','o','','o','\0','\0','',1,'2023-12-20 14:25:55','2023-12-21 11:03:53',10,NULL,'2023-12-20 12:50:55',NULL,'2023-12-21 11:04:42',4,NULL,NULL,1,'\0',NULL,1,'','2023-12-22 11:05:51','\0',4,NULL,NULL,'\0',2,'\0',NULL,NULL,'2023-12-21 11:05:38','\0'),(351,69,856,'2023-12-20 12:52:55',6,'o','o','','','\0','\0','',1,'2023-12-20 15:00:58','2023-12-20 15:03:35',10,NULL,'2023-12-20 12:52:55',NULL,'2023-12-21 10:05:04',4,NULL,NULL,1,'\0',NULL,1,'','2023-12-22 10:06:47','\0',4,NULL,NULL,'\0',1,'\0',NULL,NULL,'2023-12-21 10:06:15','\0'),(352,69,851,'2023-12-20 12:52:55',6,'o','o','','','\0','\0','',1,'2023-12-20 15:00:58','2023-12-20 15:03:35',10,NULL,'2023-12-20 12:52:55',NULL,'2023-12-21 10:05:04',4,NULL,NULL,1,'\0',NULL,1,'','2023-12-22 10:06:47','\0',4,NULL,NULL,'\0',1,'\0',NULL,NULL,'2023-12-21 10:06:15','\0'),(353,69,855,'2023-12-20 12:52:55',6,'o','o','','','\0','\0','',1,'2023-12-20 15:00:58','2023-12-20 15:03:34',10,NULL,'2023-12-20 12:52:55',NULL,'2023-12-21 10:05:04',4,NULL,NULL,1,'\0',NULL,1,'','2023-12-22 10:06:47','\0',4,NULL,NULL,'\0',1,'\0',NULL,NULL,'2023-12-21 10:06:15','\0'),(354,69,858,'2023-12-20 12:52:55',6,'o','o','','','\0','\0','',1,'2023-12-20 15:00:58','2023-12-20 15:03:34',10,NULL,'2023-12-20 12:52:55',NULL,'2023-12-21 10:05:04',4,NULL,NULL,1,'\0',NULL,1,'','2023-12-22 10:06:47','\0',4,NULL,NULL,'\0',1,'\0',NULL,NULL,'2023-12-21 10:06:15','\0'),(355,69,854,'2023-12-20 12:52:55',6,'o','o','','','\0','\0','',1,'2023-12-20 15:00:58','2023-12-20 15:03:34',10,NULL,'2023-12-20 12:52:55',NULL,'2023-12-21 10:05:04',4,NULL,NULL,1,'\0',NULL,1,'','2023-12-22 10:06:47','\0',4,NULL,NULL,'\0',1,'\0',NULL,NULL,'2023-12-21 10:06:15','\0'),(356,69,853,'2023-12-20 12:52:55',6,'o','o','','','\0','\0','',1,'2023-12-20 15:00:58','2023-12-20 15:03:34',10,NULL,'2023-12-20 12:52:55',NULL,'2023-12-21 10:05:04',4,NULL,NULL,1,'\0',NULL,1,'','2023-12-22 10:06:47','\0',4,NULL,NULL,'\0',1,'\0',NULL,NULL,'2023-12-21 10:06:15','\0'),(357,69,857,'2023-12-20 12:52:55',6,'o','o','','','\0','\0','',1,'2023-12-20 15:00:58','2023-12-20 15:03:35',10,NULL,'2023-12-20 12:52:55',NULL,'2023-12-21 10:05:04',4,NULL,NULL,1,'\0',NULL,1,'','2023-12-22 10:06:47','\0',4,NULL,NULL,'\0',1,'\0',NULL,NULL,'2023-12-21 10:06:15','\0'),(358,70,873,'2023-12-20 12:54:25',6,'o','o','','o','\0','\0','',1,'2023-12-20 14:25:55','2023-12-21 11:03:52',10,NULL,'2023-12-20 12:54:25',NULL,'2023-12-21 11:04:44',4,NULL,NULL,1,'\0',NULL,1,'','2023-12-22 11:05:51','\0',4,NULL,NULL,'\0',2,'\0',NULL,NULL,'2023-12-21 11:05:38','\0'),(359,70,852,'2023-12-20 12:54:25',6,'o','o','','o','\0','\0','',1,'2023-12-20 14:25:55','2023-12-21 11:03:52',10,NULL,'2023-12-20 12:54:25',NULL,'2023-12-21 11:04:44',4,NULL,NULL,1,'\0',NULL,1,'','2023-12-22 11:05:51','\0',4,NULL,NULL,'\0',2,'\0',NULL,NULL,'2023-12-21 11:05:38','\0'),(360,71,879,'2023-12-20 12:55:25',6,'o','o','','o','\0','\0','',1,'2023-12-20 14:25:55','2023-12-21 11:03:55',10,NULL,'2023-12-20 12:55:25',NULL,'2023-12-21 11:04:46',4,NULL,NULL,1,'\0',NULL,1,'','2023-12-22 11:05:51','\0',4,NULL,NULL,'\0',2,'\0',NULL,NULL,'2023-12-21 11:05:38','\0'),(361,71,880,'2023-12-20 12:55:25',6,'o','o','','o','\0','\0','',1,'2023-12-20 14:25:55','2023-12-21 11:03:55',10,NULL,'2023-12-20 12:55:25',NULL,'2023-12-21 11:04:46',4,NULL,NULL,1,'\0',NULL,1,'','2023-12-22 11:05:51','\0',4,NULL,NULL,'\0',2,'\0',NULL,NULL,'2023-12-21 11:05:38','\0'),(362,71,874,'2023-12-20 12:55:25',6,'o','o','','o','\0','\0','',1,'2023-12-20 14:25:55','2023-12-21 11:03:55',10,NULL,'2023-12-20 12:55:25',NULL,'2023-12-21 11:04:46',4,NULL,NULL,1,'\0',NULL,1,'','2023-12-22 11:05:51','\0',4,NULL,NULL,'\0',2,'\0',NULL,NULL,'2023-12-21 11:05:38','\0'),(363,71,876,'2023-12-20 12:55:25',6,'o','o','','o','\0','\0','',1,'2023-12-20 14:25:55','2023-12-21 11:03:55',10,NULL,'2023-12-20 12:55:25',NULL,'2023-12-21 11:04:46',4,NULL,NULL,1,'\0',NULL,1,'','2023-12-22 11:05:51','\0',4,NULL,NULL,'\0',2,'\0',NULL,NULL,'2023-12-21 11:05:38','\0'),(364,71,878,'2023-12-20 12:55:25',6,'o','o','','o','\0','\0','',1,'2023-12-20 14:25:55','2023-12-21 11:03:55',10,NULL,'2023-12-20 12:55:25',NULL,'2023-12-21 11:04:46',4,NULL,NULL,1,'\0',NULL,1,'','2023-12-22 11:05:51','\0',4,NULL,NULL,'\0',2,'\0',NULL,NULL,'2023-12-21 11:05:38','\0'),(365,71,877,'2023-12-20 12:55:25',6,'o','o','','o','\0','\0','',1,'2023-12-20 14:25:55','2023-12-21 11:03:55',10,NULL,'2023-12-20 12:55:25',NULL,'2023-12-21 11:04:46',4,NULL,NULL,1,'\0',NULL,1,'','2023-12-22 11:05:51','\0',4,NULL,NULL,'\0',2,'\0',NULL,NULL,'2023-12-21 11:05:38','\0'),(366,71,875,'2023-12-20 12:55:25',6,'o','o','','o','\0','\0','',1,'2023-12-20 14:25:55','2023-12-21 11:03:54',10,NULL,'2023-12-20 12:55:25',NULL,'2023-12-21 11:04:46',4,NULL,NULL,1,'\0',NULL,1,'','2023-12-22 11:05:51','\0',4,NULL,NULL,'\0',2,'\0',NULL,NULL,'2023-12-21 11:05:38','\0'),(367,72,863,'2023-12-20 12:56:55',1,NULL,NULL,'',NULL,'\0','\0','\0',0,NULL,'0001-01-01 00:00:00',1,NULL,'2023-12-20 12:56:55',NULL,NULL,NULL,NULL,NULL,1,'\0',NULL,1,'','2023-12-30 12:57:06','\0',NULL,NULL,NULL,'\0',0,'\0',NULL,NULL,NULL,'\0'),(368,72,864,'2023-12-20 12:56:55',1,NULL,NULL,'',NULL,'\0','\0','\0',0,NULL,'0001-01-01 00:00:00',1,NULL,'2023-12-20 12:56:55',NULL,NULL,NULL,NULL,NULL,1,'\0',NULL,1,'','2023-12-30 12:57:06','\0',NULL,NULL,NULL,'\0',0,'\0',NULL,NULL,NULL,'\0'),(369,72,872,'2023-12-20 12:56:55',1,NULL,NULL,'',NULL,'\0','\0','\0',0,NULL,'0001-01-01 00:00:00',1,NULL,'2023-12-20 12:56:55',NULL,NULL,NULL,NULL,NULL,1,'\0',NULL,1,'','2023-12-30 12:57:06','\0',NULL,NULL,NULL,'\0',0,'\0',NULL,NULL,NULL,'\0'),(370,72,862,'2023-12-20 12:56:55',1,NULL,NULL,'',NULL,'\0','\0','\0',0,NULL,'0001-01-01 00:00:00',1,NULL,'2023-12-20 12:56:55',NULL,NULL,NULL,NULL,NULL,1,'\0',NULL,1,'','2023-12-30 12:57:06','\0',NULL,NULL,NULL,'\0',0,'\0',NULL,NULL,NULL,'\0'),(371,72,865,'2023-12-20 12:56:55',1,NULL,NULL,'',NULL,'\0','\0','\0',0,NULL,'0001-01-01 00:00:00',1,NULL,'2023-12-20 12:56:55',NULL,NULL,NULL,NULL,NULL,1,'\0',NULL,1,'','2023-12-30 12:57:06','\0',NULL,NULL,NULL,'\0',0,'\0',NULL,NULL,NULL,'\0'),(372,72,869,'2023-12-20 12:56:55',1,NULL,NULL,'',NULL,'\0','\0','\0',0,NULL,'0001-01-01 00:00:00',1,NULL,'2023-12-20 12:56:55',NULL,NULL,NULL,NULL,NULL,1,'\0',NULL,1,'','2023-12-30 12:57:06','\0',NULL,NULL,NULL,'\0',0,'\0',NULL,NULL,NULL,'\0'),(373,72,861,'2023-12-20 12:56:55',1,NULL,NULL,'',NULL,'\0','\0','\0',0,NULL,'0001-01-01 00:00:00',1,NULL,'2023-12-20 12:56:55',NULL,NULL,NULL,NULL,NULL,1,'\0',NULL,1,'','2023-12-30 12:57:06','\0',NULL,NULL,NULL,'\0',0,'\0',NULL,NULL,NULL,'\0'),(374,72,870,'2023-12-20 12:56:55',1,NULL,NULL,'',NULL,'\0','\0','\0',0,NULL,'0001-01-01 00:00:00',1,NULL,'2023-12-20 12:56:55',NULL,NULL,NULL,NULL,NULL,1,'\0',NULL,1,'','2023-12-30 12:57:06','\0',NULL,NULL,NULL,'\0',0,'\0',NULL,NULL,NULL,'\0'),(375,72,860,'2023-12-20 12:56:55',1,NULL,NULL,'',NULL,'\0','\0','\0',0,NULL,'0001-01-01 00:00:00',1,NULL,'2023-12-20 12:56:55',NULL,NULL,NULL,NULL,NULL,1,'\0',NULL,1,'','2023-12-30 12:57:06','\0',NULL,NULL,NULL,'\0',0,'\0',NULL,NULL,NULL,'\0'),(376,72,868,'2023-12-20 12:56:55',1,NULL,NULL,'',NULL,'\0','\0','\0',0,NULL,'0001-01-01 00:00:00',1,NULL,'2023-12-20 12:56:55',NULL,NULL,NULL,NULL,NULL,1,'\0',NULL,1,'','2023-12-30 12:57:06','\0',NULL,NULL,NULL,'\0',0,'\0',NULL,NULL,NULL,'\0'),(377,72,867,'2023-12-20 12:56:55',1,NULL,NULL,'',NULL,'\0','\0','\0',0,NULL,'0001-01-01 00:00:00',1,NULL,'2023-12-20 12:56:55',NULL,NULL,NULL,NULL,NULL,1,'\0',NULL,1,'','2023-12-30 12:57:06','\0',NULL,NULL,NULL,'\0',0,'\0',NULL,NULL,NULL,'\0'),(378,72,871,'2023-12-20 12:56:55',1,NULL,NULL,'',NULL,'\0','\0','\0',0,NULL,'0001-01-01 00:00:00',1,NULL,'2023-12-20 12:56:55',NULL,NULL,NULL,NULL,NULL,1,'\0',NULL,1,'','2023-12-30 12:57:06','\0',NULL,NULL,NULL,'\0',0,'\0',NULL,NULL,NULL,'\0'),(379,72,866,'2023-12-20 12:56:55',1,NULL,NULL,'',NULL,'\0','\0','\0',0,NULL,'0001-01-01 00:00:00',1,NULL,'2023-12-20 12:56:55',NULL,NULL,NULL,NULL,NULL,1,'\0',NULL,1,'','2023-12-30 12:57:06','\0',NULL,NULL,NULL,'\0',0,'\0',NULL,NULL,NULL,'\0'),(380,72,859,'2023-12-20 12:56:55',1,NULL,NULL,'',NULL,'\0','\0','\0',0,NULL,'0001-01-01 00:00:00',1,NULL,'2023-12-20 12:56:55',NULL,NULL,NULL,NULL,NULL,1,'\0',NULL,1,'','2023-12-30 12:57:06','\0',NULL,NULL,NULL,'\0',0,'\0',NULL,NULL,NULL,'\0'),(381,72,856,'2023-12-20 12:56:55',1,NULL,NULL,'',NULL,'\0','\0','\0',0,NULL,'0001-01-01 00:00:00',1,NULL,'2023-12-20 12:56:55',NULL,NULL,NULL,NULL,NULL,1,'\0',NULL,1,'','2023-12-30 12:57:06','\0',NULL,NULL,NULL,'\0',0,'\0',NULL,NULL,NULL,'\0'),(382,72,851,'2023-12-20 12:56:55',1,NULL,NULL,'',NULL,'\0','\0','\0',0,NULL,'0001-01-01 00:00:00',1,NULL,'2023-12-20 12:56:55',NULL,NULL,NULL,NULL,NULL,1,'\0',NULL,1,'','2023-12-30 12:57:06','\0',NULL,NULL,NULL,'\0',0,'\0',NULL,NULL,NULL,'\0'),(383,72,855,'2023-12-20 12:56:55',1,NULL,NULL,'',NULL,'\0','\0','\0',0,NULL,'0001-01-01 00:00:00',1,NULL,'2023-12-20 12:56:55',NULL,NULL,NULL,NULL,NULL,1,'\0',NULL,1,'','2023-12-30 12:57:06','\0',NULL,NULL,NULL,'\0',0,'\0',NULL,NULL,NULL,'\0'),(384,72,858,'2023-12-20 12:56:55',1,NULL,NULL,'',NULL,'\0','\0','\0',0,NULL,'0001-01-01 00:00:00',1,NULL,'2023-12-20 12:56:55',NULL,NULL,NULL,NULL,NULL,1,'\0',NULL,1,'','2023-12-30 12:57:06','\0',NULL,NULL,NULL,'\0',0,'\0',NULL,NULL,NULL,'\0'),(385,72,854,'2023-12-20 12:56:55',1,NULL,NULL,'',NULL,'\0','\0','\0',0,NULL,'0001-01-01 00:00:00',1,NULL,'2023-12-20 12:56:55',NULL,NULL,NULL,NULL,NULL,1,'\0',NULL,1,'','2023-12-30 12:57:06','\0',NULL,NULL,NULL,'\0',0,'\0',NULL,NULL,NULL,'\0'),(386,72,853,'2023-12-20 12:56:55',1,NULL,NULL,'',NULL,'\0','\0','\0',0,NULL,'0001-01-01 00:00:00',1,NULL,'2023-12-20 12:56:55',NULL,NULL,NULL,NULL,NULL,1,'\0',NULL,1,'','2023-12-30 12:57:06','\0',NULL,NULL,NULL,'\0',0,'\0',NULL,NULL,NULL,'\0'),(387,72,857,'2023-12-20 12:56:55',1,NULL,NULL,'',NULL,'\0','\0','\0',0,NULL,'0001-01-01 00:00:00',1,NULL,'2023-12-20 12:56:55',NULL,NULL,NULL,NULL,NULL,1,'\0',NULL,1,'','2023-12-30 12:57:06','\0',NULL,NULL,NULL,'\0',0,'\0',NULL,NULL,NULL,'\0'),(388,73,1111,'2023-12-22 08:37:37',4,'NO VALUE','NO VALUE','1','NO VALUE','\0','\0','\0',0,'2023-12-22 12:29:06','2023-12-22 14:08:08',5,NULL,'2023-12-22 08:37:37',NULL,NULL,NULL,NULL,NULL,1,'\0',NULL,1,'\0',NULL,'',6,NULL,NULL,'\0',2,'\0',NULL,NULL,NULL,'\0'),(389,74,1068,'2023-12-22 08:48:07',4,'NO VALUE','NO VALUE','1','NO VALUE','\0','\0','\0',0,'2023-12-22 12:31:06','2023-12-22 14:08:15',5,NULL,'2023-12-22 08:48:07',NULL,NULL,NULL,NULL,NULL,1,'\0',NULL,1,'\0',NULL,'',6,NULL,NULL,'\0',2,'\0',NULL,NULL,NULL,'\0'),(390,74,1072,'2023-12-22 08:48:07',4,'NO VALUE','NO VALUE','1','NO VALUE','\0','\0','\0',0,'2023-12-22 12:32:06','2023-12-22 14:08:15',5,NULL,'2023-12-22 08:48:07',NULL,NULL,NULL,NULL,NULL,1,'\0',NULL,1,'\0',NULL,'',6,NULL,NULL,'\0',2,'\0',NULL,NULL,NULL,'\0'),(391,74,1069,'2023-12-22 08:48:07',4,'NO VALUE','NO VALUE','1','NO VALUE','\0','\0','\0',0,'2023-12-22 12:33:06','2023-12-22 14:08:15',5,NULL,'2023-12-22 08:48:07',NULL,NULL,NULL,NULL,NULL,1,'\0',NULL,1,'\0',NULL,'',6,NULL,NULL,'\0',2,'\0',NULL,NULL,NULL,'\0'),(392,74,1071,'2023-12-22 08:48:07',4,'NO VALUE','NO VALUE','1','NO VALUE','\0','\0','\0',0,'2023-12-22 12:34:06','2023-12-22 14:08:15',5,NULL,'2023-12-22 08:48:07',NULL,NULL,NULL,NULL,NULL,1,'\0',NULL,1,'\0',NULL,'',6,NULL,NULL,'\0',2,'\0',NULL,NULL,NULL,'\0'),(393,74,1019,'2023-12-22 08:48:07',4,'NO VALUE','NO VALUE','1','NO VALUE','\0','\0','\0',0,'2023-12-22 12:35:06','2023-12-22 14:08:15',5,NULL,'2023-12-22 08:48:07',NULL,NULL,NULL,NULL,NULL,1,'\0',NULL,1,'\0',NULL,'',6,NULL,NULL,'\0',2,'\0',NULL,NULL,NULL,'\0'),(394,73,1031,'2023-12-22 10:08:37',6,'1.43','1.43','1','1.43','\0','\0','',1,'2023-12-22 12:30:06','2023-12-22 14:27:07',5,NULL,'2023-12-22 10:08:37',NULL,'2023-12-22 14:36:27',4,NULL,NULL,3,'\0',NULL,1,'','2023-12-23 14:38:05','\0',6,1.43,NULL,'\0',3,'\0',NULL,NULL,'2023-12-22 14:37:26','\0'),(395,75,1023,'2023-12-22 13:49:58',1,NULL,NULL,NULL,NULL,'\0','\0','\0',0,NULL,'0001-01-01 00:00:00',2,NULL,'2023-12-22 13:49:58',NULL,NULL,NULL,NULL,NULL,3,'\0',NULL,3,'','2024-01-01 13:49:59','\0',NULL,NULL,NULL,'\0',0,'\0',NULL,NULL,NULL,'\0'),(396,74,1031,'2023-12-22 14:17:06',1,NULL,NULL,'',NULL,'\0','\0','\0',0,NULL,'0001-01-01 00:00:00',2,NULL,'2023-12-22 14:17:06',NULL,NULL,NULL,NULL,NULL,1,'\0',NULL,3,'\0',NULL,'',NULL,NULL,NULL,'\0',0,'\0',NULL,NULL,NULL,'\0'),(397,74,1032,'2023-12-22 14:18:42',1,NULL,NULL,'',NULL,'\0','\0','\0',0,NULL,'0001-01-01 00:00:00',2,NULL,'2023-12-22 14:18:42',NULL,NULL,NULL,NULL,NULL,1,'\0',NULL,3,'\0',NULL,'',NULL,NULL,NULL,'\0',0,'\0',NULL,NULL,NULL,'\0'),(398,73,1312,'2023-12-22 14:25:16',6,'POS','POS','1','','\0','\0','',1,'2023-12-22 12:29:06','2023-12-22 14:27:07',5,NULL,'2023-12-22 14:25:16',NULL,'2023-12-22 14:36:27',4,NULL,NULL,3,'\0',NULL,3,'','2023-12-23 14:38:05','\0',6,NULL,NULL,'\0',1,'\0',NULL,NULL,'2023-12-22 14:37:26','\0'),(399,74,1308,'2023-12-22 14:25:45',4,'NEG','NEG','1','','\0','\0','\0',0,'2023-12-22 12:31:06','2023-12-22 14:27:14',5,NULL,'2023-12-22 14:25:45',NULL,NULL,NULL,NULL,NULL,1,'\0',NULL,3,'\0',NULL,'',6,NULL,NULL,'\0',1,'\0',NULL,NULL,NULL,'\0'),(400,74,1256,'2023-12-22 14:25:45',4,'NO VALUE','NO VALUE','1','','\0','\0','\0',0,'2023-12-22 12:33:06','2023-12-22 14:27:14',5,NULL,'2023-12-22 14:25:45',NULL,NULL,NULL,NULL,NULL,1,'\0',NULL,3,'\0',NULL,'',6,NULL,NULL,'\0',1,'\0',NULL,NULL,NULL,'\0'),(401,74,1310,'2023-12-22 14:25:45',4,'NEG','NEG','1','','\0','\0','\0',0,'2023-12-22 12:31:06','2023-12-22 14:27:14',5,NULL,'2023-12-22 14:25:45',NULL,NULL,NULL,NULL,NULL,1,'\0',NULL,3,'\0',NULL,'',6,NULL,NULL,'\0',1,'\0',NULL,NULL,NULL,'\0'),(402,74,1311,'2023-12-22 14:25:45',4,'NEG','NEG','1','','\0','\0','\0',0,'2023-12-22 12:31:06','2023-12-22 14:27:14',5,NULL,'2023-12-22 14:25:45',NULL,NULL,NULL,NULL,NULL,1,'\0',NULL,3,'\0',NULL,'',6,NULL,NULL,'\0',1,'\0',NULL,NULL,NULL,'\0'),(403,74,1307,'2023-12-22 14:25:45',4,'NEG','NEG','1','','\0','\0','\0',0,'2023-12-22 12:31:06','2023-12-22 14:27:14',5,NULL,'2023-12-22 14:25:45',NULL,NULL,NULL,NULL,NULL,1,'\0',NULL,3,'\0',NULL,'',6,NULL,NULL,'\0',1,'\0',NULL,NULL,NULL,'\0'),(404,74,1314,'2023-12-22 14:31:05',6,'POS','POS','1','','\0','\0','',1,'2023-12-22 12:31:06','2023-12-22 14:31:46',5,NULL,'2023-12-22 14:31:05',NULL,'2023-12-22 14:36:33',4,NULL,NULL,3,'\0',NULL,3,'','2023-12-23 14:38:05','\0',6,NULL,NULL,'\0',1,'\0',NULL,NULL,'2023-12-22 14:37:26','\0'),(405,74,1308,'2023-12-22 14:31:27',6,'NEG','NEG','1','','\0','\0','',1,'2023-12-22 12:31:06','2023-12-22 14:31:45',5,NULL,'2023-12-22 14:31:27',NULL,'2023-12-22 14:36:33',4,NULL,NULL,3,'\0',NULL,3,'','2023-12-23 14:38:05','\0',6,NULL,NULL,'\0',1,'\0',NULL,NULL,'2023-12-22 14:37:26','\0'),(406,74,1310,'2023-12-22 14:31:27',6,'NEG','NEG','1','','\0','\0','',1,'2023-12-22 12:31:06','2023-12-22 14:31:46',5,NULL,'2023-12-22 14:31:27',NULL,'2023-12-22 14:36:33',4,NULL,NULL,3,'\0',NULL,3,'','2023-12-23 14:38:05','\0',6,NULL,NULL,'\0',1,'\0',NULL,NULL,'2023-12-22 14:37:26','\0'),(407,74,1311,'2023-12-22 14:31:27',6,'NEG','NEG','1','','\0','\0','',1,'2023-12-22 12:31:06','2023-12-22 14:31:46',5,NULL,'2023-12-22 14:31:27',NULL,'2023-12-22 14:36:33',4,NULL,NULL,3,'\0',NULL,3,'','2023-12-23 14:38:05','\0',6,NULL,NULL,'\0',1,'\0',NULL,NULL,'2023-12-22 14:37:26','\0'),(408,74,1307,'2023-12-22 14:31:27',6,'NEG','NEG','1','','\0','\0','',1,'2023-12-22 12:31:06','2023-12-22 14:31:45',5,NULL,'2023-12-22 14:31:27',NULL,'2023-12-22 14:36:33',4,NULL,NULL,3,'\0',NULL,3,'','2023-12-23 14:38:05','\0',6,NULL,NULL,'\0',1,'\0',NULL,NULL,'2023-12-22 14:37:26','\0'),(409,76,1373,'2024-01-12 08:31:09',1,NULL,NULL,NULL,NULL,'\0','\0','\0',0,NULL,'0001-01-01 00:00:00',2,NULL,'2024-01-12 08:31:09',NULL,NULL,NULL,NULL,NULL,1,'\0',NULL,3,'','2024-01-22 08:35:01','\0',NULL,NULL,NULL,'\0',0,'\0',NULL,NULL,NULL,'\0'),(410,76,1374,'2024-01-12 08:31:09',1,NULL,NULL,NULL,NULL,'\0','\0','\0',0,NULL,'0001-01-01 00:00:00',2,NULL,'2024-01-12 08:31:09',NULL,NULL,NULL,NULL,NULL,1,'\0',NULL,3,'','2024-01-22 08:35:01','\0',NULL,NULL,NULL,'\0',0,'\0',NULL,NULL,NULL,'\0'),(411,76,1375,'2024-01-12 08:31:09',1,NULL,NULL,NULL,NULL,'\0','\0','\0',0,NULL,'0001-01-01 00:00:00',2,NULL,'2024-01-12 08:31:09',NULL,NULL,NULL,NULL,NULL,1,'\0',NULL,3,'','2024-01-22 08:35:01','\0',NULL,NULL,NULL,'\0',0,'\0',NULL,NULL,NULL,'\0'),(412,76,1376,'2024-01-12 08:31:09',1,NULL,NULL,NULL,NULL,'\0','\0','\0',0,NULL,'0001-01-01 00:00:00',2,NULL,'2024-01-12 08:31:09',NULL,NULL,NULL,NULL,NULL,1,'\0',NULL,3,'','2024-01-22 08:35:01','\0',NULL,NULL,NULL,'\0',0,'\0',NULL,NULL,NULL,'\0'),(413,77,1292,'2024-01-12 08:31:09',1,NULL,NULL,NULL,NULL,'\0','\0','\0',0,NULL,'0001-01-01 00:00:00',2,NULL,'2024-01-12 08:31:09',NULL,NULL,NULL,NULL,NULL,3,'\0',NULL,3,'','2024-01-22 08:35:01','\0',NULL,NULL,NULL,'\0',0,'\0',NULL,NULL,NULL,'\0'),(414,77,1293,'2024-01-12 08:31:09',1,NULL,NULL,NULL,NULL,'\0','\0','\0',0,NULL,'0001-01-01 00:00:00',2,NULL,'2024-01-12 08:31:09',NULL,NULL,NULL,NULL,NULL,3,'\0',NULL,3,'','2024-01-22 08:35:01','\0',NULL,NULL,NULL,'\0',0,'\0',NULL,NULL,NULL,'\0'),(415,77,1298,'2024-01-12 08:31:09',1,NULL,NULL,NULL,NULL,'\0','\0','\0',0,NULL,'0001-01-01 00:00:00',2,NULL,'2024-01-12 08:31:09',NULL,NULL,NULL,NULL,NULL,3,'\0',NULL,3,'','2024-01-22 08:35:01','\0',NULL,NULL,NULL,'\0',0,'\0',NULL,NULL,NULL,'\0'),(416,77,1299,'2024-01-12 08:31:09',1,NULL,NULL,NULL,NULL,'\0','\0','\0',0,NULL,'0001-01-01 00:00:00',2,NULL,'2024-01-12 08:31:09',NULL,NULL,NULL,NULL,NULL,3,'\0',NULL,3,'','2024-01-22 08:35:01','\0',NULL,NULL,NULL,'\0',0,'\0',NULL,NULL,NULL,'\0'),(417,77,1305,'2024-01-12 08:31:09',1,NULL,NULL,NULL,NULL,'\0','\0','\0',0,NULL,'0001-01-01 00:00:00',2,NULL,'2024-01-12 08:31:09',NULL,NULL,NULL,NULL,NULL,3,'\0',NULL,3,'','2024-01-22 08:35:01','\0',NULL,NULL,NULL,'\0',0,'\0',NULL,NULL,NULL,'\0'),(418,77,1296,'2024-01-12 08:31:09',1,NULL,NULL,NULL,NULL,'\0','\0','\0',0,NULL,'0001-01-01 00:00:00',2,NULL,'2024-01-12 08:31:09',NULL,NULL,NULL,NULL,NULL,3,'\0',NULL,3,'','2024-01-22 08:35:01','\0',NULL,NULL,NULL,'\0',0,'\0',NULL,NULL,NULL,'\0'),(419,78,1375,'2024-01-12 09:44:46',1,NULL,NULL,'',NULL,'\0','\0','\0',0,NULL,'0001-01-01 00:00:00',1,NULL,'2024-01-12 09:44:46',NULL,NULL,NULL,NULL,NULL,1,'\0',NULL,1,'','2024-01-22 09:45:06','\0',NULL,NULL,NULL,'\0',0,'\0',NULL,NULL,NULL,'\0'),(420,78,1376,'2024-01-12 09:44:46',1,NULL,NULL,'',NULL,'\0','\0','\0',0,NULL,'0001-01-01 00:00:00',1,NULL,'2024-01-12 09:44:46',NULL,NULL,NULL,NULL,NULL,1,'\0',NULL,1,'','2024-01-22 09:45:06','\0',NULL,NULL,NULL,'\0',0,'\0',NULL,NULL,NULL,'\0'),(421,79,863,'2024-01-19 10:16:10',6,'++','++','','','\0','\0','',1,'2024-01-23 14:40:09','2024-01-23 14:42:49',10,NULL,'2024-01-19 10:16:10',NULL,'2024-01-24 11:02:19',4,NULL,NULL,1,'\0',NULL,1,'','2024-01-25 11:10:29','\0',4,NULL,NULL,'\0',1,'\0',NULL,NULL,'2024-01-24 11:10:08','\0'),(422,79,864,'2024-01-19 10:16:10',6,'(+)','(+)','','','\0','\0','',1,'2024-01-23 14:40:09','2024-01-23 14:42:48',10,NULL,'2024-01-19 10:16:10',NULL,'2024-01-24 11:02:19',4,NULL,NULL,1,'\0',NULL,1,'','2024-01-25 11:10:29','\0',4,NULL,NULL,'\0',1,'\0',NULL,NULL,'2024-01-24 11:10:08','\0'),(423,79,872,'2024-01-19 10:16:10',6,'+++','+++','','','\0','\0','',1,'2024-01-23 14:40:09','2024-01-23 14:42:48',10,NULL,'2024-01-19 10:16:10',NULL,'2024-01-24 11:02:19',4,NULL,NULL,1,'\0',NULL,1,'','2024-01-25 11:10:29','\0',4,NULL,NULL,'\0',1,'\0',NULL,NULL,'2024-01-24 11:10:08','\0'),(424,79,862,'2024-01-19 10:16:10',6,'++','++','','','\0','\0','',1,'2024-01-23 14:40:09','2024-01-23 14:42:48',10,NULL,'2024-01-19 10:16:10',NULL,'2024-01-24 11:02:19',4,NULL,NULL,1,'\0',NULL,1,'','2024-01-25 11:10:29','\0',4,NULL,NULL,'\0',1,'\0',NULL,NULL,'2024-01-24 11:10:08','\0'),(425,79,865,'2024-01-19 10:16:10',6,'++','++','','','\0','\0','',1,'2024-01-23 14:40:09','2024-01-23 14:42:48',10,NULL,'2024-01-19 10:16:10',NULL,'2024-01-24 11:02:19',4,NULL,NULL,1,'\0',NULL,1,'','2024-01-25 11:10:29','\0',4,NULL,NULL,'\0',1,'\0',NULL,NULL,'2024-01-24 11:10:08','\0'),(426,79,869,'2024-01-19 10:16:10',6,'(+)','(+)','','','\0','\0','',1,'2024-01-23 14:40:09','2024-01-23 14:42:48',10,NULL,'2024-01-19 10:16:10',NULL,'2024-01-24 11:02:19',4,NULL,NULL,1,'\0',NULL,1,'','2024-01-25 11:10:29','\0',4,NULL,NULL,'\0',1,'\0',NULL,NULL,'2024-01-24 11:10:08','\0'),(427,79,861,'2024-01-19 10:16:10',6,'o','o','','','\0','\0','',1,'2024-01-23 14:40:09','2024-01-23 14:42:48',10,NULL,'2024-01-19 10:16:10',NULL,'2024-01-24 11:02:19',4,NULL,NULL,1,'\0',NULL,1,'','2024-01-25 11:10:29','\0',4,NULL,NULL,'\0',1,'\0',NULL,NULL,'2024-01-24 11:10:08','\0'),(428,79,870,'2024-01-19 10:16:10',6,'++','++','','','\0','\0','',1,'2024-01-23 14:40:09','2024-01-23 14:42:48',10,NULL,'2024-01-19 10:16:10',NULL,'2024-01-24 11:02:19',4,NULL,NULL,1,'\0',NULL,1,'','2024-01-25 11:10:29','\0',4,NULL,NULL,'\0',1,'\0',NULL,NULL,'2024-01-24 11:10:08','\0'),(429,79,860,'2024-01-19 10:16:10',6,'+++','+++','','','\0','\0','',1,'2024-01-23 14:40:09','2024-01-23 14:42:48',10,NULL,'2024-01-19 10:16:10',NULL,'2024-01-24 11:02:19',4,NULL,NULL,1,'\0',NULL,1,'','2024-01-25 11:10:29','\0',4,NULL,NULL,'\0',1,'\0',NULL,NULL,'2024-01-24 11:10:08','\0'),(430,79,868,'2024-01-19 10:16:10',6,'o','o','','','\0','\0','',1,'2024-01-23 14:40:09','2024-01-23 14:42:48',10,NULL,'2024-01-19 10:16:10',NULL,'2024-01-24 11:02:19',4,NULL,NULL,1,'\0',NULL,1,'','2024-01-25 11:10:29','\0',4,NULL,NULL,'\0',1,'\0',NULL,NULL,'2024-01-24 11:10:08','\0'),(431,79,867,'2024-01-19 10:16:10',6,'o','o','','','\0','\0','',1,'2024-01-23 14:40:09','2024-01-23 14:42:48',10,NULL,'2024-01-19 10:16:10',NULL,'2024-01-24 11:02:19',4,NULL,NULL,1,'\0',NULL,1,'','2024-01-25 11:10:29','\0',4,NULL,NULL,'\0',1,'\0',NULL,NULL,'2024-01-24 11:10:08','\0'),(432,79,871,'2024-01-19 10:16:10',6,'+++','+++','','','\0','\0','',1,'2024-01-23 14:40:09','2024-01-23 14:42:48',10,NULL,'2024-01-19 10:16:10',NULL,'2024-01-24 11:02:19',4,NULL,NULL,1,'\0',NULL,1,'','2024-01-25 11:10:29','\0',4,NULL,NULL,'\0',1,'\0',NULL,NULL,'2024-01-24 11:10:08','\0'),(433,79,866,'2024-01-19 10:16:10',6,'o','o','','','\0','\0','',1,'2024-01-23 14:40:09','2024-01-23 14:42:48',10,NULL,'2024-01-19 10:16:10',NULL,'2024-01-24 11:02:19',4,NULL,NULL,1,'\0',NULL,1,'','2024-01-25 11:10:29','\0',4,NULL,NULL,'\0',1,'\0',NULL,NULL,'2024-01-24 11:10:08','\0'),(434,79,859,'2024-01-19 10:16:10',6,'o','o','','','\0','\0','',1,'2024-01-23 14:40:09','2024-01-23 14:42:48',10,NULL,'2024-01-19 10:16:10',NULL,'2024-01-24 11:02:19',4,NULL,NULL,3,'\0',NULL,1,'','2024-01-25 11:10:29','\0',4,NULL,NULL,'\0',1,'\0',NULL,NULL,'2024-01-24 11:10:08','\0'),(435,80,863,'2024-01-19 10:20:40',6,'o','o','','o','\0','\0','',1,'2024-01-23 15:52:31','2024-01-23 15:55:12',10,NULL,'2024-01-19 10:20:40',NULL,'2024-01-25 12:50:13',11,NULL,NULL,1,'\0',NULL,1,'','2024-01-26 12:55:30','\0',4,NULL,NULL,'\0',5,'\0',NULL,NULL,'2024-01-25 12:54:11','\0'),(436,80,864,'2024-01-19 10:20:40',6,'o','o','','o','\0','\0','',1,'2024-01-23 15:52:31','2024-01-23 15:55:12',10,NULL,'2024-01-19 10:20:40',NULL,'2024-01-25 12:50:13',11,NULL,NULL,1,'\0',NULL,1,'','2024-01-26 12:55:30','\0',4,NULL,NULL,'\0',5,'\0',NULL,NULL,'2024-01-25 12:54:11','\0'),(437,80,872,'2024-01-19 10:20:40',6,'o','o','','o','\0','\0','',1,'2024-01-23 15:52:31','2024-01-23 15:55:12',10,NULL,'2024-01-19 10:20:40',NULL,'2024-01-25 12:50:13',11,NULL,NULL,1,'\0',NULL,1,'','2024-01-26 12:55:30','\0',4,NULL,NULL,'\0',5,'\0',NULL,NULL,'2024-01-25 12:54:11','\0'),(438,80,862,'2024-01-19 10:20:40',6,'o','o','','o','\0','\0','',1,'2024-01-23 15:52:31','2024-01-23 15:55:12',10,NULL,'2024-01-19 10:20:40',NULL,'2024-01-25 12:50:13',11,NULL,NULL,1,'\0',NULL,1,'','2024-01-26 12:55:30','\0',4,NULL,NULL,'\0',5,'\0',NULL,NULL,'2024-01-25 12:54:11','\0'),(439,80,865,'2024-01-19 10:20:40',6,'o','o','','o','\0','\0','',1,'2024-01-23 15:52:31','2024-01-23 15:55:12',10,NULL,'2024-01-19 10:20:40',NULL,'2024-01-25 12:50:13',11,NULL,NULL,1,'\0',NULL,1,'','2024-01-26 12:55:30','\0',4,NULL,NULL,'\0',5,'\0',NULL,NULL,'2024-01-25 12:54:11','\0'),(440,80,869,'2024-01-19 10:20:40',6,'o','o','','o','\0','\0','',1,'2024-01-23 15:52:31','2024-01-23 15:55:12',10,NULL,'2024-01-19 10:20:40',NULL,'2024-01-25 12:50:13',11,NULL,NULL,1,'\0',NULL,1,'','2024-01-26 12:55:30','\0',4,NULL,NULL,'\0',5,'\0',NULL,NULL,'2024-01-25 12:54:11','\0'),(441,80,861,'2024-01-19 10:20:40',6,'o','o','','o','\0','\0','',1,'2024-01-23 15:52:31','2024-01-23 15:55:11',10,NULL,'2024-01-19 10:20:40',NULL,'2024-01-25 12:50:13',11,NULL,NULL,1,'\0',NULL,1,'','2024-01-26 12:55:30','\0',4,NULL,NULL,'\0',5,'\0',NULL,NULL,'2024-01-25 12:54:11','\0'),(442,80,870,'2024-01-19 10:20:40',6,'o','o','','o','\0','\0','',1,'2024-01-23 15:52:31','2024-01-23 15:55:11',10,NULL,'2024-01-19 10:20:40',NULL,'2024-01-25 12:50:13',11,NULL,NULL,1,'\0',NULL,1,'','2024-01-26 12:55:30','\0',4,NULL,NULL,'\0',5,'\0',NULL,NULL,'2024-01-25 12:54:11','\0'),(443,80,860,'2024-01-19 10:20:40',6,'(+)','(+)','','(+)','\0','\0','',1,'2024-01-23 15:52:31','2024-01-23 15:55:11',10,NULL,'2024-01-19 10:20:40',NULL,'2024-01-25 12:50:13',11,NULL,NULL,1,'\0',NULL,1,'','2024-01-26 12:55:30','\0',4,NULL,NULL,'\0',5,'\0',NULL,NULL,'2024-01-25 12:54:11','\0'),(444,80,868,'2024-01-19 10:20:40',6,'o','o','','o','\0','\0','',1,'2024-01-23 15:52:31','2024-01-23 15:55:11',10,NULL,'2024-01-19 10:20:40',NULL,'2024-01-25 12:50:13',11,NULL,NULL,1,'\0',NULL,1,'','2024-01-26 12:55:30','\0',4,NULL,NULL,'\0',5,'\0',NULL,NULL,'2024-01-25 12:54:11','\0'),(445,80,867,'2024-01-19 10:20:40',6,'o','o','','o','\0','\0','',1,'2024-01-23 15:52:31','2024-01-23 15:55:11',10,NULL,'2024-01-19 10:20:40',NULL,'2024-01-25 12:50:13',11,NULL,NULL,1,'\0',NULL,1,'','2024-01-26 12:55:30','\0',4,NULL,NULL,'\0',5,'\0',NULL,NULL,'2024-01-25 12:54:11','\0'),(446,80,871,'2024-01-19 10:20:40',6,'o','o','','o','\0','\0','',1,'2024-01-23 15:52:31','2024-01-23 15:55:11',10,NULL,'2024-01-19 10:20:40',NULL,'2024-01-25 12:50:13',11,NULL,NULL,1,'\0',NULL,1,'','2024-01-26 12:55:30','\0',4,NULL,NULL,'\0',5,'\0',NULL,NULL,'2024-01-25 12:54:11','\0'),(447,80,866,'2024-01-19 10:20:40',6,'o','o','','o','\0','\0','',1,'2024-01-23 15:52:31','2024-01-23 15:55:11',10,NULL,'2024-01-19 10:20:40',NULL,'2024-01-25 12:50:13',11,NULL,NULL,1,'\0',NULL,1,'','2024-01-26 12:55:30','\0',4,NULL,NULL,'\0',5,'\0',NULL,NULL,'2024-01-25 12:54:11','\0'),(448,80,859,'2024-01-19 10:20:40',6,'o','o','','o','\0','\0','',1,'2024-01-23 15:52:31','2024-01-23 15:55:11',10,NULL,'2024-01-19 10:20:40',NULL,'2024-01-25 12:50:13',11,NULL,NULL,1,'\0',NULL,1,'','2024-01-26 12:55:30','\0',4,NULL,NULL,'\0',5,'\0',NULL,NULL,'2024-01-25 12:54:11','\0'),(449,81,879,'2024-01-19 12:37:41',6,'+++','+++','','','\0','\0','',4,'2024-01-23 14:40:09','2024-01-23 14:42:50',10,NULL,'2024-01-19 12:37:41',NULL,'2024-01-23 14:58:14',5,NULL,NULL,1,'\0',NULL,1,'','2024-01-24 15:20:33','\0',4,NULL,NULL,'\0',1,'\0',NULL,NULL,'2024-01-23 15:17:18','\0'),(450,81,880,'2024-01-19 12:37:41',6,'+++','+++','','','\0','\0','',4,'2024-01-23 14:40:09','2024-01-23 14:42:49',10,NULL,'2024-01-19 12:37:41',NULL,'2024-01-23 14:58:14',5,NULL,NULL,1,'\0',NULL,1,'','2024-01-24 15:20:33','\0',4,NULL,NULL,'\0',1,'\0',NULL,NULL,'2024-01-23 15:17:18','\0'),(451,81,874,'2024-01-19 12:37:41',6,'o','o','','','\0','\0','',4,'2024-01-23 14:40:09','2024-01-23 14:42:49',10,NULL,'2024-01-19 12:37:41',NULL,'2024-01-23 14:58:14',5,NULL,NULL,1,'\0',NULL,1,'','2024-01-24 15:20:33','\0',4,NULL,NULL,'\0',1,'\0',NULL,NULL,'2024-01-23 15:17:18','\0'),(452,81,876,'2024-01-19 12:37:41',6,'+++','+++','','','\0','\0','',4,'2024-01-23 14:40:09','2024-01-23 14:42:49',10,NULL,'2024-01-19 12:37:41',NULL,'2024-01-23 14:58:14',5,NULL,NULL,1,'\0',NULL,1,'','2024-01-24 15:20:33','\0',4,NULL,NULL,'\0',1,'\0',NULL,NULL,'2024-01-23 15:17:18','\0'),(453,81,878,'2024-01-19 12:37:41',6,'++','++','','','\0','\0','',4,'2024-01-23 14:40:09','2024-01-23 14:42:49',10,NULL,'2024-01-19 12:37:41',NULL,'2024-01-23 14:58:14',5,NULL,NULL,1,'\0',NULL,1,'','2024-01-24 15:20:33','\0',4,NULL,NULL,'\0',1,'\0',NULL,NULL,'2024-01-23 15:17:18','\0'),(454,81,877,'2024-01-19 12:37:41',6,'+','+','','','\0','\0','',4,'2024-01-23 14:40:09','2024-01-23 14:42:49',10,NULL,'2024-01-19 12:37:41',NULL,'2024-01-23 14:58:14',5,NULL,NULL,1,'\0',NULL,1,'','2024-01-24 15:20:33','\0',4,NULL,NULL,'\0',1,'\0',NULL,NULL,'2024-01-23 15:17:18','\0'),(455,81,875,'2024-01-19 12:37:41',6,'+++','+++','','','\0','\0','',4,'2024-01-23 14:40:09','2024-01-23 14:42:49',10,NULL,'2024-01-19 12:37:41',NULL,'2024-01-23 14:58:14',5,NULL,NULL,1,'\0',NULL,1,'','2024-01-24 15:20:33','\0',4,NULL,NULL,'\0',1,'\0',NULL,NULL,'2024-01-23 15:17:18','\0'),(456,82,879,'2024-01-19 12:38:41',6,'+++','+++','','','\0','\0','',2,'2024-01-23 14:40:09','2024-01-23 14:42:50',10,NULL,'2024-01-19 12:38:41',NULL,'2024-01-23 15:22:10',5,NULL,NULL,1,'\0',NULL,1,'','2024-01-24 19:10:37','\0',4,NULL,NULL,'\0',1,'\0',NULL,NULL,'2024-01-23 19:09:33','\0'),(457,82,880,'2024-01-19 12:38:41',6,'+++','+++','','','\0','\0','',2,'2024-01-23 14:40:09','2024-01-23 14:42:50',10,NULL,'2024-01-19 12:38:41',NULL,'2024-01-23 15:22:10',5,NULL,NULL,1,'\0',NULL,1,'','2024-01-24 19:10:37','\0',4,NULL,NULL,'\0',1,'\0',NULL,NULL,'2024-01-23 19:09:33','\0'),(458,82,874,'2024-01-19 12:38:41',6,'o','o','','','\0','\0','',2,'2024-01-23 14:40:09','2024-01-23 14:42:50',10,NULL,'2024-01-19 12:38:41',NULL,'2024-01-23 15:22:10',5,NULL,NULL,1,'\0',NULL,1,'','2024-01-24 19:10:37','\0',4,NULL,NULL,'\0',1,'\0',NULL,NULL,'2024-01-23 19:09:33','\0'),(459,82,876,'2024-01-19 12:38:41',6,'+++','+++','','','\0','\0','',2,'2024-01-23 14:40:09','2024-01-23 14:42:50',10,NULL,'2024-01-19 12:38:41',NULL,'2024-01-23 15:22:10',5,NULL,NULL,1,'\0',NULL,1,'','2024-01-24 19:10:37','\0',4,NULL,NULL,'\0',1,'\0',NULL,NULL,'2024-01-23 19:09:33','\0'),(460,82,878,'2024-01-19 12:38:41',6,'++','++','','','\0','\0','',2,'2024-01-23 14:40:09','2024-01-23 14:42:50',10,NULL,'2024-01-19 12:38:41',NULL,'2024-01-23 15:22:10',5,NULL,NULL,1,'\0',NULL,1,'','2024-01-24 19:10:37','\0',4,NULL,NULL,'\0',1,'\0',NULL,NULL,'2024-01-23 19:09:33','\0'),(461,82,877,'2024-01-19 12:38:41',6,'+','+','','','\0','\0','',2,'2024-01-23 14:40:09','2024-01-23 14:42:50',10,NULL,'2024-01-19 12:38:41',NULL,'2024-01-23 15:22:10',5,NULL,NULL,1,'\0',NULL,1,'','2024-01-24 19:10:37','\0',4,NULL,NULL,'\0',1,'\0',NULL,NULL,'2024-01-23 19:09:33','\0'),(462,82,875,'2024-01-19 12:38:41',6,'+++','+++','','','\0','\0','',2,'2024-01-23 14:40:09','2024-01-23 14:42:50',10,NULL,'2024-01-19 12:38:41',NULL,'2024-01-23 15:22:10',5,NULL,NULL,1,'\0',NULL,1,'','2024-01-24 19:10:37','\0',4,NULL,NULL,'\0',1,'\0',NULL,NULL,'2024-01-23 19:09:33','\0'),(463,83,856,'2024-01-19 12:40:41',6,'o','o','','o','\0','\0','',1,'2024-01-23 15:52:31','2024-01-23 15:55:10',10,NULL,'2024-01-19 12:40:41',NULL,'2024-01-25 12:50:15',11,NULL,NULL,1,'\0',NULL,1,'','2024-01-26 12:55:30','\0',4,NULL,NULL,'\0',5,'\0',NULL,NULL,'2024-01-25 12:54:11','\0'),(464,83,851,'2024-01-19 12:40:41',6,'o','o','','o','\0','\0','',1,'2024-01-23 15:52:31','2024-01-23 15:55:10',10,NULL,'2024-01-19 12:40:41',NULL,'2024-01-25 12:50:15',11,NULL,NULL,1,'\0',NULL,1,'','2024-01-26 12:55:30','\0',4,NULL,NULL,'\0',5,'\0',NULL,NULL,'2024-01-25 12:54:11','\0'),(465,83,855,'2024-01-19 12:40:41',6,'o','o','','o','\0','\0','',1,'2024-01-23 15:52:31','2024-01-23 15:55:10',10,NULL,'2024-01-19 12:40:41',NULL,'2024-01-25 12:50:15',11,NULL,NULL,1,'\0',NULL,1,'','2024-01-26 12:55:30','\0',4,NULL,NULL,'\0',5,'\0',NULL,NULL,'2024-01-25 12:54:11','\0'),(466,83,858,'2024-01-19 12:40:41',6,'o','o','','o','\0','\0','',1,'2024-01-23 15:52:31','2024-01-23 15:55:10',10,NULL,'2024-01-19 12:40:41',NULL,'2024-01-25 12:50:15',11,NULL,NULL,1,'\0',NULL,1,'','2024-01-26 12:55:30','\0',4,NULL,NULL,'\0',5,'\0',NULL,NULL,'2024-01-25 12:54:11','\0'),(467,83,854,'2024-01-19 12:40:41',6,'(+)','(+)','','(+)','\0','\0','',1,'2024-01-23 15:52:31','2024-01-23 15:55:10',10,NULL,'2024-01-19 12:40:41',NULL,'2024-01-25 12:50:15',11,NULL,NULL,1,'\0',NULL,1,'','2024-01-26 12:55:30','\0',4,NULL,NULL,'\0',5,'\0',NULL,NULL,'2024-01-25 12:54:11','\0'),(468,83,853,'2024-01-19 12:40:41',6,'o','o','','o','\0','\0','',1,'2024-01-23 15:52:31','2024-01-23 15:55:10',10,NULL,'2024-01-19 12:40:41',NULL,'2024-01-25 12:50:15',11,NULL,NULL,1,'\0',NULL,1,'','2024-01-26 12:55:30','\0',4,NULL,NULL,'\0',5,'\0',NULL,NULL,'2024-01-25 12:54:11','\0'),(469,83,857,'2024-01-19 12:40:41',6,'o','o','','o','\0','\0','',1,'2024-01-23 15:52:31','2024-01-23 15:55:10',10,NULL,'2024-01-19 12:40:41',NULL,'2024-01-25 12:50:15',11,NULL,NULL,1,'\0',NULL,1,'','2024-01-26 12:55:30','\0',4,NULL,NULL,'\0',5,'\0',NULL,NULL,'2024-01-25 12:54:11','\0'),(470,84,856,'2024-01-19 12:42:41',6,'+++','+++','','','\0','\0','',1,'2024-01-23 14:40:09','2024-01-23 14:42:48',10,NULL,'2024-01-19 12:42:41',NULL,'2024-01-23 15:22:23',5,NULL,NULL,1,'\0',NULL,1,'','2024-01-24 15:30:33','\0',4,NULL,NULL,'\0',1,'\0',NULL,NULL,'2024-01-23 15:26:27','\0'),(471,84,851,'2024-01-19 12:42:41',6,'+++','+++','','','\0','\0','',1,'2024-01-23 14:40:09','2024-01-23 14:42:48',10,NULL,'2024-01-19 12:42:41',NULL,'2024-01-23 15:22:23',5,NULL,NULL,1,'\0',NULL,1,'','2024-01-24 15:30:33','\0',4,NULL,NULL,'\0',1,'\0',NULL,NULL,'2024-01-23 15:26:27','\0'),(472,84,855,'2024-01-19 12:42:41',6,'+','+','','','\0','\0','',1,'2024-01-23 14:40:09','2024-01-23 14:42:48',10,NULL,'2024-01-19 12:42:41',NULL,'2024-01-23 15:22:23',5,NULL,NULL,1,'\0',NULL,1,'','2024-01-24 15:30:33','\0',4,NULL,NULL,'\0',1,'\0',NULL,NULL,'2024-01-23 15:26:27','\0'),(473,84,858,'2024-01-19 12:42:41',6,'++','++','','','\0','\0','',1,'2024-01-23 14:40:09','2024-01-23 14:42:48',10,NULL,'2024-01-19 12:42:41',NULL,'2024-01-23 15:22:23',5,NULL,NULL,1,'\0',NULL,1,'','2024-01-24 15:30:33','\0',4,NULL,NULL,'\0',1,'\0',NULL,NULL,'2024-01-23 15:26:27','\0'),(474,84,854,'2024-01-19 12:42:41',6,'+++','+++','','','\0','\0','',1,'2024-01-23 14:40:09','2024-01-23 14:42:48',10,NULL,'2024-01-19 12:42:41',NULL,'2024-01-23 15:22:23',5,NULL,NULL,1,'\0',NULL,1,'','2024-01-24 15:30:33','\0',4,NULL,NULL,'\0',1,'\0',NULL,NULL,'2024-01-23 15:26:27','\0'),(475,84,853,'2024-01-19 12:42:41',6,'++','++','','','\0','\0','',1,'2024-01-23 14:40:09','2024-01-23 14:42:48',10,NULL,'2024-01-19 12:42:41',NULL,'2024-01-23 15:22:23',5,NULL,NULL,1,'\0',NULL,1,'','2024-01-24 15:30:33','\0',4,NULL,NULL,'\0',1,'\0',NULL,NULL,'2024-01-23 15:26:27','\0'),(476,84,857,'2024-01-19 12:42:41',6,'+++','+++','','','\0','\0','',1,'2024-01-23 14:40:09','2024-01-23 14:42:48',10,NULL,'2024-01-19 12:42:41',NULL,'2024-01-23 15:22:23',5,NULL,NULL,1,'\0',NULL,1,'','2024-01-24 15:30:33','\0',4,NULL,NULL,'\0',1,'\0',NULL,NULL,'2024-01-23 15:26:27','\0'),(477,85,852,'2024-01-19 12:44:11',6,'++','++','','','\0','\0','',1,'2024-01-23 14:40:09','2024-01-23 14:42:48',10,NULL,'2024-01-19 12:44:11',NULL,'2024-01-23 15:22:26',5,NULL,NULL,1,'\0',NULL,1,'','2024-01-24 15:30:33','\0',4,NULL,NULL,'\0',1,'\0',NULL,NULL,'2024-01-23 15:26:27','\0'),(478,85,873,'2024-01-19 12:44:11',6,'++','++','','','\0','\0','',1,'2024-01-23 14:40:09','2024-01-23 14:42:48',10,NULL,'2024-01-19 12:44:11',NULL,'2024-01-23 15:22:26',5,NULL,NULL,1,'\0',NULL,1,'','2024-01-24 15:30:33','\0',4,NULL,NULL,'\0',1,'\0',NULL,NULL,'2024-01-23 15:26:27','\0'),(479,86,413,'2024-01-19 12:56:11',6,'4','4.0','','4.0','\0','\0','',1,'2024-01-26 13:01:05','2024-01-26 13:01:05',6,NULL,'2024-01-19 12:56:11',NULL,'2024-01-26 13:47:47',4,NULL,NULL,1,'\0',NULL,1,'','2024-01-27 13:50:32','\0',2,4,NULL,'\0',3,'\0',NULL,NULL,'2024-01-26 13:49:45','\0'),(480,86,414,'2024-01-19 12:56:11',6,'4','4.0','','4.0','\0','\0','',1,'2024-01-26 13:02:44','2024-01-26 13:02:44',6,NULL,'2024-01-19 12:56:11',NULL,'2024-01-26 13:47:47',4,NULL,NULL,1,'\0',NULL,1,'','2024-01-27 13:50:32','\0',2,4,NULL,'\0',2,'\0',NULL,NULL,'2024-01-26 13:49:45','\0'),(481,87,413,'2024-01-19 12:58:11',6,'154','154.0','','154.0','\0','\0','',1,'2024-01-26 13:01:05','2024-01-26 13:01:05',6,NULL,'2024-01-19 12:58:11',NULL,'2024-01-26 13:47:58',4,NULL,NULL,1,'\0',NULL,1,'','2024-01-27 13:50:32','\0',2,154,NULL,'\0',3,'\0',NULL,NULL,'2024-01-26 13:49:45','\0'),(482,87,414,'2024-01-19 12:58:11',6,'155','155.0','','155.0','\0','\0','',1,'2024-01-26 13:02:44','2024-01-26 13:02:44',6,NULL,'2024-01-19 12:58:11',NULL,'2024-01-26 13:47:58',4,NULL,NULL,1,'\0',NULL,1,'','2024-01-27 13:50:32','\0',2,155,NULL,'\0',2,'\0',NULL,NULL,'2024-01-26 13:49:45','\0'),(483,88,415,'2024-01-19 13:00:41',6,'4','4.0','','4.0','\0','\0','',1,'2024-01-26 13:03:00','2024-01-26 13:03:00',6,NULL,'2024-01-19 13:00:41',NULL,'2024-01-26 13:48:00',4,NULL,NULL,1,'\0',NULL,1,'','2024-01-27 13:50:32','\0',2,4,NULL,'\0',2,'\0',NULL,NULL,'2024-01-26 13:49:45','\0'),(484,88,416,'2024-01-19 13:00:41',6,'5','5.0','','5.0','\0','\0','',1,'2024-01-26 13:38:02','2024-01-26 13:38:02',6,NULL,'2024-01-19 13:00:41',NULL,'2024-01-26 13:48:00',4,NULL,NULL,3,'\0',NULL,1,'','2024-01-27 13:50:32','\0',2,5,NULL,'\0',2,'\0',NULL,NULL,'2024-01-26 13:49:45','\0'),(485,89,415,'2024-01-19 13:02:41',6,'160','160.0','','160.0','\0','\0','',1,'2024-01-26 13:03:00','2024-01-26 13:03:00',6,NULL,'2024-01-19 13:02:41',NULL,'2024-01-26 13:48:01',4,NULL,NULL,3,'\0',NULL,1,'','2024-01-27 13:50:32','\0',2,160,NULL,'\0',2,'\0',NULL,NULL,'2024-01-26 13:49:45','\0'),(486,89,416,'2024-01-19 13:02:41',6,'154','154.0','','154.0','\0','\0','',1,'2024-01-26 13:38:02','2024-01-26 13:38:02',6,NULL,'2024-01-19 13:02:41',NULL,'2024-01-26 13:48:01',4,NULL,NULL,3,'\0',NULL,1,'','2024-01-27 13:50:32','\0',2,154,NULL,'\0',2,'\0',NULL,NULL,'2024-01-26 13:49:45','\0'),(487,90,419,'2024-01-19 13:04:41',6,'4','4','','','\0','\0','',1,'2024-01-26 13:43:44','2024-01-26 13:43:44',6,NULL,'2024-01-19 13:04:41',NULL,'2024-01-26 13:48:04',4,NULL,NULL,3,'\0',NULL,1,'','2024-01-27 13:50:32','\0',2,4,NULL,'\0',1,'\0',NULL,NULL,'2024-01-26 13:49:45','\0'),(488,91,419,'2024-01-19 13:06:11',6,'155','155','','','\0','\0','',1,'2024-01-26 13:43:44','2024-01-26 13:43:44',6,NULL,'2024-01-19 13:06:11',NULL,'2024-01-26 13:48:09',4,NULL,NULL,3,'\0',NULL,1,'','2024-01-27 13:50:32','\0',2,155,NULL,'\0',1,'\0',NULL,NULL,'2024-01-26 13:49:45','\0'),(489,92,1390,'2024-01-19 14:29:42',6,'65.3','65.3','','','\0','\0','',1,'2024-01-23 10:17:11','2024-01-23 11:46:02',9,NULL,'2024-01-19 14:29:42',NULL,'2024-01-23 12:14:57',5,NULL,NULL,1,'\0',NULL,1,'','2024-01-24 12:20:31','\0',3,65.3,NULL,'\0',1,'\0',NULL,NULL,'2024-01-23 12:18:58','\0'),(490,93,1390,'2024-01-19 14:32:11',6,'< 1.5','< 1.5','','','\0','\0','',1,'2024-01-23 10:18:08','2024-01-23 11:46:37',9,NULL,'2024-01-19 14:32:11',NULL,'2024-01-23 12:14:58',5,NULL,NULL,1,'\0',NULL,1,'','2024-01-24 12:20:31','\0',3,NULL,NULL,'\0',1,'\0',NULL,NULL,'2024-01-23 12:18:58','\0'),(491,94,1373,'2024-01-19 14:33:42',6,'11.7','11.7','','','\0','\0','',1,'2024-01-23 10:20:02','2024-01-23 11:46:56',9,NULL,'2024-01-19 14:33:42',NULL,'2024-01-23 12:04:31',11,NULL,NULL,1,'\0',NULL,1,'','2024-01-24 12:10:30','\0',3,11.7,NULL,'\0',1,'\0',NULL,NULL,'2024-01-23 12:06:50','\0'),(492,94,1374,'2024-01-19 14:33:42',6,'38.4','38.4','','','\0','\0','',1,'2024-01-23 10:21:56','2024-01-23 11:47:08',9,NULL,'2024-01-19 14:33:42',NULL,'2024-01-23 12:04:31',11,NULL,NULL,1,'\0',NULL,1,'','2024-01-24 12:10:30','\0',3,38.4,NULL,'\0',1,'\0',NULL,NULL,'2024-01-23 12:06:50','\0'),(493,94,1375,'2024-01-19 14:33:42',6,'4.1','4.1','','','\0','\0','',1,'2024-01-23 10:19:05','2024-01-23 11:46:47',9,NULL,'2024-01-19 14:33:42',NULL,'2024-01-23 12:04:31',11,NULL,NULL,1,'\0',NULL,1,'','2024-01-24 12:10:30','\0',3,4.1,NULL,'\0',1,'\0',NULL,NULL,'2024-01-23 12:06:50','\0'),(494,94,1376,'2024-01-19 14:33:42',6,'43.8','43.8','','','\0','\0','',1,'2024-01-23 10:20:59','2024-01-23 11:47:04',9,NULL,'2024-01-19 14:33:42',NULL,'2024-01-23 12:04:31',11,NULL,NULL,1,'\0',NULL,1,'','2024-01-24 12:10:30','\0',3,43.8,NULL,'\0',1,'\0',NULL,NULL,'2024-01-23 12:06:50','\0'),(495,95,1373,'2024-01-19 14:36:42',6,'< 6.4','< 6.4','','','\0','\0','',1,'2024-01-23 10:27:37','2024-01-23 11:36:23',9,NULL,'2024-01-19 14:36:42',NULL,'2024-01-23 12:00:04',11,NULL,NULL,1,'\0',NULL,1,'','2024-01-24 12:05:30','\0',3,NULL,NULL,'\0',1,'\0',NULL,NULL,'2024-01-23 12:04:10','\0'),(496,95,1374,'2024-01-19 14:36:42',6,'< 1.1','< 1.1','','','\0','\0','',1,'2024-01-23 10:25:44','2024-01-23 11:35:22',9,NULL,'2024-01-19 14:36:42',NULL,'2024-01-23 12:00:04',11,NULL,NULL,1,'\0',NULL,1,'','2024-01-24 12:05:30','\0',3,NULL,NULL,'\0',1,'\0',NULL,NULL,'2024-01-23 12:04:10','\0'),(497,95,1375,'2024-01-19 14:36:42',6,'3.5','3.5','','','\0','\0','',1,'2024-01-23 10:24:47','2024-01-23 11:35:07',9,NULL,'2024-01-19 14:36:42',NULL,'2024-01-23 12:00:04',11,NULL,NULL,1,'\0',NULL,1,'','2024-01-24 12:05:30','\0',3,3.5,NULL,'\0',1,'\0',NULL,NULL,'2024-01-23 12:04:10','\0'),(498,95,1376,'2024-01-19 14:36:42',6,'< 1.0','< 1.0','','','\0','\0','',1,'2024-01-23 10:28:34','2024-01-23 11:36:42',9,NULL,'2024-01-19 14:36:42',NULL,'2024-01-23 12:00:04',11,NULL,NULL,1,'\0',NULL,1,'','2024-01-24 12:05:30','\0',3,NULL,NULL,'\0',1,'\0',NULL,NULL,'2024-01-23 12:04:10','\0'),(499,95,1387,'2024-01-19 14:36:42',6,'6.2','6.2','','','\0','\0','',1,'2024-01-23 10:22:53','2024-01-23 11:36:54',9,NULL,'2024-01-19 14:36:42',NULL,'2024-01-23 12:00:04',11,NULL,NULL,1,'\0',NULL,1,'','2024-01-24 12:05:30','\0',3,6.2,NULL,'\0',1,'\0',NULL,NULL,'2024-01-23 12:04:10','\0'),(500,95,1388,'2024-01-19 14:36:42',6,'< 1.6','< 1.6','','','\0','\0','',1,'2024-01-23 10:23:50','2024-01-23 11:34:33',9,NULL,'2024-01-19 14:36:42',NULL,'2024-01-23 12:00:04',11,NULL,NULL,1,'\0',NULL,1,'','2024-01-24 12:05:30','\0',3,NULL,NULL,'\0',1,'\0',NULL,NULL,'2024-01-23 12:04:10','\0'),(501,96,1378,'2024-01-19 14:36:42',1,NULL,NULL,'',NULL,'\0','\0','\0',0,NULL,'0001-01-01 00:00:00',1,NULL,'2024-01-19 14:36:42',NULL,NULL,NULL,NULL,NULL,1,'\0',NULL,1,'','2024-02-16 14:40:32','\0',NULL,NULL,NULL,'\0',0,'\0',NULL,NULL,NULL,'\0'),(502,97,1389,'2024-01-19 14:38:12',6,'< 2.3','< 2.3','','','\0','\0','',1,'2024-01-23 10:29:31','2024-01-23 11:41:04',9,NULL,'2024-01-19 14:38:12',NULL,'2024-01-23 12:14:58',5,NULL,NULL,1,'\0',NULL,1,'','2024-01-24 12:20:31','\0',3,NULL,NULL,'\0',1,'\0',NULL,NULL,'2024-01-23 12:18:58','\0'),(503,97,1377,'2024-01-19 14:38:12',6,'23.2','23.2','','','\0','\0','',1,'2024-01-23 10:30:28','2024-01-23 11:41:08',9,NULL,'2024-01-19 14:38:12',NULL,'2024-01-23 12:14:58',5,NULL,NULL,1,'\0',NULL,1,'','2024-01-24 12:20:31','\0',3,23.2,NULL,'\0',1,'\0',NULL,NULL,'2024-01-23 12:18:58','\0'),(504,98,1389,'2024-01-19 14:39:42',6,'9.1','9.1','','','\0','\0','',1,'2024-01-23 10:31:25','2024-01-23 11:41:10',9,NULL,'2024-01-19 14:39:42',NULL,'2024-01-23 12:14:59',5,NULL,NULL,1,'\0',NULL,1,'','2024-01-24 12:20:31','\0',3,9.1,NULL,'\0',1,'\0',NULL,NULL,'2024-01-23 12:18:58','\0'),(505,98,1377,'2024-01-19 14:39:42',6,'< 3.2','< 3.2','','','\0','\0','',1,'2024-01-23 10:32:22','2024-01-23 11:41:13',9,NULL,'2024-01-19 14:39:42',NULL,'2024-01-23 12:14:59',5,NULL,NULL,1,'\0',NULL,1,'','2024-01-24 12:20:31','\0',3,NULL,NULL,'\0',1,'\0',NULL,NULL,'2024-01-23 12:18:58','\0'),(506,99,1378,'2024-01-19 14:41:12',6,'> 708.9','> 708.9','','','\0','\0','',1,'2024-01-23 10:33:19','2024-01-23 11:41:15',9,NULL,'2024-01-19 14:41:12',NULL,'2024-01-23 12:15:02',5,NULL,NULL,1,'\0',NULL,1,'','2024-01-24 12:20:31','\0',3,NULL,NULL,'\0',1,'\0',NULL,NULL,'2024-01-23 12:18:58','\0'),(507,100,1300,'2024-01-19 15:18:12',6,'0.7','0.70','100','0.70','\0','\0','',1,'2024-01-24 11:13:30','2024-01-24 12:55:51',5,NULL,'2024-01-19 15:18:12',NULL,'2024-01-25 12:50:16',11,NULL,NULL,3,'\0',NULL,1,'','2024-01-26 12:55:30','\0',5,0.7,NULL,'\0',2,'\0',NULL,NULL,'2024-01-25 12:54:11','\0'),(508,101,1300,'2024-01-19 15:21:12',6,'250','250.00','100','250.00','\0','\0','',1,'2024-01-24 11:14:30','2024-01-24 12:55:52',5,NULL,'2024-01-19 15:21:12',NULL,'2024-01-25 12:50:17',11,NULL,NULL,3,'\0',NULL,1,'','2024-01-26 12:55:30','\0',5,250,NULL,'\0',2,'\0',NULL,NULL,'2024-01-25 12:54:11','\0'),(509,102,1296,'2024-01-19 15:21:12',6,'13','13.0','100','13.0','\0','\0','',1,'2024-01-24 11:15:30','2024-01-24 12:47:11',5,NULL,'2024-01-19 15:21:12',NULL,'2024-01-25 12:50:26',11,NULL,NULL,3,'\0',NULL,1,'','2024-01-26 12:55:30','\0',5,13,NULL,'\0',2,'\0',NULL,NULL,'2024-01-25 12:54:41','\0'),(510,103,1296,'2024-01-19 15:23:12',1,NULL,'','',NULL,'\0','\0','\0',0,NULL,'2024-01-25 13:43:27',14,NULL,'2024-01-19 15:23:12',NULL,NULL,NULL,NULL,NULL,3,'\0',NULL,1,'','2024-01-29 15:23:52','\0',NULL,NULL,NULL,'\0',0,'\0',NULL,NULL,NULL,'\0'),(511,104,1298,'2024-01-19 15:23:42',6,'38','38.0','100','','\0','\0','',1,'2024-01-24 11:20:29','2024-01-24 12:46:43',5,NULL,'2024-01-19 15:23:42',NULL,'2024-01-25 12:50:28',11,NULL,NULL,3,'\0',NULL,1,'','2024-01-26 12:55:30','\0',5,38,NULL,'\0',1,'\0',NULL,NULL,'2024-01-25 12:54:41','\0'),(512,104,1299,'2024-01-19 15:23:42',6,'21','21.0','100','21.0','\0','\0','',1,'2024-01-24 11:21:29','2024-01-24 12:47:14',5,NULL,'2024-01-19 15:23:42',NULL,'2024-01-25 12:50:28',11,NULL,NULL,3,'\0',NULL,1,'','2024-01-26 12:55:30','\0',5,21,NULL,'\0',2,'\0',NULL,NULL,'2024-01-25 12:54:41','\0'),(513,105,1298,'2024-01-19 15:25:12',6,'59','59.0','100','','\0','\0','',1,'2024-01-24 11:24:29','2024-01-24 12:46:45',5,NULL,'2024-01-19 15:25:12',NULL,'2024-01-25 12:50:31',11,NULL,NULL,3,'\0',NULL,1,'','2024-01-26 12:55:30','\0',5,59,NULL,'\0',1,'\0',NULL,NULL,'2024-01-25 12:54:41','\0'),(514,105,1299,'2024-01-19 15:25:12',6,'6.4','6.4','100','6.4','\0','\0','',1,'2024-01-24 11:25:29','2024-01-24 12:47:17',5,NULL,'2024-01-19 15:25:12',NULL,'2024-01-25 12:50:31',11,NULL,NULL,3,'\0',NULL,1,'','2024-01-26 12:55:30','\0',5,6.4,NULL,'\0',2,'\0',NULL,NULL,'2024-01-25 12:54:41','\0'),(515,106,1387,'2024-01-19 15:26:42',1,NULL,NULL,'',NULL,'\0','\0','\0',0,NULL,'0001-01-01 00:00:00',1,NULL,'2024-01-19 15:26:42',NULL,NULL,NULL,NULL,NULL,1,'\0',NULL,1,'','2024-02-16 15:30:33','\0',NULL,NULL,NULL,'\0',0,'\0',NULL,NULL,NULL,'\0'),(516,106,1389,'2024-01-19 15:26:42',1,NULL,NULL,'',NULL,'\0','\0','\0',0,NULL,'0001-01-01 00:00:00',1,NULL,'2024-01-19 15:26:42',NULL,NULL,NULL,NULL,NULL,1,'\0',NULL,1,'','2024-02-16 15:30:33','\0',NULL,NULL,NULL,'\0',0,'\0',NULL,NULL,NULL,'\0'),(517,106,1377,'2024-01-19 15:26:42',1,NULL,'45454','',NULL,'\0','\0','\0',0,NULL,'2024-01-24 09:02:37',11,NULL,'2024-01-19 15:26:42',NULL,NULL,NULL,NULL,NULL,1,'\0',NULL,1,'','2024-02-16 15:30:33','\0',NULL,45454,NULL,'\0',0,'\0',NULL,NULL,NULL,'\0'),(518,107,1298,'2024-01-19 15:29:42',6,'Below','0','100','Below','\0','\0','',1,'2024-01-24 11:29:29','2024-01-24 12:46:48',5,NULL,'2024-01-19 15:29:42',NULL,'2024-01-25 12:50:34',11,NULL,NULL,3,'\0',NULL,1,'','2024-01-26 12:55:30','\0',5,0,NULL,'\0',1,'\0',NULL,NULL,'2024-01-25 12:54:41','\0'),(519,107,1299,'2024-01-19 15:29:42',6,'0.8','0.8','100','0.8','\0','\0','',1,'2024-01-24 11:30:29','2024-01-24 12:47:23',5,NULL,'2024-01-19 15:29:42',NULL,'2024-01-25 12:50:34',11,NULL,NULL,3,'\0',NULL,1,'','2024-01-26 12:55:30','\0',5,0.8,NULL,'\0',2,'\0',NULL,NULL,'2024-01-25 12:54:41','\0'),(520,108,1305,'2024-01-19 15:30:42',6,'130','130','100','','\0','\0','',1,'2024-01-24 11:31:29','2024-01-24 12:47:25',5,NULL,'2024-01-19 15:30:42',NULL,'2024-01-25 12:50:36',11,NULL,NULL,3,'\0',NULL,1,'','2024-01-26 12:55:30','\0',5,130,NULL,'\0',1,'\0',NULL,NULL,'2024-01-25 12:54:41','\0'),(521,108,1306,'2024-01-19 15:30:42',6,'143','143.00','200','','\0','\0','',1,'2024-01-24 11:32:29','2024-01-24 12:47:25',5,NULL,'2024-01-19 15:30:42',NULL,'2024-01-25 12:50:36',11,NULL,NULL,3,'\0',NULL,1,'','2024-01-26 12:55:30','\0',5,143,NULL,'\0',1,'\0',NULL,NULL,'2024-01-25 12:54:41','\0'),(522,109,1305,'2024-01-19 15:31:12',6,'Below','0','100','Below','\0','\0','',1,'2024-01-24 11:33:29','2024-01-24 12:47:28',5,NULL,'2024-01-19 15:31:12',NULL,'2024-01-25 12:50:39',11,NULL,NULL,3,'\0',NULL,1,'','2024-01-26 12:55:30','\0',5,0,NULL,'\0',1,'\0',NULL,NULL,'2024-01-25 12:54:41','\0'),(523,109,1306,'2024-01-19 15:31:12',6,'Below','0','200','Below','\0','\0','',1,'2024-01-24 11:34:29','2024-01-24 12:47:28',5,NULL,'2024-01-19 15:31:12',NULL,'2024-01-25 12:50:39',11,NULL,NULL,3,'\0',NULL,1,'','2024-01-26 12:55:30','\0',5,0,NULL,'\0',1,'\0',NULL,NULL,'2024-01-25 12:54:41','\0'),(524,110,1305,'2024-01-19 15:32:12',6,'268','268','100','','\0','\0','',1,'2024-01-24 11:35:28','2024-01-24 12:47:31',5,NULL,'2024-01-19 15:32:12',NULL,'2024-01-25 12:50:41',11,NULL,NULL,3,'\0',NULL,1,'','2024-01-26 12:55:30','\0',5,268,NULL,'\0',1,'\0',NULL,NULL,'2024-01-25 12:54:41','\0'),(525,110,1306,'2024-01-19 15:32:12',6,'289','289.00','200','','\0','\0','',1,'2024-01-24 11:36:29','2024-01-24 12:47:31',5,NULL,'2024-01-19 15:32:12',NULL,'2024-01-25 12:50:41',11,NULL,NULL,3,'\0',NULL,1,'','2024-01-26 12:55:30','\0',5,289,NULL,'\0',1,'\0',NULL,NULL,'2024-01-25 12:54:41','\0'),(526,111,1297,'2024-01-19 15:32:12',6,'---','---','100','','\0','\0','',1,'2024-01-24 11:37:28','2024-01-24 12:46:49',5,NULL,'2024-01-19 15:32:12',NULL,'2024-01-25 12:50:45',11,NULL,NULL,3,'\0',NULL,1,'','2024-01-26 12:55:30','\0',5,NULL,NULL,'\0',1,'\0',NULL,NULL,'2024-01-25 12:54:41','\0'),(527,112,1297,'2024-01-19 15:34:12',6,'33','33.00','100','','\0','\0','',1,'2024-01-24 11:38:28','2024-01-24 12:46:51',5,NULL,'2024-01-19 15:34:12',NULL,'2024-01-25 12:50:46',11,NULL,NULL,3,'\0',NULL,1,'','2024-01-26 12:55:30','\0',5,33,NULL,'\0',1,'\0',NULL,NULL,'2024-01-25 12:54:41','\0'),(528,113,1301,'2024-01-19 15:34:42',6,'3.8','3.80','50','','\0','\0','',1,'2024-01-24 11:39:28','2024-01-24 12:46:53',5,NULL,'2024-01-19 15:34:42',NULL,'2024-01-25 12:50:47',11,NULL,NULL,3,'\0',NULL,1,'','2024-01-26 12:55:30','\0',5,3.8,NULL,'\0',1,'\0',NULL,NULL,'2024-01-25 12:54:41','\0'),(529,114,1301,'2024-01-19 15:35:12',6,'2.3','2.30','50','','\0','\0','',1,'2024-01-24 11:40:28','2024-01-24 12:46:54',5,NULL,'2024-01-19 15:35:12',NULL,'2024-01-25 12:50:47',11,NULL,NULL,3,'\0',NULL,1,'','2024-01-26 12:55:30','\0',5,2.3,NULL,'\0',1,'\0',NULL,NULL,'2024-01-25 12:54:41','\0'),(530,115,1291,'2024-01-19 15:38:12',6,'3131','3131.00','1','3131.00','\0','\0','',1,'2024-01-24 11:48:03','2024-01-24 12:49:12',5,NULL,'2024-01-19 15:38:12',NULL,'2024-01-25 12:50:50',11,NULL,NULL,3,'\0',NULL,1,'','2024-01-26 12:55:30','\0',6,3131,NULL,'\0',2,'\0',NULL,NULL,'2024-01-25 12:54:41','\0'),(531,116,1291,'2024-01-19 15:39:42',6,'<2.00','<2.00','1','<2.00','\0','\0','',1,'2024-01-24 11:49:03','2024-01-24 12:49:14',5,NULL,'2024-01-19 15:39:42',NULL,'2024-01-25 12:50:52',11,NULL,NULL,3,'\0',NULL,1,'','2024-01-26 12:55:30','\0',6,NULL,NULL,'\0',2,'\0',NULL,NULL,'2024-01-25 12:55:12','\0'),(532,117,1291,'2024-01-19 15:39:42',6,'>5000','>5000','1','>5000','\0','\0','',1,'2024-01-24 11:50:03','2024-01-24 12:49:15',5,NULL,'2024-01-19 15:39:42',NULL,'2024-01-25 12:50:53',11,NULL,NULL,3,'\0',NULL,1,'','2024-01-26 12:55:30','\0',6,NULL,NULL,'\0',2,'\0',NULL,NULL,'2024-01-25 12:55:12','\0'),(533,118,1302,'2024-01-19 15:41:12',6,'<0.1','<0.1','1','','\0','\0','',1,'2024-01-24 11:51:03','2024-01-24 12:48:48',5,NULL,'2024-01-19 15:41:12',NULL,'2024-01-25 12:50:54',11,NULL,NULL,3,'\0',NULL,1,'','2024-01-26 12:55:30','\0',6,NULL,NULL,'\0',1,'\0',NULL,NULL,'2024-01-25 12:55:12','\0'),(534,119,1222,'2024-01-19 15:41:12',6,'>100','>100','1','','\0','\0','',1,'2024-01-24 11:52:03','2024-01-24 12:48:50',5,NULL,'2024-01-19 15:41:12',NULL,'2024-01-25 12:50:55',11,NULL,NULL,3,'\0',NULL,1,'','2024-01-26 12:55:30','\0',6,NULL,NULL,'\0',1,'\0',NULL,NULL,'2024-01-25 12:55:12','\0'),(535,120,1229,'2024-01-19 15:44:12',6,'20.8','20.80','1','','\0','\0','',1,'2024-01-24 11:53:02','2024-01-24 12:48:59',5,NULL,'2024-01-19 15:44:12',NULL,'2024-01-24 15:11:00',11,NULL,NULL,3,'\0',NULL,1,'','2024-01-25 15:15:32','\0',6,20.8,NULL,'\0',1,'\0',NULL,NULL,'2024-01-24 15:13:23','\0'),(536,120,1307,'2024-01-19 15:44:12',6,'POS','POS','1','','\0','\0','',1,'2024-01-24 11:53:02','2024-01-24 12:48:59',5,NULL,'2024-01-19 15:44:12',NULL,'2024-01-24 15:11:00',11,NULL,NULL,3,'\0',NULL,1,'','2024-01-25 15:15:32','\0',6,NULL,NULL,'\0',1,'\0',NULL,NULL,'2024-01-24 15:13:23','\0'),(537,120,1308,'2024-01-19 15:44:12',6,'POS','POS','1','','\0','\0','',1,'2024-01-24 11:53:02','2024-01-24 12:48:59',5,NULL,'2024-01-19 15:44:12',NULL,'2024-01-24 15:11:00',11,NULL,NULL,3,'\0',NULL,1,'','2024-01-25 15:15:32','\0',6,NULL,NULL,'\0',1,'\0',NULL,NULL,'2024-01-24 15:13:23','\0'),(538,120,1314,'2024-01-19 15:44:12',6,'POS','POS','1','','\0','\0','',1,'2024-01-24 11:53:02','2024-01-24 12:48:59',5,NULL,'2024-01-19 15:44:12',NULL,'2024-01-24 15:11:00',11,NULL,NULL,3,'\0',NULL,1,'','2024-01-25 15:15:32','\0',6,NULL,NULL,'\0',1,'\0',NULL,NULL,'2024-01-24 15:13:23','\0'),(539,120,1309,'2024-01-19 15:44:12',6,'POS','POS','1','','\0','\0','',1,'2024-01-24 11:53:02','2024-01-24 12:48:59',5,NULL,'2024-01-19 15:44:12',NULL,'2024-01-24 15:11:00',11,NULL,NULL,3,'\0',NULL,1,'','2024-01-25 15:15:32','\0',6,NULL,NULL,'\0',1,'\0',NULL,NULL,'2024-01-24 15:13:23','\0'),(540,120,1310,'2024-01-19 15:44:12',6,'POS','POS','1','POS','\0','\0','',1,'2024-01-24 12:15:01','2024-01-24 12:49:10',5,NULL,'2024-01-19 15:44:12',NULL,'2024-01-24 15:11:00',11,NULL,NULL,3,'\0',NULL,1,'','2024-01-25 15:15:32','\0',6,NULL,NULL,'\0',2,'\0',NULL,NULL,'2024-01-24 15:13:23','\0'),(541,120,1311,'2024-01-19 15:44:12',6,'NEG','NEG','1','NEG','\0','\0','',1,'2024-01-24 12:15:01','2024-01-24 12:49:10',5,NULL,'2024-01-19 15:44:12',NULL,'2024-01-24 15:11:00',11,NULL,NULL,3,'\0',NULL,1,'','2024-01-25 15:15:32','\0',6,NULL,NULL,'\0',2,'\0',NULL,NULL,'2024-01-24 15:13:23','\0'),(542,121,1307,'2024-01-19 15:44:12',6,'NEG','NEG','1','','\0','\0','',1,'2024-01-24 12:00:02','2024-01-24 12:49:07',5,NULL,'2024-01-19 15:44:12',NULL,'2024-01-25 12:51:14',11,NULL,NULL,3,'\0',NULL,1,'','2024-01-26 12:55:30','\0',6,NULL,NULL,'\0',1,'\0',NULL,NULL,'2024-01-25 12:55:12','\0'),(543,121,1308,'2024-01-19 15:44:12',6,'NEG','POS','1','NEG','\0','\0','',1,NULL,'2024-01-25 10:05:28',13,NULL,'2024-01-19 15:44:12',NULL,'2024-01-25 10:05:28',18,NULL,NULL,3,'\0',NULL,1,'','2024-01-26 12:55:30','\0',6,NULL,NULL,'\0',1,'\0',NULL,NULL,'2024-01-25 10:07:49','\0'),(544,121,1314,'2024-01-19 15:44:12',6,'NEG','NEG','1','','\0','\0','',1,'2024-01-24 12:00:02','2024-01-24 12:49:07',5,NULL,'2024-01-19 15:44:12',NULL,'2024-01-25 12:51:14',11,NULL,NULL,3,'\0',NULL,1,'','2024-01-26 12:55:30','\0',6,NULL,NULL,'\0',1,'\0',NULL,NULL,'2024-01-25 12:55:12','\0'),(545,121,1309,'2024-01-19 15:44:12',6,'NEG','NEG','1','','\0','\0','',1,'2024-01-24 12:00:02','2024-01-24 12:49:07',5,NULL,'2024-01-19 15:44:12',NULL,'2024-01-25 12:51:14',11,NULL,NULL,3,'\0',NULL,1,'','2024-01-26 12:55:30','\0',6,NULL,NULL,'\0',1,'\0',NULL,NULL,'2024-01-25 12:55:12','\0'),(546,121,1310,'2024-01-19 15:44:12',6,'NEG','NEG','1','','\0','\0','',1,'2024-01-24 12:00:02','2024-01-24 12:49:07',5,NULL,'2024-01-19 15:44:12',NULL,'2024-01-25 12:51:14',11,NULL,NULL,3,'\0',NULL,1,'','2024-01-26 12:55:30','\0',6,NULL,NULL,'\0',1,'\0',NULL,NULL,'2024-01-25 12:55:12','\0'),(547,121,1311,'2024-01-19 15:44:12',6,'NEG','NEG','1','','\0','\0','',1,'2024-01-24 12:00:02','2024-01-24 12:49:07',5,NULL,'2024-01-19 15:44:12',NULL,'2024-01-25 12:51:14',11,NULL,NULL,3,'\0',NULL,1,'','2024-01-26 12:55:30','\0',6,NULL,NULL,'\0',1,'\0',NULL,NULL,'2024-01-25 12:55:12','\0'),(548,122,1373,'2024-01-22 10:28:19',6,NULL,'15',NULL,NULL,'\0','\0','',1,NULL,'2024-01-22 10:29:38',2,NULL,'2024-01-22 10:28:19',NULL,'2024-01-22 10:29:55',4,NULL,NULL,1,'\0',NULL,3,'','2024-01-23 10:50:29','\0',NULL,15,NULL,'\0',0,'\0',NULL,NULL,'2024-01-22 10:46:51','\0'),(549,122,1374,'2024-01-22 10:28:19',6,NULL,'25',NULL,NULL,'\0','\0','',1,NULL,'2024-01-22 10:29:38',2,NULL,'2024-01-22 10:28:19',NULL,'2024-01-22 10:29:55',4,NULL,NULL,1,'\0',NULL,3,'','2024-01-23 10:50:29','\0',NULL,25,NULL,'\0',0,'\0',NULL,NULL,'2024-01-22 10:46:51','\0'),(550,123,1379,'2024-01-23 09:25:39',6,'< 3.6','< 3.6','','','\0','\0','',1,'2024-01-23 10:16:14','2024-01-23 11:46:00',9,NULL,'2024-01-23 09:25:39',NULL,'2024-01-23 12:14:49',5,NULL,NULL,1,'\0',NULL,1,'','2024-01-24 12:20:31','\0',3,NULL,NULL,'\0',1,'\0',NULL,NULL,'2024-01-23 12:18:28','\0'),(551,124,1379,'2024-01-23 09:25:39',6,'25.5','25.5','','','\0','\0','',1,'2024-01-23 10:15:17','2024-01-23 11:45:41',9,NULL,'2024-01-23 09:25:39',NULL,'2024-01-23 12:14:45',5,NULL,NULL,1,'\0',NULL,1,'','2024-02-20 09:30:27','\0',3,25.5,NULL,'\0',1,'\0',NULL,NULL,'2024-01-23 12:18:28','\0'),(552,125,1379,'2024-01-23 09:25:39',6,'> 429.4','> 429.4','','','\0','\0','',1,'2024-01-23 10:14:20','2024-01-23 11:45:36',9,NULL,'2024-01-23 09:25:39',NULL,'2024-01-23 12:14:43',5,NULL,NULL,1,'\0',NULL,1,'','2024-02-20 09:30:27','\0',3,NULL,NULL,'\0',1,'\0',NULL,NULL,'2024-01-23 12:18:28','\0'),(553,126,1292,'2024-01-23 10:01:40',6,'11','11.0','10','','\0','\0','',1,'2024-01-24 11:23:29','2024-01-24 12:47:16',5,NULL,'2024-01-23 10:01:40',NULL,'2024-01-25 12:50:29',11,NULL,NULL,3,'\0',NULL,1,'','2024-01-26 12:55:30','\0',5,11,NULL,'\0',1,'\0',NULL,NULL,'2024-01-25 12:55:12','\0'),(554,95,1422,'2024-01-23 11:59:01',6,'< 3.4','< 3.4','','','\0','\0','',1,'2024-01-23 10:26:41','2024-01-23 11:59:01',9,NULL,'2024-01-23 11:59:01',NULL,'2024-01-23 12:00:04',11,NULL,NULL,1,'\0',NULL,4,'','2024-01-24 12:05:30','\0',3,NULL,NULL,'\0',1,'\0',NULL,NULL,'2024-01-23 12:04:10','\0'),(555,124,1428,'2024-01-23 12:09:59',6,'< 3.3','< 3.3','','','\0','\0','',1,'2024-01-23 10:51:21','2024-01-23 12:09:59',9,NULL,'2024-01-23 12:09:59',NULL,'2024-01-23 12:14:45',5,NULL,NULL,1,'\0',NULL,4,'','2024-02-20 09:30:27','\0',3,NULL,NULL,'\0',1,'\0',NULL,NULL,'2024-01-23 12:18:28','\0'),(556,124,1426,'2024-01-23 12:10:00',6,'< 3.5','< 3.5','','','\0','\0','',1,'2024-01-23 10:52:18','2024-01-23 12:10:00',9,NULL,'2024-01-23 12:10:00',NULL,'2024-01-23 12:14:45',5,NULL,NULL,1,'\0',NULL,4,'','2024-02-20 09:30:27','\0',3,NULL,NULL,'\0',1,'\0',NULL,NULL,'2024-01-23 12:18:28','\0'),(557,124,1424,'2024-01-23 12:10:01',6,'< 2.3','< 2.3','','','\0','\0','',1,'2024-01-23 10:53:15','2024-01-23 12:10:02',9,NULL,'2024-01-23 12:10:01',NULL,'2024-01-23 12:14:45',5,NULL,NULL,1,'\0',NULL,4,'','2024-02-20 09:30:27','\0',3,NULL,NULL,'\0',1,'\0',NULL,NULL,'2024-01-23 12:18:28','\0'),(558,124,1425,'2024-01-23 12:10:03',6,'< 2.2','< 2.2','','','\0','\0','',1,'2024-01-23 10:54:12','2024-01-23 12:10:03',9,NULL,'2024-01-23 12:10:03',NULL,'2024-01-23 12:14:45',5,NULL,NULL,1,'\0',NULL,4,'','2024-02-20 09:30:27','\0',3,NULL,NULL,'\0',1,'\0',NULL,NULL,'2024-01-23 12:18:28','\0'),(559,124,1430,'2024-01-23 12:10:04',6,'< 3.3','< 3.3','','','\0','\0','',1,'2024-01-23 10:55:09','2024-01-23 12:10:04',9,NULL,'2024-01-23 12:10:04',NULL,'2024-01-23 12:14:45',5,NULL,NULL,1,'\0',NULL,4,'','2024-02-20 09:30:27','\0',3,NULL,NULL,'\0',1,'\0',NULL,NULL,'2024-01-23 12:18:28','\0'),(560,124,1427,'2024-01-23 12:10:06',6,'28.8','28.8','','','\0','\0','',1,'2024-01-23 10:56:06','2024-01-23 12:10:06',9,NULL,'2024-01-23 12:10:06',NULL,'2024-01-23 12:14:45',5,NULL,NULL,1,'\0',NULL,4,'','2024-02-20 09:30:27','\0',3,28.8,NULL,'\0',1,'\0',NULL,NULL,'2024-01-23 12:18:28','\0'),(561,125,1424,'2024-01-23 12:14:30',6,'> 1685.3','> 1685.3','','','\0','\0','',1,'2024-01-23 10:45:39','2024-01-23 12:14:31',9,NULL,'2024-01-23 12:14:30',NULL,'2024-01-23 12:14:43',5,NULL,NULL,1,'\0',NULL,4,'','2024-02-20 09:30:27','\0',3,NULL,NULL,'\0',1,'\0',NULL,NULL,'2024-01-23 12:18:28','\0'),(562,125,1426,'2024-01-23 12:14:31',6,'185.4','185.4','','','\0','\0','',1,'2024-01-23 10:46:36','2024-01-23 12:14:31',9,NULL,'2024-01-23 12:14:31',NULL,'2024-01-23 12:14:43',5,NULL,NULL,1,'\0',NULL,4,'','2024-02-20 09:30:27','\0',3,185.4,NULL,'\0',1,'\0',NULL,NULL,'2024-01-23 12:18:28','\0'),(563,125,1430,'2024-01-23 12:14:31',6,'27.7','27.7','','','\0','\0','',1,'2024-01-23 10:47:33','2024-01-23 12:14:31',9,NULL,'2024-01-23 12:14:31',NULL,'2024-01-23 12:14:43',5,NULL,NULL,1,'\0',NULL,4,'','2024-02-20 09:30:27','\0',3,27.7,NULL,'\0',1,'\0',NULL,NULL,'2024-01-23 12:18:28','\0'),(564,125,1425,'2024-01-23 12:14:31',6,'< 2.2','< 2.2','','','\0','\0','',1,'2024-01-23 10:48:30','2024-01-23 12:14:31',9,NULL,'2024-01-23 12:14:31',NULL,'2024-01-23 12:14:43',5,NULL,NULL,1,'\0',NULL,4,'','2024-02-20 09:30:27','\0',3,NULL,NULL,'\0',1,'\0',NULL,NULL,'2024-01-23 12:18:28','\0'),(565,125,1428,'2024-01-23 12:14:31',6,'124.3','124.3','','','\0','\0','',1,'2024-01-23 10:49:27','2024-01-23 12:14:31',9,NULL,'2024-01-23 12:14:31',NULL,'2024-01-23 12:14:43',5,NULL,NULL,1,'\0',NULL,4,'','2024-02-20 09:30:27','\0',3,124.3,NULL,'\0',1,'\0',NULL,NULL,'2024-01-23 12:18:28','\0'),(566,125,1427,'2024-01-23 12:14:32',6,'< 1.2','< 1.2','','','\0','\0','',1,'2024-01-23 10:50:24','2024-01-23 12:14:32',9,NULL,'2024-01-23 12:14:32',NULL,'2024-01-23 12:14:43',5,NULL,NULL,1,'\0',NULL,4,'','2024-02-20 09:30:27','\0',3,NULL,NULL,'\0',1,'\0',NULL,NULL,'2024-01-23 12:18:28','\0'),(567,124,1429,'2024-01-23 12:16:50',1,NULL,NULL,'',NULL,'\0','\0','\0',0,NULL,'0001-01-01 00:00:00',1,NULL,'2024-01-23 12:16:50',NULL,NULL,NULL,NULL,NULL,3,'\0',NULL,1,'','2024-02-20 09:30:27','\0',NULL,NULL,NULL,'\0',0,'\0',NULL,NULL,NULL,'\0'),(568,125,1429,'2024-01-23 12:16:50',1,NULL,NULL,'',NULL,'\0','\0','\0',0,NULL,'0001-01-01 00:00:00',1,NULL,'2024-01-23 12:16:50',NULL,NULL,NULL,NULL,NULL,3,'\0',NULL,1,'','2024-02-20 09:30:27','\0',NULL,NULL,NULL,'\0',0,'\0',NULL,NULL,NULL,'\0'),(569,127,1293,'2024-01-24 08:17:47',6,'Below','0','100','Below','\0','\0','',1,'2024-01-24 11:26:29','2024-01-24 12:47:21',5,NULL,'2024-01-24 08:17:47',NULL,'2024-01-25 12:50:33',11,NULL,NULL,3,'\0',NULL,1,'','2024-01-26 12:55:30','\0',5,0,NULL,'\0',1,'\0',NULL,NULL,'2024-01-25 12:55:12','\0'),(570,128,1294,'2024-01-24 08:17:48',1,NULL,NULL,'',NULL,'\0','\0','\0',0,NULL,'0001-01-01 00:00:00',1,NULL,'2024-01-24 08:17:48',NULL,NULL,NULL,NULL,NULL,3,'\0',NULL,1,'','2024-02-13 08:20:26','\0',NULL,NULL,NULL,'\0',0,'\0',NULL,NULL,NULL,'\0'),(571,128,1295,'2024-01-24 08:17:48',1,NULL,NULL,'',NULL,'\0','\0','\0',0,NULL,'0001-01-01 00:00:00',1,NULL,'2024-01-24 08:17:48',NULL,NULL,NULL,NULL,NULL,3,'\0',NULL,1,'','2024-02-13 08:20:26','\0',NULL,NULL,NULL,'\0',0,'\0',NULL,NULL,NULL,'\0'),(572,104,1292,'2024-01-24 08:18:26',6,'3.1','3.1','10','3.1','\0','\0','',1,'2024-01-24 11:22:29','2024-01-24 12:47:14',5,NULL,'2024-01-24 08:18:26',NULL,'2024-01-25 12:50:28',11,NULL,NULL,3,'\0',NULL,1,'','2024-01-26 12:55:30','\0',5,3.1,NULL,'\0',2,'\0',NULL,NULL,'2024-01-25 12:54:41','\0'),(573,129,1473,'2024-01-24 09:16:36',6,'43.6','43.60','1','43.60','\0','\0','',1,'2024-01-24 11:46:03','2024-01-24 12:49:17',5,NULL,'2024-01-24 09:16:36',NULL,'2024-01-24 19:59:22',4,NULL,NULL,3,'\0',NULL,1,'','2024-01-25 20:05:37','',6,43.6,NULL,'\0',2,'\0',NULL,NULL,'2024-01-24 20:01:34','\0'),(574,130,1473,'2024-01-24 09:16:36',6,'1.32','1.32','1','1.32','\0','\0','',1,'2024-01-24 11:47:03','2024-01-24 12:49:19',5,NULL,'2024-01-24 09:16:36',NULL,'2024-01-24 19:59:24',4,NULL,NULL,3,'\0',NULL,1,'','2024-01-25 20:05:37','',6,1.32,NULL,'\0',2,'\0',NULL,NULL,'2024-01-24 20:01:34','\0'),(575,131,415,'2024-01-24 09:41:24',1,NULL,NULL,NULL,NULL,'\0','\0','\0',0,NULL,'0001-01-01 00:00:00',11,NULL,'2024-01-24 09:41:24',NULL,NULL,NULL,NULL,NULL,1,'\0',NULL,3,'','2024-02-13 09:45:28','\0',NULL,NULL,NULL,'\0',0,'\0',NULL,NULL,NULL,'\0'),(576,131,416,'2024-01-24 09:41:24',1,NULL,NULL,NULL,NULL,'\0','\0','\0',0,NULL,'0001-01-01 00:00:00',11,NULL,'2024-01-24 09:41:24',NULL,NULL,NULL,NULL,NULL,1,'\0',NULL,3,'','2024-02-13 09:45:28','\0',NULL,NULL,NULL,'\0',0,'\0',NULL,NULL,NULL,'\0'),(577,132,1453,'2024-01-24 10:20:53',6,NULL,'25',NULL,NULL,'\0','\0','',2,NULL,'2024-01-24 10:21:48',11,NULL,'2024-01-24 10:20:53',NULL,'2024-01-24 10:23:26',13,NULL,NULL,1,'\0',NULL,3,'','2024-01-25 10:30:28','\0',NULL,25,NULL,'\0',0,'\0',NULL,NULL,'2024-01-24 10:27:54','\0'),(578,132,1454,'2024-01-24 10:20:53',6,NULL,'30',NULL,NULL,'\0','\0','',2,NULL,'2024-01-24 10:21:48',11,NULL,'2024-01-24 10:20:53',NULL,'2024-01-24 10:23:26',13,NULL,NULL,1,'\0',NULL,3,'','2024-01-25 10:30:28','\0',NULL,30,NULL,'\0',0,'\0',NULL,NULL,'2024-01-24 10:27:54','\0'),(579,132,1455,'2024-01-24 10:20:53',6,NULL,'17',NULL,NULL,'\0','\0','',1,NULL,'2024-01-24 10:25:17',11,NULL,'2024-01-24 10:20:53',NULL,'2024-01-24 10:25:28',13,NULL,NULL,1,'\0',NULL,3,'','2024-01-25 10:30:28','\0',NULL,17,NULL,'\0',0,'\0',NULL,NULL,'2024-01-24 10:27:54','\0'),(580,132,1456,'2024-01-24 10:20:53',6,NULL,'12',NULL,NULL,'\0','\0','',1,NULL,'2024-01-24 10:21:48',11,NULL,'2024-01-24 10:20:53',NULL,'2024-01-24 10:25:40',13,NULL,NULL,1,'\0',NULL,3,'','2024-01-25 10:30:28','\0',NULL,12,NULL,'\0',0,'\0',NULL,NULL,'2024-01-24 10:27:54','\0'),(581,133,1298,'2024-01-24 14:29:37',6,NULL,'1',NULL,NULL,'\0','\0','',1,NULL,'2024-01-24 14:31:00',12,NULL,'2024-01-24 14:29:37',NULL,'2024-01-24 14:31:51',15,NULL,NULL,3,'\0',NULL,3,'','2024-01-25 14:35:32','\0',NULL,1,NULL,'\0',0,'\0',NULL,NULL,'2024-01-24 14:34:16','\0'),(582,133,1299,'2024-01-24 14:29:37',6,NULL,'12',NULL,NULL,'\0','\0','',1,NULL,'2024-01-24 14:31:00',12,NULL,'2024-01-24 14:29:37',NULL,'2024-01-24 14:31:51',15,NULL,NULL,3,'\0',NULL,3,'','2024-01-25 14:35:32','\0',NULL,12,NULL,'\0',0,'\0',NULL,NULL,'2024-01-24 14:34:16','\0'),(583,134,1506,'2024-01-24 14:29:37',6,NULL,'50',NULL,NULL,'\0','\0','',1,NULL,'2024-01-24 14:31:21',12,NULL,'2024-01-24 14:29:37',NULL,'2024-01-25 12:55:44',11,NULL,NULL,1,'\0',NULL,3,'','2024-01-26 13:00:31','\0',NULL,50,NULL,'\0',0,'\0',NULL,NULL,'2024-01-25 12:58:21','\0'),(584,134,1507,'2024-01-24 14:29:37',6,NULL,'12',NULL,NULL,'\0','\0','',1,NULL,'2024-01-24 14:31:21',12,NULL,'2024-01-24 14:29:37',NULL,'2024-01-24 14:31:59',15,NULL,NULL,1,'\0',NULL,3,'','2024-01-26 13:00:31','\0',NULL,12,NULL,'\0',0,'\0',NULL,NULL,'2024-01-24 14:34:16','\0'),(585,135,1453,'2024-01-25 14:59:27',6,NULL,'1222',NULL,NULL,'\0','\0','',1,NULL,'2024-01-25 15:01:24',14,NULL,'2024-01-25 14:59:27',NULL,'2024-01-25 15:09:01',19,NULL,NULL,1,'\0',NULL,3,'','2024-01-26 15:20:33','\0',NULL,1222,NULL,'\0',0,'\0',NULL,NULL,'2024-01-25 15:11:32','\0'),(586,135,1454,'2024-01-25 14:59:27',6,NULL,'124125',NULL,NULL,'\0','\0','',1,NULL,'2024-01-25 15:01:24',14,NULL,'2024-01-25 14:59:27',NULL,'2024-01-25 15:09:01',19,NULL,NULL,1,'\0',NULL,3,'','2024-01-26 15:20:33','\0',NULL,124125,NULL,'\0',0,'\0',NULL,NULL,'2024-01-25 15:11:32','\0'),(587,135,1455,'2024-01-25 14:59:27',6,NULL,'1213254',NULL,NULL,'\0','\0','',1,NULL,'2024-01-25 15:01:24',14,NULL,'2024-01-25 14:59:27',NULL,'2024-01-25 15:14:01',11,NULL,NULL,1,'\0',NULL,3,'','2024-01-26 15:20:33','\0',NULL,1213254,NULL,'\0',0,'\0',NULL,NULL,'2024-01-25 15:16:11','\0'),(588,135,1456,'2024-01-25 14:59:27',6,NULL,'458758',NULL,NULL,'\0','\0','',1,NULL,'2024-01-25 15:01:24',14,NULL,'2024-01-25 14:59:27',NULL,'2024-01-25 15:09:01',19,NULL,NULL,1,'\0',NULL,3,'','2024-01-26 15:20:33','\0',NULL,458758,NULL,'\0',0,'\0',NULL,NULL,'2024-01-25 15:11:32','\0'),(589,136,1292,'2024-01-25 14:59:27',1,NULL,NULL,NULL,NULL,'\0','\0','\0',0,NULL,'0001-01-01 00:00:00',14,NULL,'2024-01-25 14:59:27',NULL,NULL,NULL,NULL,NULL,3,'\0',NULL,3,'','2024-02-14 15:00:32','\0',NULL,NULL,NULL,'\0',0,'\0',NULL,NULL,NULL,'\0'),(590,136,1293,'2024-01-25 14:59:27',1,NULL,NULL,NULL,NULL,'\0','\0','\0',0,NULL,'0001-01-01 00:00:00',14,NULL,'2024-01-25 14:59:27',NULL,NULL,NULL,NULL,NULL,3,'\0',NULL,3,'','2024-02-14 15:00:32','\0',NULL,NULL,NULL,'\0',0,'\0',NULL,NULL,NULL,'\0'),(591,137,1511,'2024-01-25 14:59:27',1,NULL,NULL,NULL,NULL,'\0','\0','\0',0,NULL,'0001-01-01 00:00:00',14,NULL,'2024-01-25 14:59:27',NULL,NULL,NULL,NULL,NULL,1,'\0',NULL,3,'','2024-02-14 15:00:32','\0',NULL,NULL,NULL,'\0',0,'\0',NULL,NULL,NULL,'\0'),(592,137,1512,'2024-01-25 14:59:27',1,NULL,NULL,NULL,NULL,'\0','\0','\0',0,NULL,'0001-01-01 00:00:00',14,NULL,'2024-01-25 14:59:27',NULL,NULL,NULL,NULL,NULL,1,'\0',NULL,3,'','2024-02-14 15:00:32','\0',NULL,NULL,NULL,'\0',0,'\0',NULL,NULL,NULL,'\0'),(593,138,1455,'2024-01-25 15:17:44',6,NULL,'25','',NULL,'\0','\0','',1,NULL,'2024-01-25 15:24:36',2,NULL,'2024-01-25 15:17:44',NULL,'2024-01-25 15:24:42',4,NULL,NULL,1,'\0',NULL,1,'','2024-01-26 15:30:33','\0',NULL,25,NULL,'\0',0,'\0',NULL,NULL,'2024-01-25 15:27:21','\0'),(594,138,1467,'2024-01-25 15:20:43',1,NULL,NULL,'',NULL,'\0','\0','\0',0,NULL,'0001-01-01 00:00:00',1,NULL,'2024-01-25 15:20:43',NULL,NULL,NULL,NULL,NULL,1,'\0',NULL,1,'','2024-01-26 15:30:33','',NULL,NULL,NULL,'\0',0,'\0',NULL,NULL,NULL,'\0'),(595,139,418,'2024-01-25 15:40:24',6,'>20','>20','','>20','\0','\0','',1,'2024-01-25 17:21:19','2024-01-25 17:21:19',6,NULL,'2024-01-25 15:40:24',NULL,'2024-01-25 17:24:45',4,NULL,NULL,1,'\0',NULL,1,'','2024-01-26 17:30:34','\0',2,NULL,NULL,'\0',9,'\0',NULL,NULL,'2024-01-25 17:28:59','\0'),(596,139,417,'2024-01-25 15:40:24',1,NULL,NULL,'',NULL,'\0','\0','\0',0,NULL,'0001-01-01 00:00:00',1,NULL,'2024-01-25 15:40:24',NULL,NULL,NULL,NULL,NULL,1,'\0',NULL,1,'','2024-01-26 17:30:34','',NULL,NULL,NULL,'\0',0,'\0',NULL,NULL,NULL,'\0'),(597,140,422,'2024-01-25 15:47:04',6,'2,4','2.4','','2.4','\0','\0','',1,'2024-01-25 17:21:20','2024-01-25 17:21:20',6,NULL,'2024-01-25 15:47:04',NULL,'2024-01-25 17:24:44',4,NULL,NULL,1,'\0',NULL,1,'','2024-01-26 17:30:34','\0',2,2.4,NULL,'\0',2,'\0',NULL,NULL,'2024-01-25 17:28:59','\0'),(598,140,421,'2024-01-25 15:47:04',6,'<10','<10','','<10','\0','\0','',1,'2024-01-25 17:21:21','2024-01-25 17:21:21',6,NULL,'2024-01-25 15:47:04',NULL,'2024-01-25 17:24:44',4,NULL,NULL,1,'\0',NULL,1,'','2024-01-26 17:30:34','\0',2,NULL,NULL,'\0',2,'\0',NULL,NULL,'2024-01-25 17:28:59','\0'),(599,141,418,'2024-01-25 15:48:44',4,'7,8','7.8','','7.8','\0','\0','\0',0,'2024-01-25 16:36:25','2024-01-25 16:36:25',6,NULL,'2024-01-25 15:48:44',NULL,NULL,NULL,NULL,NULL,1,'\0',NULL,1,'','2024-01-26 17:30:34','',2,7.8,NULL,'\0',4,'\0',NULL,NULL,NULL,'\0'),(600,141,417,'2024-01-25 15:48:44',1,NULL,NULL,'',NULL,'\0','\0','\0',0,NULL,'0001-01-01 00:00:00',1,NULL,'2024-01-25 15:48:44',NULL,NULL,NULL,NULL,NULL,1,'\0',NULL,1,'','2024-01-26 17:30:34','',NULL,NULL,NULL,'\0',0,'\0',NULL,NULL,NULL,'\0'),(601,142,422,'2024-01-25 15:49:24',6,'>20','>20','','>20','\0','\0','',1,'2024-01-25 17:21:20','2024-01-25 17:21:20',6,NULL,'2024-01-25 15:49:24',NULL,'2024-01-25 17:24:43',4,NULL,NULL,1,'\0',NULL,1,'','2024-01-26 17:30:34','\0',2,NULL,NULL,'\0',2,'\0',NULL,NULL,'2024-01-25 17:28:29','\0'),(602,142,421,'2024-01-25 15:49:24',6,'<10','<10','','<10','\0','\0','',1,'2024-01-25 17:21:21','2024-01-25 17:21:21',6,NULL,'2024-01-25 15:49:24',NULL,'2024-01-25 17:24:43',4,NULL,NULL,1,'\0',NULL,1,'','2024-01-26 17:30:34','\0',2,NULL,NULL,'\0',2,'\0',NULL,NULL,'2024-01-25 17:28:29','\0'),(603,139,1540,'2024-01-25 16:34:15',1,NULL,NULL,'',NULL,'\0','\0','\0',0,NULL,'0001-01-01 00:00:00',2,NULL,'2024-01-25 16:34:15',NULL,NULL,NULL,NULL,NULL,1,'\0',NULL,3,'','2024-01-26 17:30:34','',NULL,NULL,NULL,'\0',0,'\0',NULL,NULL,NULL,'\0'),(604,139,1542,'2024-01-25 16:39:34',6,'<10','<10','','<10','\0','\0','',1,'2024-01-25 17:21:20','2024-01-25 17:21:20',6,NULL,'2024-01-25 16:39:34',NULL,'2024-01-25 17:24:45',4,NULL,NULL,3,'\0',NULL,3,'','2024-01-26 17:30:34','\0',2,NULL,NULL,'\0',3,'\0',NULL,NULL,'2024-01-25 17:28:59','\0'),(605,141,418,'2024-01-25 16:44:41',1,NULL,NULL,'',NULL,'\0','\0','\0',0,NULL,'0001-01-01 00:00:00',2,NULL,'2024-01-25 16:44:41',NULL,NULL,NULL,NULL,NULL,1,'\0',NULL,3,'','2024-01-26 17:30:34','',NULL,NULL,NULL,'\0',0,'\0',NULL,NULL,NULL,'\0'),(606,141,1542,'2024-01-25 16:44:55',6,'<10','<10','','<10','\0','\0','',1,'2024-01-25 17:21:20','2024-01-25 17:21:20',6,NULL,'2024-01-25 16:44:55',NULL,'2024-01-25 17:24:47',4,NULL,NULL,3,'\0',NULL,3,'','2024-01-26 17:30:34','\0',2,NULL,NULL,'\0',3,'\0',NULL,NULL,'2024-01-25 17:28:59','\0'),(607,141,418,'2024-01-25 16:52:03',6,'7,8','7.8','','7.8','\0','\0','',1,'2024-01-25 17:21:19','2024-01-25 17:21:19',6,NULL,'2024-01-25 16:52:03',NULL,'2024-01-25 17:24:47',4,NULL,NULL,3,'\0',NULL,3,'','2024-01-26 17:30:34','\0',2,7.8,NULL,'\0',3,'\0',NULL,NULL,'2024-01-25 17:28:59','\0'),(608,143,420,'2024-01-26 10:13:40',6,'0,51','0.5','','','\0','\0','',1,'2024-01-26 13:57:17','2024-01-26 13:57:18',6,NULL,'2024-01-26 10:13:40',NULL,'2024-01-26 13:57:45',4,NULL,NULL,3,'\0',NULL,1,'','2024-01-27 14:00:33','\0',2,0.5,NULL,'\0',1,'\0',NULL,NULL,'2024-01-26 13:59:41','\0'),(609,144,420,'2024-01-26 10:14:39',6,'0,09','0.1','','','\0','\0','',1,'2024-01-26 13:57:18','2024-01-26 13:57:18',6,NULL,'2024-01-26 10:14:39',NULL,'2024-01-26 13:57:47',4,NULL,NULL,3,'\0',NULL,1,'','2024-01-27 14:00:33','\0',2,0.1,NULL,'\0',1,'\0',NULL,NULL,'2024-01-26 13:59:41','\0'),(610,88,413,'2024-01-26 12:23:14',1,NULL,NULL,'',NULL,'\0','\0','\0',0,NULL,'0001-01-01 00:00:00',2,NULL,'2024-01-26 12:23:14',NULL,NULL,NULL,NULL,NULL,3,'\0',NULL,3,'','2024-01-27 13:50:32','',NULL,NULL,NULL,'\0',0,'\0',NULL,NULL,NULL,'\0'),(611,88,413,'2024-01-26 12:26:36',1,NULL,NULL,'',NULL,'\0','\0','\0',0,NULL,'0001-01-01 00:00:00',2,NULL,'2024-01-26 12:26:36',NULL,NULL,NULL,NULL,NULL,3,'\0',NULL,3,'','2024-01-27 13:50:32','',NULL,NULL,NULL,'\0',0,'\0',NULL,NULL,NULL,'\0'),(612,88,413,'2024-01-26 12:35:54',1,NULL,NULL,'',NULL,'\0','\0','\0',0,NULL,'0001-01-01 00:00:00',2,NULL,'2024-01-26 12:35:54',NULL,NULL,NULL,NULL,NULL,3,'\0',NULL,3,'','2024-01-27 13:50:32','',NULL,NULL,NULL,'\0',0,'\0',NULL,NULL,NULL,'\0'),(613,145,1453,'2024-01-29 08:34:45',6,NULL,'45',NULL,NULL,'\0','\0','',1,NULL,'2024-02-01 13:36:32',2,NULL,'2024-01-29 08:34:45',NULL,'2024-02-01 13:37:10',4,NULL,NULL,1,'\0',NULL,3,'','2024-02-16 13:40:31','\0',NULL,45,NULL,'\0',0,'\0',NULL,NULL,'2024-02-01 13:38:06','\0'),(614,145,1454,'2024-01-29 08:34:45',6,NULL,'18',NULL,NULL,'\0','\0','',1,NULL,'2024-02-01 13:36:32',2,NULL,'2024-01-29 08:34:45',NULL,'2024-02-01 13:37:10',4,NULL,NULL,1,'\0',NULL,3,'','2024-02-16 13:40:31','\0',NULL,18,NULL,'\0',0,'\0',NULL,NULL,'2024-02-01 13:38:06','\0'),(615,145,1455,'2024-01-29 08:34:45',6,NULL,'42',NULL,NULL,'\0','\0','',1,NULL,'2024-02-01 13:36:32',2,NULL,'2024-01-29 08:34:45',NULL,'2024-02-01 13:37:10',4,NULL,NULL,1,'\0',NULL,3,'','2024-02-16 13:40:31','\0',NULL,42,NULL,'\0',0,'\0',NULL,NULL,'2024-02-01 13:38:06','\0'),(616,145,1456,'2024-01-29 08:34:45',6,NULL,'25',NULL,NULL,'\0','\0','',1,NULL,'2024-02-01 13:36:32',2,NULL,'2024-01-29 08:34:45',NULL,'2024-02-01 13:37:10',4,NULL,NULL,1,'\0',NULL,3,'','2024-02-16 13:40:31','\0',NULL,25,NULL,'\0',0,'\0',NULL,NULL,'2024-02-01 13:38:06','\0'),(617,146,1802,'2024-02-14 13:59:26',6,NULL,'[\'CEN\' * 1]',NULL,NULL,'\0','\0','',1,NULL,'2024-02-14 14:00:05',16,NULL,'2024-02-14 13:59:26',NULL,'2024-02-14 14:00:06',3,NULL,NULL,1,'\0',NULL,3,'','2024-03-13 14:00:31','',NULL,NULL,NULL,'\0',0,'',NULL,NULL,'2024-02-14 14:00:53','\0'),(618,146,1796,'2024-02-14 14:01:46',1,NULL,NULL,'',NULL,'\0','\0','\0',0,NULL,'0001-01-01 00:00:00',15,NULL,'2024-02-14 14:01:46',NULL,NULL,NULL,NULL,NULL,1,'\0',NULL,3,'','2024-03-13 14:00:31','',NULL,NULL,NULL,'\0',0,'\0',NULL,NULL,NULL,'\0'),(619,146,1802,'2024-02-14 14:02:18',6,NULL,'[\'CEN\' * 1]','',NULL,'\0','\0','',1,NULL,'2024-02-14 14:02:52',16,NULL,'2024-02-14 14:02:18',NULL,'2024-02-14 14:02:52',3,NULL,NULL,1,'\0',NULL,3,'','2024-03-13 14:00:31','',NULL,NULL,NULL,'\0',0,'',NULL,NULL,'2024-02-14 14:03:29','\0'),(620,146,1857,'2024-02-14 14:51:14',1,NULL,NULL,'',NULL,'\0','\0','\0',0,NULL,'0001-01-01 00:00:00',15,NULL,'2024-02-14 14:51:14',NULL,NULL,NULL,NULL,NULL,1,'\0',NULL,3,'','2024-03-13 14:00:31','',NULL,NULL,NULL,'\0',0,'\0',NULL,NULL,NULL,'\0'),(621,146,1874,'2024-02-14 14:51:31',4,NULL,'2.5','',NULL,'\0','\0','\0',0,NULL,'2024-02-14 14:51:44',15,NULL,'2024-02-14 14:51:31',NULL,NULL,NULL,NULL,NULL,1,'\0',NULL,3,'','2024-03-13 14:00:31','',NULL,2.5,NULL,'\0',0,'',NULL,NULL,NULL,'\0'),(622,146,1894,'2024-02-14 15:04:15',1,NULL,NULL,'',NULL,'\0','\0','\0',0,NULL,'0001-01-01 00:00:00',15,NULL,'2024-02-14 15:04:15',NULL,NULL,NULL,NULL,NULL,1,'\0',NULL,3,'','2024-03-13 14:00:31','',NULL,NULL,NULL,'\0',0,'\0',NULL,NULL,NULL,'\0'),(623,146,1910,'2024-02-14 15:04:24',4,NULL,'2.5','',NULL,'\0','\0','\0',0,NULL,'2024-02-14 15:04:37',15,NULL,'2024-02-14 15:04:24',NULL,NULL,NULL,NULL,NULL,1,'\0',NULL,3,'','2024-03-13 14:00:31','',NULL,2.5,NULL,'\0',0,'\0',NULL,NULL,NULL,'\0'),(624,146,1929,'2024-02-14 15:06:37',1,NULL,NULL,'',NULL,'\0','\0','\0',0,NULL,'0001-01-01 00:00:00',15,NULL,'2024-02-14 15:06:37',NULL,NULL,NULL,NULL,NULL,1,'\0',NULL,3,'','2024-03-13 14:00:31','',NULL,NULL,NULL,'\0',0,'\0',NULL,NULL,NULL,'\0'),(625,146,1946,'2024-02-14 15:06:48',6,NULL,'2.5','',NULL,'\0','\0','',1,NULL,'2024-02-14 15:06:59',15,NULL,'2024-02-14 15:06:48',NULL,'2024-02-26 23:08:28',4,NULL,NULL,1,'\0',NULL,3,'','2024-03-13 14:00:31','\0',NULL,2.5,NULL,'\0',0,'',NULL,NULL,'2024-02-26 23:09:16','\0'),(626,147,1253,'2024-02-21 10:07:48',1,NULL,NULL,'',NULL,'\0','\0','\0',0,NULL,'0001-01-01 00:00:00',1,NULL,'2024-02-21 10:07:48',NULL,NULL,NULL,NULL,NULL,3,'\0',NULL,1,'','2024-03-12 10:10:27','\0',NULL,NULL,NULL,'\0',0,'\0',NULL,NULL,NULL,'\0'),(627,148,1654,'2024-02-21 16:04:39',2,NULL,NULL,NULL,NULL,'\0','\0','\0',0,NULL,'0001-01-01 00:00:00',2,NULL,'2024-02-21 16:04:39',NULL,NULL,NULL,NULL,NULL,1,'',NULL,3,'','2024-03-12 16:05:34','\0',NULL,NULL,NULL,'\0',0,'\0',NULL,NULL,NULL,'\0'),(628,149,1965,'2024-02-23 09:53:07',4,NULL,'12',NULL,NULL,'\0','\0','\0',0,NULL,'2024-02-26 23:07:49',2,NULL,'2024-02-23 09:53:07',NULL,NULL,NULL,NULL,NULL,1,'',NULL,3,'','2024-03-22 09:55:27','\0',NULL,12,NULL,'\0',0,'\0',NULL,NULL,NULL,'\0'),(629,149,1966,'2024-02-23 09:53:07',4,NULL,'45',NULL,NULL,'\0','\0','\0',0,NULL,'2024-02-26 23:07:49',2,NULL,'2024-02-23 09:53:07',NULL,NULL,NULL,NULL,NULL,1,'',NULL,3,'','2024-03-22 09:55:27','\0',NULL,45,NULL,'\0',0,'\0',NULL,NULL,NULL,'\0'),(630,149,1967,'2024-02-23 09:53:07',4,NULL,'25',NULL,NULL,'\0','\0','\0',0,NULL,'2024-02-26 23:07:49',2,NULL,'2024-02-23 09:53:07',NULL,NULL,NULL,NULL,NULL,1,'',NULL,3,'','2024-03-22 09:55:27','\0',NULL,25,NULL,'\0',0,'\0',NULL,NULL,NULL,'\0'),(631,149,1968,'2024-02-23 09:53:07',4,NULL,'45',NULL,NULL,'\0','\0','\0',0,NULL,'2024-02-26 23:07:49',2,NULL,'2024-02-23 09:53:07',NULL,NULL,NULL,NULL,NULL,1,'',NULL,3,'','2024-03-22 09:55:27','\0',NULL,45,NULL,'\0',0,'\0',NULL,NULL,NULL,'\0'),(632,149,1969,'2024-02-23 09:53:07',2,NULL,NULL,NULL,NULL,'\0','\0','\0',0,NULL,'0001-01-01 00:00:00',2,NULL,'2024-02-23 09:53:07',NULL,NULL,NULL,NULL,NULL,1,'',NULL,3,'','2024-03-22 09:55:27','\0',NULL,NULL,NULL,'\0',0,'\0',NULL,NULL,NULL,'\0'),(633,149,1982,'2024-02-23 09:53:07',6,NULL,'46',NULL,NULL,'\0','\0','',1,NULL,'2024-02-26 23:07:53',2,NULL,'2024-02-23 09:53:07',NULL,'2024-02-26 23:08:28',4,NULL,NULL,1,'',NULL,3,'','2024-03-22 09:55:27','\0',NULL,46,NULL,'\0',0,'',NULL,NULL,'2024-02-26 23:09:16','\0'),(634,149,1970,'2024-02-23 09:53:07',4,NULL,'45',NULL,NULL,'\0','\0','\0',0,NULL,'2024-02-26 23:07:49',2,NULL,'2024-02-23 09:53:07',NULL,NULL,NULL,NULL,NULL,1,'',NULL,3,'','2024-03-22 09:55:27','\0',NULL,45,NULL,'\0',0,'\0',NULL,NULL,NULL,'\0'),(635,149,1971,'2024-02-23 09:53:07',2,NULL,NULL,NULL,NULL,'\0','\0','\0',0,NULL,'0001-01-01 00:00:00',2,NULL,'2024-02-23 09:53:07',NULL,NULL,NULL,NULL,NULL,1,'',NULL,3,'','2024-03-22 09:55:27','\0',NULL,NULL,NULL,'\0',0,'\0',NULL,NULL,NULL,'\0'),(636,146,1965,'2024-02-26 23:04:00',4,NULL,'32','',NULL,'\0','\0','\0',0,NULL,'2024-02-26 23:04:22',2,NULL,'2024-02-26 23:04:00',NULL,NULL,NULL,NULL,NULL,1,'\0',NULL,3,'','2024-03-13 14:00:31','\0',NULL,32,NULL,'\0',0,'\0',NULL,NULL,NULL,'\0'),(637,146,1966,'2024-02-26 23:04:00',4,NULL,'14','',NULL,'\0','\0','\0',0,NULL,'2024-02-26 23:04:22',2,NULL,'2024-02-26 23:04:00',NULL,NULL,NULL,NULL,NULL,1,'\0',NULL,3,'','2024-03-13 14:00:31','\0',NULL,14,NULL,'\0',0,'\0',NULL,NULL,NULL,'\0'),(638,146,1967,'2024-02-26 23:04:00',6,NULL,'5','',NULL,'\0','\0','',1,NULL,'2024-02-26 23:04:22',2,NULL,'2024-02-26 23:04:00',NULL,'2024-02-26 23:06:14',4,NULL,NULL,1,'\0',NULL,3,'','2024-03-13 14:00:31','\0',NULL,5,NULL,'\0',0,'\0',NULL,NULL,'2024-02-26 23:06:46','\0'),(639,146,1968,'2024-02-26 23:04:00',6,NULL,'12','',NULL,'\0','\0','',1,NULL,'2024-02-26 23:04:22',2,NULL,'2024-02-26 23:04:00',NULL,'2024-02-26 23:06:14',4,NULL,NULL,1,'\0',NULL,3,'','2024-03-13 14:00:31','\0',NULL,12,NULL,'\0',0,'\0',NULL,NULL,'2024-02-26 23:06:46','\0'),(640,150,1647,'2024-03-26 15:17:34',1,NULL,NULL,NULL,NULL,'\0','\0','\0',0,NULL,'0001-01-01 00:00:00',2,NULL,'2024-03-26 15:17:34',NULL,NULL,NULL,NULL,NULL,1,'\0',NULL,3,'','2024-04-15 15:20:33','',NULL,NULL,NULL,'\0',0,'\0',NULL,NULL,NULL,'\0'),(641,150,1648,'2024-03-26 15:17:34',4,'o','o','','','\0','\0','\0',0,'2024-01-23 15:40:10','2024-04-10 12:52:30',10,NULL,'2024-03-26 15:17:34',NULL,NULL,NULL,NULL,NULL,1,'\0',NULL,3,'','2024-04-15 15:20:33','',4,NULL,NULL,'\0',1,'\0',NULL,NULL,NULL,'\0'),(642,150,1649,'2024-03-26 15:17:34',4,'(+)','(+)','','','\0','\0','\0',0,'2024-01-23 15:40:10','2024-04-10 12:52:30',10,NULL,'2024-03-26 15:17:34',NULL,NULL,NULL,NULL,NULL,1,'\0',NULL,3,'','2024-04-15 15:20:33','',4,NULL,NULL,'\0',1,'\0',NULL,NULL,NULL,'\0'),(643,150,1650,'2024-03-26 15:17:34',4,'o','o','','','\0','\0','\0',0,'2024-01-23 15:40:10','2024-04-10 12:52:30',10,NULL,'2024-03-26 15:17:34',NULL,NULL,NULL,NULL,NULL,1,'\0',NULL,3,'','2024-04-15 15:20:33','',4,NULL,NULL,'\0',1,'\0',NULL,NULL,NULL,'\0'),(644,150,1651,'2024-03-26 15:17:34',4,'o','o','','','\0','\0','\0',0,'2024-01-23 15:40:10','2024-04-10 12:52:31',10,NULL,'2024-03-26 15:17:34',NULL,NULL,NULL,NULL,NULL,1,'\0',NULL,3,'','2024-04-15 15:20:33','',4,NULL,NULL,'\0',1,'\0',NULL,NULL,NULL,'\0'),(645,150,1652,'2024-03-26 15:17:34',4,'o','o','','','\0','\0','\0',0,'2024-01-23 15:40:10','2024-04-10 12:52:31',10,NULL,'2024-03-26 15:17:34',NULL,NULL,NULL,NULL,NULL,1,'\0',NULL,3,'','2024-04-15 15:20:33','',4,NULL,NULL,'\0',1,'\0',NULL,NULL,NULL,'\0'),(646,150,1653,'2024-03-26 15:17:34',4,'o','o','','','\0','\0','\0',0,'2024-01-23 15:40:10','2024-04-10 12:52:31',10,NULL,'2024-03-26 15:17:34',NULL,NULL,NULL,NULL,NULL,1,'\0',NULL,3,'','2024-04-15 15:20:33','',4,NULL,NULL,'\0',1,'\0',NULL,NULL,NULL,'\0'),(647,150,1654,'2024-03-26 15:17:34',4,'o','o','','','\0','\0','\0',0,'2024-01-23 15:40:10','2024-04-10 12:52:30',10,NULL,'2024-03-26 15:17:34',NULL,NULL,NULL,NULL,NULL,1,'\0',NULL,3,'','2024-04-15 15:20:33','',4,NULL,NULL,'\0',1,'\0',NULL,NULL,NULL,'\0'),(648,150,1655,'2024-03-26 15:17:34',1,NULL,NULL,NULL,NULL,'\0','\0','\0',0,NULL,'0001-01-01 00:00:00',2,NULL,'2024-03-26 15:17:34',NULL,NULL,NULL,NULL,NULL,1,'\0',NULL,3,'','2024-04-15 15:20:33','',NULL,NULL,NULL,'\0',0,'\0',NULL,NULL,NULL,'\0'),(649,150,1656,'2024-03-26 15:17:34',1,NULL,NULL,NULL,NULL,'\0','\0','\0',0,NULL,'0001-01-01 00:00:00',2,NULL,'2024-03-26 15:17:34',NULL,NULL,NULL,NULL,NULL,1,'\0',NULL,3,'','2024-04-15 15:20:33','',NULL,NULL,NULL,'\0',0,'\0',NULL,NULL,NULL,'\0'),(650,150,1657,'2024-03-26 15:17:34',1,NULL,NULL,NULL,NULL,'\0','\0','\0',0,NULL,'0001-01-01 00:00:00',2,NULL,'2024-03-26 15:17:34',NULL,NULL,NULL,NULL,NULL,1,'\0',NULL,3,'','2024-04-15 15:20:33','',NULL,NULL,NULL,'\0',0,'\0',NULL,NULL,NULL,'\0'),(651,150,1658,'2024-03-26 15:17:34',1,NULL,NULL,NULL,NULL,'\0','\0','\0',0,NULL,'0001-01-01 00:00:00',2,NULL,'2024-03-26 15:17:34',NULL,NULL,NULL,NULL,NULL,1,'\0',NULL,3,'','2024-04-15 15:20:33','',NULL,NULL,NULL,'\0',0,'\0',NULL,NULL,NULL,'\0'),(652,150,1659,'2024-03-26 15:17:34',1,NULL,NULL,NULL,NULL,'\0','\0','\0',0,NULL,'0001-01-01 00:00:00',2,NULL,'2024-03-26 15:17:34',NULL,NULL,NULL,NULL,NULL,1,'\0',NULL,3,'','2024-04-15 15:20:33','',NULL,NULL,NULL,'\0',0,'\0',NULL,NULL,NULL,'\0'),(653,150,1660,'2024-03-26 15:17:34',1,NULL,NULL,NULL,NULL,'\0','\0','\0',0,NULL,'0001-01-01 00:00:00',2,NULL,'2024-03-26 15:17:34',NULL,NULL,NULL,NULL,NULL,1,'\0',NULL,3,'','2024-04-15 15:20:33','',NULL,NULL,NULL,'\0',0,'\0',NULL,NULL,NULL,'\0'),(654,150,1661,'2024-03-26 15:17:34',1,NULL,NULL,NULL,NULL,'\0','\0','\0',0,NULL,'0001-01-01 00:00:00',2,NULL,'2024-03-26 15:17:34',NULL,NULL,NULL,NULL,NULL,1,'\0',NULL,3,'','2024-04-15 15:20:33','',NULL,NULL,NULL,'\0',0,'\0',NULL,NULL,NULL,'\0'),(655,150,1662,'2024-03-26 15:17:34',1,NULL,NULL,NULL,NULL,'\0','\0','\0',0,NULL,'0001-01-01 00:00:00',2,NULL,'2024-03-26 15:17:34',NULL,NULL,NULL,NULL,NULL,1,'\0',NULL,3,'','2024-04-15 15:20:33','',NULL,NULL,NULL,'\0',0,'\0',NULL,NULL,NULL,'\0'),(656,150,1663,'2024-03-26 15:17:34',1,NULL,NULL,NULL,NULL,'\0','\0','\0',0,NULL,'0001-01-01 00:00:00',2,NULL,'2024-03-26 15:17:34',NULL,NULL,NULL,NULL,NULL,1,'\0',NULL,3,'','2024-04-15 15:20:33','',NULL,NULL,NULL,'\0',0,'\0',NULL,NULL,NULL,'\0'),(657,150,1664,'2024-03-26 15:17:34',1,NULL,NULL,NULL,NULL,'\0','\0','\0',0,NULL,'0001-01-01 00:00:00',2,NULL,'2024-03-26 15:17:34',NULL,NULL,NULL,NULL,NULL,1,'\0',NULL,3,'','2024-04-15 15:20:33','',NULL,NULL,NULL,'\0',0,'\0',NULL,NULL,NULL,'\0'),(658,150,1665,'2024-03-26 15:17:34',1,NULL,NULL,NULL,NULL,'\0','\0','\0',0,NULL,'0001-01-01 00:00:00',2,NULL,'2024-03-26 15:17:34',NULL,NULL,NULL,NULL,NULL,1,'\0',NULL,3,'','2024-04-15 15:20:33','',NULL,NULL,NULL,'\0',0,'\0',NULL,NULL,NULL,'\0'),(659,150,1666,'2024-03-26 15:17:34',1,NULL,NULL,NULL,NULL,'\0','\0','\0',0,NULL,'0001-01-01 00:00:00',2,NULL,'2024-03-26 15:17:34',NULL,NULL,NULL,NULL,NULL,1,'\0',NULL,3,'','2024-04-15 15:20:33','',NULL,NULL,NULL,'\0',0,'\0',NULL,NULL,NULL,'\0'),(660,150,1667,'2024-03-26 15:17:34',1,NULL,NULL,NULL,NULL,'\0','\0','\0',0,NULL,'0001-01-01 00:00:00',2,NULL,'2024-03-26 15:17:34',NULL,NULL,NULL,NULL,NULL,1,'\0',NULL,3,'','2024-04-15 15:20:33','',NULL,NULL,NULL,'\0',0,'\0',NULL,NULL,NULL,'\0'),(661,150,1668,'2024-03-26 15:17:34',1,NULL,NULL,NULL,NULL,'\0','\0','\0',0,NULL,'0001-01-01 00:00:00',2,NULL,'2024-03-26 15:17:34',NULL,NULL,NULL,NULL,NULL,1,'\0',NULL,3,'','2024-04-15 15:20:33','',NULL,NULL,NULL,'\0',0,'\0',NULL,NULL,NULL,'\0'),(662,150,1669,'2024-03-26 15:17:34',1,NULL,NULL,NULL,NULL,'\0','\0','\0',0,NULL,'0001-01-01 00:00:00',2,NULL,'2024-03-26 15:17:34',NULL,NULL,NULL,NULL,NULL,1,'\0',NULL,3,'','2024-04-15 15:20:33','',NULL,NULL,NULL,'\0',0,'\0',NULL,NULL,NULL,'\0'),(663,150,1670,'2024-03-26 15:17:34',1,NULL,NULL,NULL,NULL,'\0','\0','\0',0,NULL,'0001-01-01 00:00:00',2,NULL,'2024-03-26 15:17:34',NULL,NULL,NULL,NULL,NULL,1,'\0',NULL,3,'','2024-04-15 15:20:33','',NULL,NULL,NULL,'\0',0,'\0',NULL,NULL,NULL,'\0'),(664,150,1671,'2024-03-26 15:17:34',1,NULL,NULL,NULL,NULL,'\0','\0','\0',0,NULL,'0001-01-01 00:00:00',2,NULL,'2024-03-26 15:17:34',NULL,NULL,NULL,NULL,NULL,1,'\0',NULL,3,'','2024-04-15 15:20:33','',NULL,NULL,NULL,'\0',0,'\0',NULL,NULL,NULL,'\0'),(665,150,1672,'2024-03-26 15:17:34',1,NULL,NULL,NULL,NULL,'\0','\0','\0',0,NULL,'0001-01-01 00:00:00',2,NULL,'2024-03-26 15:17:34',NULL,NULL,NULL,NULL,NULL,1,'\0',NULL,3,'','2024-04-15 15:20:33','',NULL,NULL,NULL,'\0',0,'\0',NULL,NULL,NULL,'\0'),(666,150,1673,'2024-03-26 15:17:34',1,NULL,NULL,NULL,NULL,'\0','\0','\0',0,NULL,'0001-01-01 00:00:00',2,NULL,'2024-03-26 15:17:34',NULL,NULL,NULL,NULL,NULL,1,'\0',NULL,3,'','2024-04-15 15:20:33','',NULL,NULL,NULL,'\0',0,'\0',NULL,NULL,NULL,'\0'),(667,150,1674,'2024-03-26 15:17:34',1,NULL,NULL,NULL,NULL,'\0','\0','\0',0,NULL,'0001-01-01 00:00:00',2,NULL,'2024-03-26 15:17:34',NULL,NULL,NULL,NULL,NULL,1,'\0',NULL,3,'','2024-04-15 15:20:33','',NULL,NULL,NULL,'\0',0,'\0',NULL,NULL,NULL,'\0'),(668,150,1675,'2024-03-26 15:17:34',1,NULL,NULL,NULL,NULL,'\0','\0','\0',0,NULL,'0001-01-01 00:00:00',2,NULL,'2024-03-26 15:17:34',NULL,NULL,NULL,NULL,NULL,1,'\0',NULL,3,'','2024-04-15 15:20:33','',NULL,NULL,NULL,'\0',0,'\0',NULL,NULL,NULL,'\0'),(669,150,1676,'2024-03-26 15:17:34',1,NULL,NULL,NULL,NULL,'\0','\0','\0',0,NULL,'0001-01-01 00:00:00',2,NULL,'2024-03-26 15:17:34',NULL,NULL,NULL,NULL,NULL,1,'\0',NULL,3,'','2024-04-15 15:20:33','',NULL,NULL,NULL,'\0',0,'\0',NULL,NULL,NULL,'\0'),(670,151,2051,'2024-04-04 09:27:24',6,NULL,'o',NULL,NULL,'\0','\0','',1,NULL,'2024-04-09 08:52:23',2,NULL,'2024-04-04 09:27:24',NULL,'2024-04-09 08:52:45',4,NULL,NULL,1,'\0',NULL,3,'','2024-04-24 08:55:27','\0',NULL,NULL,NULL,'\0',0,'\0',NULL,NULL,'2024-04-09 08:53:48','\0'),(671,151,2044,'2024-04-04 09:27:24',6,NULL,'++',NULL,NULL,'\0','\0','',1,NULL,'2024-04-04 09:28:29',4,NULL,'2024-04-04 09:27:24',NULL,'2024-04-09 08:52:45',4,NULL,NULL,1,'\0',NULL,3,'','2024-04-24 08:55:27','\0',NULL,NULL,NULL,'\0',0,'\0',NULL,NULL,'2024-04-09 08:53:48','\0'),(672,151,2045,'2024-04-04 09:27:24',6,NULL,'o',NULL,NULL,'\0','\0','',1,NULL,'2024-04-04 09:28:29',4,NULL,'2024-04-04 09:27:24',NULL,'2024-04-09 08:52:45',4,NULL,NULL,1,'\0',NULL,3,'','2024-04-24 08:55:27','\0',NULL,NULL,NULL,'\0',0,'\0',NULL,NULL,'2024-04-09 08:53:48','\0'),(673,151,2046,'2024-04-04 09:27:24',6,NULL,'++',NULL,NULL,'\0','\0','',1,NULL,'2024-04-04 09:28:29',4,NULL,'2024-04-04 09:27:24',NULL,'2024-04-09 08:52:45',4,NULL,NULL,1,'\0',NULL,3,'','2024-04-24 08:55:27','\0',NULL,NULL,NULL,'\0',0,'\0',NULL,NULL,'2024-04-09 08:53:48','\0'),(674,151,2047,'2024-04-04 09:27:24',6,NULL,'+',NULL,NULL,'\0','\0','',1,NULL,'2024-04-04 09:28:29',4,NULL,'2024-04-04 09:27:24',NULL,'2024-04-09 08:52:45',4,NULL,NULL,1,'\0',NULL,3,'','2024-04-24 08:55:27','\0',NULL,NULL,NULL,'\0',0,'\0',NULL,NULL,'2024-04-09 08:53:48','\0'),(675,151,2048,'2024-04-04 09:27:24',6,NULL,'+++',NULL,NULL,'\0','\0','',1,NULL,'2024-04-04 09:28:29',4,NULL,'2024-04-04 09:27:24',NULL,'2024-04-09 08:52:45',4,NULL,NULL,1,'\0',NULL,3,'','2024-04-24 08:55:27','\0',NULL,NULL,NULL,'\0',0,'\0',NULL,NULL,'2024-04-09 08:53:48','\0'),(676,151,2049,'2024-04-04 09:27:24',6,NULL,'(+)',NULL,NULL,'\0','\0','',1,NULL,'2024-04-04 09:28:29',4,NULL,'2024-04-04 09:27:24',NULL,'2024-04-09 08:52:45',4,NULL,NULL,1,'\0',NULL,3,'','2024-04-24 08:55:27','\0',NULL,NULL,NULL,'\0',0,'\0',NULL,NULL,'2024-04-09 08:53:48','\0'),(677,151,2050,'2024-04-04 09:27:24',6,NULL,'o',NULL,NULL,'\0','\0','',1,NULL,'2024-04-04 09:28:29',4,NULL,'2024-04-04 09:27:24',NULL,'2024-04-09 08:52:45',4,NULL,NULL,1,'\0',NULL,3,'','2024-04-24 08:55:27','\0',NULL,NULL,NULL,'\0',0,'\0',NULL,NULL,'2024-04-09 08:53:48','\0'),(678,151,2030,'2024-04-04 09:27:24',6,NULL,'o',NULL,NULL,'\0','\0','',1,NULL,'2024-04-09 08:52:23',2,NULL,'2024-04-04 09:27:24',NULL,'2024-04-09 08:52:45',4,NULL,NULL,1,'\0',NULL,3,'','2024-04-24 08:55:27','\0',NULL,NULL,NULL,'\0',0,'\0',NULL,NULL,'2024-04-09 08:53:48','\0'),(679,151,2031,'2024-04-04 09:27:24',6,NULL,'o',NULL,NULL,'\0','\0','',1,NULL,'2024-04-09 08:52:23',2,NULL,'2024-04-04 09:27:24',NULL,'2024-04-09 08:52:45',4,NULL,NULL,1,'\0',NULL,3,'','2024-04-24 08:55:27','\0',NULL,NULL,NULL,'\0',0,'\0',NULL,NULL,'2024-04-09 08:53:48','\0'),(680,151,2032,'2024-04-04 09:27:24',6,NULL,'o',NULL,NULL,'\0','\0','',1,NULL,'2024-04-09 08:52:23',2,NULL,'2024-04-04 09:27:24',NULL,'2024-04-09 08:52:45',4,NULL,NULL,1,'\0',NULL,3,'','2024-04-24 08:55:27','\0',NULL,NULL,NULL,'\0',0,'\0',NULL,NULL,'2024-04-09 08:53:48','\0'),(681,151,2033,'2024-04-04 09:27:24',6,NULL,'o',NULL,NULL,'\0','\0','',1,NULL,'2024-04-09 08:52:23',2,NULL,'2024-04-04 09:27:24',NULL,'2024-04-09 08:52:45',4,NULL,NULL,1,'\0',NULL,3,'','2024-04-24 08:55:27','\0',NULL,NULL,NULL,'\0',0,'\0',NULL,NULL,'2024-04-09 08:53:48','\0'),(682,151,2034,'2024-04-04 09:27:24',6,NULL,'o',NULL,NULL,'\0','\0','',1,NULL,'2024-04-09 08:52:23',2,NULL,'2024-04-04 09:27:24',NULL,'2024-04-09 08:52:45',4,NULL,NULL,1,'\0',NULL,3,'','2024-04-24 08:55:27','\0',NULL,NULL,NULL,'\0',0,'\0',NULL,NULL,'2024-04-09 08:53:48','\0'),(683,151,2035,'2024-04-04 09:27:24',6,NULL,'o',NULL,NULL,'\0','\0','',1,NULL,'2024-04-09 08:52:23',2,NULL,'2024-04-04 09:27:24',NULL,'2024-04-09 08:52:45',4,NULL,NULL,1,'\0',NULL,3,'','2024-04-24 08:55:27','\0',NULL,NULL,NULL,'\0',0,'\0',NULL,NULL,'2024-04-09 08:53:48','\0'),(684,151,2036,'2024-04-04 09:27:24',6,NULL,'o',NULL,NULL,'\0','\0','',1,NULL,'2024-04-09 08:52:23',2,NULL,'2024-04-04 09:27:24',NULL,'2024-04-09 08:52:45',4,NULL,NULL,1,'\0',NULL,3,'','2024-04-24 08:55:27','\0',NULL,NULL,NULL,'\0',0,'\0',NULL,NULL,'2024-04-09 08:53:48','\0'),(685,151,2037,'2024-04-04 09:27:24',6,NULL,'o',NULL,NULL,'\0','\0','',1,NULL,'2024-04-09 08:52:23',2,NULL,'2024-04-04 09:27:24',NULL,'2024-04-09 08:52:45',4,NULL,NULL,1,'\0',NULL,3,'','2024-04-24 08:55:27','\0',NULL,NULL,NULL,'\0',0,'\0',NULL,NULL,'2024-04-09 08:53:48','\0'),(686,151,2038,'2024-04-04 09:27:24',6,NULL,'o',NULL,NULL,'\0','\0','',1,NULL,'2024-04-09 08:52:23',2,NULL,'2024-04-04 09:27:24',NULL,'2024-04-09 08:52:45',4,NULL,NULL,1,'\0',NULL,3,'','2024-04-24 08:55:27','\0',NULL,NULL,NULL,'\0',0,'\0',NULL,NULL,'2024-04-09 08:53:48','\0'),(687,151,2039,'2024-04-04 09:27:24',6,NULL,'o',NULL,NULL,'\0','\0','',1,NULL,'2024-04-09 08:52:23',2,NULL,'2024-04-04 09:27:24',NULL,'2024-04-09 08:52:45',4,NULL,NULL,1,'\0',NULL,3,'','2024-04-24 08:55:27','\0',NULL,NULL,NULL,'\0',0,'\0',NULL,NULL,'2024-04-09 08:53:48','\0'),(688,151,2040,'2024-04-04 09:27:24',6,NULL,'o',NULL,NULL,'\0','\0','',1,NULL,'2024-04-09 08:52:23',2,NULL,'2024-04-04 09:27:24',NULL,'2024-04-09 08:52:45',4,NULL,NULL,1,'\0',NULL,3,'','2024-04-24 08:55:27','\0',NULL,NULL,NULL,'\0',0,'\0',NULL,NULL,'2024-04-09 08:53:48','\0'),(689,151,2041,'2024-04-04 09:27:24',6,NULL,'o',NULL,NULL,'\0','\0','',1,NULL,'2024-04-09 08:52:23',2,NULL,'2024-04-04 09:27:24',NULL,'2024-04-09 08:52:45',4,NULL,NULL,1,'\0',NULL,3,'','2024-04-24 08:55:27','\0',NULL,NULL,NULL,'\0',0,'\0',NULL,NULL,'2024-04-09 08:53:48','\0'),(690,151,2042,'2024-04-04 09:27:24',6,NULL,'o',NULL,NULL,'\0','\0','',1,NULL,'2024-04-09 08:52:23',2,NULL,'2024-04-04 09:27:24',NULL,'2024-04-09 08:52:45',4,NULL,NULL,1,'\0',NULL,3,'','2024-04-24 08:55:27','\0',NULL,NULL,NULL,'\0',0,'\0',NULL,NULL,'2024-04-09 08:53:48','\0'),(691,151,2043,'2024-04-04 09:27:24',6,NULL,'o',NULL,NULL,'\0','\0','',1,NULL,'2024-04-09 08:52:23',2,NULL,'2024-04-04 09:27:24',NULL,'2024-04-09 08:52:45',4,NULL,NULL,1,'\0',NULL,3,'','2024-04-24 08:55:27','\0',NULL,NULL,NULL,'\0',0,'\0',NULL,NULL,'2024-04-09 08:53:48','\0'),(692,151,2052,'2024-04-04 09:27:24',6,NULL,'o',NULL,NULL,'\0','\0','',1,NULL,'2024-04-09 08:52:23',2,NULL,'2024-04-04 09:27:24',NULL,'2024-04-09 08:52:45',4,NULL,NULL,1,'\0',NULL,3,'','2024-04-24 08:55:27','\0',NULL,NULL,NULL,'\0',0,'\0',NULL,NULL,'2024-04-09 08:53:48','\0'),(693,151,2023,'2024-04-04 09:27:24',6,NULL,'+',NULL,NULL,'\0','\0','',1,NULL,'2024-04-04 09:30:02',4,NULL,'2024-04-04 09:27:24',NULL,'2024-04-04 09:30:20',6,NULL,NULL,1,'\0',NULL,3,'','2024-04-24 08:55:27','\0',NULL,NULL,NULL,'\0',0,'\0',NULL,NULL,'2024-04-09 08:36:13','\0'),(694,151,2024,'2024-04-04 09:27:24',6,NULL,'o',NULL,NULL,'\0','\0','',1,NULL,'2024-04-04 09:30:02',4,NULL,'2024-04-04 09:27:24',NULL,'2024-04-04 09:30:20',6,NULL,NULL,1,'\0',NULL,3,'','2024-04-24 08:55:27','\0',NULL,NULL,NULL,'\0',0,'\0',NULL,NULL,'2024-04-09 08:36:13','\0'),(695,151,2025,'2024-04-04 09:27:24',6,NULL,'+++',NULL,NULL,'\0','\0','',1,NULL,'2024-04-04 09:30:02',4,NULL,'2024-04-04 09:27:24',NULL,'2024-04-04 09:30:20',6,NULL,NULL,1,'\0',NULL,3,'','2024-04-24 08:55:27','\0',NULL,NULL,NULL,'\0',0,'\0',NULL,NULL,'2024-04-09 08:36:13','\0'),(696,151,2026,'2024-04-04 09:27:24',6,NULL,'o',NULL,NULL,'\0','\0','',1,NULL,'2024-04-04 09:30:02',4,NULL,'2024-04-04 09:27:24',NULL,'2024-04-04 09:30:20',6,NULL,NULL,1,'\0',NULL,3,'','2024-04-24 08:55:27','\0',NULL,NULL,NULL,'\0',0,'\0',NULL,NULL,'2024-04-09 08:36:13','\0'),(697,151,2027,'2024-04-04 09:27:24',6,NULL,'+',NULL,NULL,'\0','\0','',1,NULL,'2024-04-04 09:30:02',4,NULL,'2024-04-04 09:27:24',NULL,'2024-04-04 09:30:20',6,NULL,NULL,1,'\0',NULL,3,'','2024-04-24 08:55:27','\0',NULL,NULL,NULL,'\0',0,'\0',NULL,NULL,'2024-04-09 08:36:13','\0'),(698,151,2028,'2024-04-04 09:27:24',6,NULL,'o',NULL,NULL,'\0','\0','',1,NULL,'2024-04-04 09:30:02',4,NULL,'2024-04-04 09:27:24',NULL,'2024-04-04 09:30:20',6,NULL,NULL,1,'\0',NULL,3,'','2024-04-24 08:55:27','\0',NULL,NULL,NULL,'\0',0,'\0',NULL,NULL,'2024-04-09 08:36:13','\0'),(699,151,2029,'2024-04-04 09:27:24',6,NULL,'o',NULL,NULL,'\0','\0','',1,NULL,'2024-04-04 09:30:02',4,NULL,'2024-04-04 09:27:24',NULL,'2024-04-04 09:30:20',6,NULL,NULL,1,'\0',NULL,3,'','2024-04-24 08:55:27','\0',NULL,NULL,NULL,'\0',0,'\0',NULL,NULL,'2024-04-09 08:36:13','\0'),(700,152,2044,'2024-04-08 07:47:59',1,NULL,NULL,NULL,NULL,'\0','\0','\0',0,NULL,'0001-01-01 00:00:00',2,NULL,'2024-04-08 07:47:59',NULL,NULL,NULL,NULL,NULL,1,'\0',NULL,3,'','2024-04-28 07:50:29','',NULL,NULL,NULL,'\0',0,'\0',NULL,NULL,NULL,'\0'),(701,152,2045,'2024-04-08 07:47:59',1,NULL,NULL,NULL,NULL,'\0','\0','\0',0,NULL,'0001-01-01 00:00:00',2,NULL,'2024-04-08 07:47:59',NULL,NULL,NULL,NULL,NULL,1,'\0',NULL,3,'','2024-04-28 07:50:29','',NULL,NULL,NULL,'\0',0,'\0',NULL,NULL,NULL,'\0'),(702,152,2046,'2024-04-08 07:47:59',1,NULL,NULL,NULL,NULL,'\0','\0','\0',0,NULL,'0001-01-01 00:00:00',2,NULL,'2024-04-08 07:47:59',NULL,NULL,NULL,NULL,NULL,1,'\0',NULL,3,'','2024-04-28 07:50:29','',NULL,NULL,NULL,'\0',0,'\0',NULL,NULL,NULL,'\0'),(703,152,2047,'2024-04-08 07:47:59',1,NULL,NULL,NULL,NULL,'\0','\0','\0',0,NULL,'0001-01-01 00:00:00',2,NULL,'2024-04-08 07:47:59',NULL,NULL,NULL,NULL,NULL,1,'\0',NULL,3,'','2024-04-28 07:50:29','',NULL,NULL,NULL,'\0',0,'\0',NULL,NULL,NULL,'\0'),(704,152,2048,'2024-04-08 07:47:59',1,NULL,NULL,NULL,NULL,'\0','\0','\0',0,NULL,'0001-01-01 00:00:00',2,NULL,'2024-04-08 07:47:59',NULL,NULL,NULL,NULL,NULL,1,'\0',NULL,3,'','2024-04-28 07:50:29','',NULL,NULL,NULL,'\0',0,'\0',NULL,NULL,NULL,'\0'),(705,152,2049,'2024-04-08 07:47:59',1,NULL,NULL,NULL,NULL,'\0','\0','\0',0,NULL,'0001-01-01 00:00:00',2,NULL,'2024-04-08 07:47:59',NULL,NULL,NULL,NULL,NULL,1,'\0',NULL,3,'','2024-04-28 07:50:29','',NULL,NULL,NULL,'\0',0,'\0',NULL,NULL,NULL,'\0'),(706,152,2050,'2024-04-08 07:47:59',1,NULL,NULL,NULL,NULL,'\0','\0','\0',0,NULL,'0001-01-01 00:00:00',2,NULL,'2024-04-08 07:47:59',NULL,NULL,NULL,NULL,NULL,1,'\0',NULL,3,'','2024-04-28 07:50:29','',NULL,NULL,NULL,'\0',0,'\0',NULL,NULL,NULL,'\0'),(707,152,2051,'2024-04-09 09:44:17',4,NULL,'o','',NULL,'\0','\0','\0',0,NULL,'2024-04-18 09:04:14',2,NULL,'2024-04-09 09:44:17',NULL,NULL,NULL,NULL,NULL,1,'\0',NULL,3,'','2024-04-28 07:50:29','\0',NULL,NULL,NULL,'\0',0,'\0',NULL,NULL,NULL,'\0'),(708,152,2052,'2024-04-09 09:44:17',4,NULL,'o','',NULL,'\0','\0','\0',0,NULL,'2024-04-18 09:04:14',2,NULL,'2024-04-09 09:44:17',NULL,NULL,NULL,NULL,NULL,3,'\0',NULL,3,'','2024-04-28 07:50:29','\0',NULL,NULL,NULL,'\0',0,'\0',NULL,NULL,NULL,'\0'),(709,152,2120,'2024-04-09 09:47:21',4,'o','o','','o','\0','\0','\0',1,'2024-01-23 14:40:09','2024-04-09 09:52:14',10,NULL,'2024-04-09 09:47:21',NULL,'2024-04-09 13:59:54',4,NULL,NULL,1,'\0',NULL,3,'','2024-04-28 07:50:29','\0',4,NULL,NULL,'\0',2,'\0',NULL,NULL,'2024-04-09 14:02:42','\0'),(710,152,2121,'2024-04-09 09:47:21',4,'(+)','(+)','','(+)','\0','\0','\0',1,'2024-01-23 14:40:09','2024-04-09 09:52:13',10,NULL,'2024-04-09 09:47:21',NULL,'2024-04-09 13:59:54',4,NULL,NULL,1,'\0',NULL,3,'','2024-04-28 07:50:29','\0',4,NULL,NULL,'\0',2,'\0',NULL,NULL,'2024-04-09 14:02:42','\0'),(711,152,2122,'2024-04-09 09:47:21',4,'o','o','','o','\0','\0','\0',1,'2024-01-23 14:40:09','2024-04-09 09:52:13',10,NULL,'2024-04-09 09:47:21',NULL,'2024-04-09 13:59:54',4,NULL,NULL,1,'\0',NULL,3,'','2024-04-28 07:50:29','\0',4,NULL,NULL,'\0',2,'\0',NULL,NULL,'2024-04-09 14:02:42','\0'),(712,152,2123,'2024-04-09 09:47:21',4,'o','o','','o','\0','\0','\0',1,'2024-01-23 14:40:09','2024-04-09 09:52:14',10,NULL,'2024-04-09 09:47:21',NULL,'2024-04-09 13:59:54',4,NULL,NULL,1,'\0',NULL,3,'','2024-04-28 07:50:29','\0',4,NULL,NULL,'\0',2,'\0',NULL,NULL,'2024-04-09 14:02:42','\0'),(713,152,2124,'2024-04-09 09:47:21',4,'o','o','','o','\0','\0','\0',1,'2024-01-23 14:40:09','2024-04-09 09:52:14',10,NULL,'2024-04-09 09:47:21',NULL,'2024-04-09 13:59:54',4,NULL,NULL,1,'\0',NULL,3,'','2024-04-28 07:50:29','\0',4,NULL,NULL,'\0',2,'\0',NULL,NULL,'2024-04-09 14:02:42','\0'),(714,152,2125,'2024-04-09 09:47:21',4,'o','o','','o','\0','\0','\0',1,'2024-01-23 14:40:09','2024-04-09 09:52:14',10,NULL,'2024-04-09 09:47:21',NULL,'2024-04-09 13:59:54',4,NULL,NULL,1,'\0',NULL,3,'','2024-04-28 07:50:29','\0',4,NULL,NULL,'\0',2,'\0',NULL,NULL,'2024-04-09 14:02:42','\0'),(715,152,2126,'2024-04-09 09:47:21',4,'o','o','','o','\0','\0','\0',1,'2024-01-23 14:40:09','2024-04-09 09:52:13',10,NULL,'2024-04-09 09:47:21',NULL,'2024-04-09 13:59:54',4,NULL,NULL,1,'\0',NULL,3,'','2024-04-28 07:50:29','\0',4,NULL,NULL,'\0',2,'\0',NULL,NULL,'2024-04-09 14:02:42','\0'),(716,152,2113,'2024-04-09 09:47:21',4,'49','49','','','\0','\0','\0',1,'2024-01-23 14:40:09','2024-04-09 09:52:14',10,NULL,'2024-04-09 09:47:21',NULL,'2024-04-09 13:59:54',4,NULL,NULL,1,'\0',NULL,3,'','2024-04-28 07:50:29','',4,49,NULL,'\0',1,'\0',NULL,NULL,'2024-04-09 14:02:42','\0'),(717,152,2114,'2024-04-09 09:47:21',4,'45','45','','','\0','\0','\0',1,'2024-01-23 14:40:09','2024-04-09 09:52:13',10,NULL,'2024-04-09 09:47:21',NULL,'2024-04-09 13:59:54',4,NULL,NULL,1,'\0',NULL,3,'','2024-04-28 07:50:29','',4,45,NULL,'\0',1,'\0',NULL,NULL,'2024-04-09 14:02:42','\0'),(718,152,2115,'2024-04-09 09:47:21',4,'14','14','','','\0','\0','\0',1,'2024-01-23 14:40:09','2024-04-09 09:52:13',10,NULL,'2024-04-09 09:47:21',NULL,'2024-04-09 13:59:54',4,NULL,NULL,1,'\0',NULL,3,'','2024-04-28 07:50:29','',4,14,NULL,'\0',1,'\0',NULL,NULL,'2024-04-09 14:02:42','\0'),(719,152,2116,'2024-04-09 09:47:21',4,'19','19','','','\0','\0','\0',1,'2024-01-23 14:40:09','2024-04-09 09:52:14',10,NULL,'2024-04-09 09:47:21',NULL,'2024-04-09 13:59:54',4,NULL,NULL,1,'\0',NULL,3,'','2024-04-28 07:50:29','',4,19,NULL,'\0',1,'\0',NULL,NULL,'2024-04-09 14:02:42','\0'),(720,152,2117,'2024-04-09 09:47:21',4,'96','96','','','\0','\0','\0',1,'2024-01-23 14:40:09','2024-04-09 09:52:14',10,NULL,'2024-04-09 09:47:21',NULL,'2024-04-09 13:59:54',4,NULL,NULL,1,'\0',NULL,3,'','2024-04-28 07:50:29','',4,96,NULL,'\0',1,'\0',NULL,NULL,'2024-04-09 14:02:42','\0'),(721,152,2118,'2024-04-09 09:47:21',4,'41','41','','','\0','\0','\0',1,'2024-01-23 14:40:09','2024-04-09 09:52:14',10,NULL,'2024-04-09 09:47:21',NULL,'2024-04-09 13:59:54',4,NULL,NULL,1,'\0',NULL,3,'','2024-04-28 07:50:29','',4,41,NULL,'\0',1,'\0',NULL,NULL,'2024-04-09 14:02:42','\0'),(722,152,2119,'2024-04-09 09:47:21',4,'16','16','','','\0','\0','\0',1,'2024-01-23 14:40:09','2024-04-09 09:52:13',10,NULL,'2024-04-09 09:47:21',NULL,'2024-04-09 13:59:54',4,NULL,NULL,1,'\0',NULL,3,'','2024-04-28 07:50:29','',4,16,NULL,'\0',1,'\0',NULL,NULL,'2024-04-09 14:02:42','\0'),(723,153,2111,'2024-04-09 13:18:19',6,NULL,'o','',NULL,'\0','\0','',2,NULL,'2024-04-09 13:53:25',2,NULL,'2024-04-09 13:18:19',NULL,'2024-04-09 13:59:54',4,NULL,NULL,1,'\0',NULL,1,'','2024-05-01 13:15:32','\0',NULL,NULL,NULL,'\0',0,'\0',NULL,NULL,'2024-04-16 13:13:51','\0'),(724,153,2112,'2024-04-09 13:18:19',6,NULL,'++','',NULL,'\0','\0','',2,NULL,'2024-04-09 13:53:25',2,NULL,'2024-04-09 13:18:19',NULL,'2024-04-09 13:59:54',4,NULL,NULL,1,'\0',NULL,1,'','2024-05-01 13:15:32','\0',NULL,NULL,NULL,'\0',0,'\0',NULL,NULL,'2024-04-16 13:13:51','\0'),(725,154,2123,'2024-04-09 13:18:39',6,NULL,'(+)','',NULL,'\0','\0','',1,NULL,'2024-04-09 13:53:48',2,NULL,'2024-04-09 13:18:39',NULL,'2024-04-09 13:59:54',4,NULL,NULL,1,'\0',NULL,1,'','2024-04-24 14:05:32','\0',NULL,NULL,NULL,'\0',0,'\0',NULL,NULL,'2024-04-09 14:02:42','\0'),(726,154,2124,'2024-04-09 13:18:39',6,NULL,'o','',NULL,'\0','\0','',1,NULL,'2024-04-09 13:53:48',2,NULL,'2024-04-09 13:18:39',NULL,'2024-04-09 13:59:54',4,NULL,NULL,1,'\0',NULL,1,'','2024-04-24 14:05:32','\0',NULL,NULL,NULL,'\0',0,'\0',NULL,NULL,'2024-04-09 14:02:42','\0'),(727,154,2122,'2024-04-09 13:18:39',6,NULL,'o','',NULL,'\0','\0','',1,NULL,'2024-04-09 13:53:48',2,NULL,'2024-04-09 13:18:39',NULL,'2024-04-09 13:59:54',4,NULL,NULL,1,'\0',NULL,1,'','2024-04-24 14:05:32','\0',NULL,NULL,NULL,'\0',0,'\0',NULL,NULL,'2024-04-09 14:02:42','\0'),(728,154,2126,'2024-04-09 13:18:39',6,NULL,'+','',NULL,'\0','\0','',1,NULL,'2024-04-09 13:53:48',2,NULL,'2024-04-09 13:18:39',NULL,'2024-04-09 13:59:54',4,NULL,NULL,1,'\0',NULL,1,'','2024-04-24 14:05:32','\0',NULL,NULL,NULL,'\0',0,'\0',NULL,NULL,'2024-04-09 14:02:42','\0'),(729,154,2121,'2024-04-09 13:18:39',6,NULL,'+++','',NULL,'\0','\0','',1,NULL,'2024-04-09 13:53:48',2,NULL,'2024-04-09 13:18:39',NULL,'2024-04-09 13:59:54',4,NULL,NULL,1,'\0',NULL,1,'','2024-04-24 14:05:32','\0',NULL,NULL,NULL,'\0',0,'\0',NULL,NULL,'2024-04-09 14:02:42','\0'),(730,154,2120,'2024-04-09 13:18:39',6,NULL,'+','',NULL,'\0','\0','',1,NULL,'2024-04-09 13:53:48',2,NULL,'2024-04-09 13:18:39',NULL,'2024-04-09 13:59:54',4,NULL,NULL,1,'\0',NULL,1,'','2024-04-24 14:05:32','\0',NULL,NULL,NULL,'\0',0,'\0',NULL,NULL,'2024-04-09 14:02:42','\0'),(731,154,2125,'2024-04-09 13:18:39',6,NULL,'++','',NULL,'\0','\0','',1,NULL,'2024-04-09 13:53:48',2,NULL,'2024-04-09 13:18:39',NULL,'2024-04-09 13:59:54',4,NULL,NULL,1,'\0',NULL,1,'','2024-04-24 14:05:32','\0',NULL,NULL,NULL,'\0',0,'\0',NULL,NULL,'2024-04-09 14:02:42','\0'),(732,155,1297,'2024-04-09 13:20:19',6,NULL,'9.28','',NULL,'\0','\0','',1,NULL,'2024-04-09 13:58:53',2,NULL,'2024-04-09 13:20:19',NULL,'2024-04-09 13:59:44',4,NULL,NULL,3,'\0',NULL,1,'','2024-04-24 14:05:32','\0',NULL,9.28,NULL,'\0',0,'\0',NULL,NULL,'2024-04-09 14:02:11','\0'),(733,155,1306,'2024-04-09 13:20:19',6,NULL,'9999999','',NULL,'\0','\0','',1,NULL,'2024-04-09 13:58:53',2,NULL,'2024-04-09 13:20:19',NULL,'2024-04-09 13:59:44',4,NULL,NULL,3,'\0',NULL,1,'','2024-04-24 14:05:32','\0',NULL,9999999,NULL,'\0',0,'\0',NULL,NULL,'2024-04-09 14:02:11','\0'),(734,155,1305,'2024-04-09 13:20:19',6,NULL,'195','',NULL,'\0','\0','',1,NULL,'2024-04-09 13:58:53',2,NULL,'2024-04-09 13:20:19',NULL,'2024-04-09 13:59:44',4,NULL,NULL,3,'\0',NULL,1,'','2024-04-24 14:05:32','\0',NULL,195,NULL,'\0',0,'\0',NULL,NULL,'2024-04-09 14:02:11','\0'),(735,155,1301,'2024-04-09 13:20:19',6,NULL,'1.45','',NULL,'\0','\0','',1,NULL,'2024-04-09 13:58:53',2,NULL,'2024-04-09 13:20:19',NULL,'2024-04-09 13:59:44',4,NULL,NULL,3,'\0',NULL,1,'','2024-04-24 14:05:32','\0',NULL,1.45,NULL,'\0',0,'\0',NULL,NULL,'2024-04-09 14:02:11','\0'),(736,156,1257,'2024-04-09 13:20:19',6,NULL,'56','',NULL,'\0','\0','',1,NULL,'2024-04-09 13:58:34',2,NULL,'2024-04-09 13:20:19',NULL,'2024-04-09 13:59:44',4,NULL,NULL,3,'\0',NULL,1,'','2024-04-24 14:05:32','\0',NULL,56,NULL,'\0',0,'\0',NULL,NULL,'2024-04-09 14:02:11','\0'),(737,156,1261,'2024-04-09 13:20:19',6,NULL,'37.8','',NULL,'\0','\0','',1,NULL,'2024-04-09 13:58:34',2,NULL,'2024-04-09 13:20:19',NULL,'2024-04-09 13:59:44',4,NULL,NULL,3,'\0',NULL,1,'','2024-04-24 14:05:32','\0',NULL,37.8,NULL,'\0',0,'\0',NULL,NULL,'2024-04-09 14:02:11','\0'),(738,156,1263,'2024-04-09 13:20:19',6,NULL,'15.34','',NULL,'\0','\0','',1,NULL,'2024-04-09 13:58:34',2,NULL,'2024-04-09 13:20:19',NULL,'2024-04-09 13:59:44',4,NULL,NULL,3,'\0',NULL,1,'','2024-04-24 14:05:32','\0',NULL,15.34,NULL,'\0',0,'\0',NULL,NULL,'2024-04-09 14:02:11','\0'),(739,156,1265,'2024-04-09 13:20:19',6,NULL,'9.56','',NULL,'\0','\0','',1,NULL,'2024-04-09 13:58:34',2,NULL,'2024-04-09 13:20:19',NULL,'2024-04-09 13:59:44',4,NULL,NULL,3,'\0',NULL,1,'','2024-04-24 14:05:32','\0',NULL,9.56,NULL,'\0',0,'\0',NULL,NULL,'2024-04-09 14:02:11','\0'),(740,156,1266,'2024-04-09 13:20:19',6,NULL,'4.15','',NULL,'\0','\0','',1,NULL,'2024-04-09 13:58:34',2,NULL,'2024-04-09 13:20:19',NULL,'2024-04-09 13:59:44',4,NULL,NULL,3,'\0',NULL,1,'','2024-04-24 14:05:32','\0',NULL,4.15,NULL,'\0',0,'\0',NULL,NULL,'2024-04-09 14:02:11','\0'),(741,156,1272,'2024-04-09 13:20:19',6,NULL,'18.6','',NULL,'\0','\0','',1,NULL,'2024-04-09 13:58:34',2,NULL,'2024-04-09 13:20:19',NULL,'2024-04-09 13:59:44',4,NULL,NULL,3,'\0',NULL,1,'','2024-04-24 14:05:32','\0',NULL,18.6,NULL,'\0',0,'\0',NULL,NULL,'2024-04-09 14:02:11','\0'),(742,157,1301,'2024-04-09 13:20:19',6,NULL,'0','',NULL,'\0','\0','',1,NULL,'2024-04-09 13:58:09',2,NULL,'2024-04-09 13:20:19',NULL,'2024-04-09 13:59:44',4,NULL,NULL,3,'\0',NULL,1,'','2024-04-24 14:05:32','\0',NULL,0,NULL,'\0',0,'\0',NULL,NULL,'2024-04-09 14:02:11','\0'),(743,157,1300,'2024-04-09 13:20:19',6,NULL,'0','',NULL,'\0','\0','',1,NULL,'2024-04-09 13:58:09',2,NULL,'2024-04-09 13:20:19',NULL,'2024-04-09 13:59:44',4,NULL,NULL,3,'\0',NULL,1,'','2024-04-24 14:05:32','\0',NULL,0,NULL,'\0',0,'\0',NULL,NULL,'2024-04-09 14:02:11','\0'),(744,158,1227,'2024-04-09 13:20:19',6,NULL,'45.2','',NULL,'\0','\0','',1,NULL,'2024-04-09 13:58:01',2,NULL,'2024-04-09 13:20:19',NULL,'2024-04-09 13:59:44',4,NULL,NULL,3,'\0',NULL,1,'','2024-04-24 14:05:32','\0',NULL,45.2,NULL,'\0',0,'\0',NULL,NULL,'2024-04-09 14:02:11','\0'),(745,158,1232,'2024-04-09 13:20:19',6,NULL,'16.9','',NULL,'\0','\0','',1,NULL,'2024-04-09 13:58:01',2,NULL,'2024-04-09 13:20:19',NULL,'2024-04-09 13:59:44',4,NULL,NULL,3,'\0',NULL,1,'','2024-04-24 14:05:32','\0',NULL,16.9,NULL,'\0',0,'\0',NULL,NULL,'2024-04-09 14:02:11','\0'),(746,158,1237,'2024-04-09 13:20:19',6,NULL,'9999999','',NULL,'\0','\0','',1,NULL,'2024-04-09 13:58:01',2,NULL,'2024-04-09 13:20:19',NULL,'2024-04-09 13:59:44',4,NULL,NULL,3,'\0',NULL,1,'','2024-04-24 14:05:32','\0',NULL,9999999,NULL,'\0',0,'\0',NULL,NULL,'2024-04-09 14:02:11','\0'),(747,158,1240,'2024-04-09 13:20:19',6,NULL,'158','',NULL,'\0','\0','',1,NULL,'2024-04-09 13:58:01',2,NULL,'2024-04-09 13:20:19',NULL,'2024-04-09 13:59:44',4,NULL,NULL,3,'\0',NULL,1,'','2024-04-24 14:05:32','\0',NULL,158,NULL,'\0',0,'\0',NULL,NULL,'2024-04-09 14:02:11','\0'),(748,158,1229,'2024-04-09 13:20:19',6,NULL,'18.4','',NULL,'\0','\0','',1,NULL,'2024-04-09 13:58:01',2,NULL,'2024-04-09 13:20:19',NULL,'2024-04-09 13:59:44',4,NULL,NULL,3,'\0',NULL,1,'','2024-04-24 14:05:32','\0',NULL,18.4,NULL,'\0',0,'\0',NULL,NULL,'2024-04-09 14:02:11','\0'),(749,159,1308,'2024-04-09 13:20:19',6,NULL,'0','',NULL,'\0','\0','',1,NULL,'2024-04-09 13:57:25',2,NULL,'2024-04-09 13:20:19',NULL,'2024-04-09 13:59:44',4,NULL,NULL,3,'\0',NULL,1,'','2024-04-24 14:05:32','\0',NULL,0,NULL,'\0',0,'\0',NULL,NULL,'2024-04-09 14:02:11','\0'),(750,159,1314,'2024-04-09 13:20:19',6,NULL,'156.21','',NULL,'\0','\0','',1,NULL,'2024-04-09 13:57:25',2,NULL,'2024-04-09 13:20:19',NULL,'2024-04-09 13:59:44',4,NULL,NULL,3,'\0',NULL,1,'','2024-04-24 14:05:32','\0',NULL,156.21,NULL,'\0',0,'\0',NULL,NULL,'2024-04-09 14:02:11','\0'),(751,160,1980,'2024-04-09 13:20:19',6,NULL,'154.2','',NULL,'\0','\0','',1,NULL,'2024-04-09 13:56:37',2,NULL,'2024-04-09 13:20:19',NULL,'2024-04-09 13:59:29',4,NULL,NULL,1,'\0',NULL,1,'','2024-04-24 14:05:32','\0',NULL,154.2,NULL,'\0',0,'\0',NULL,NULL,'2024-04-09 14:02:11','\0'),(752,160,1969,'2024-04-09 13:20:19',6,NULL,'35.6','',NULL,'\0','\0','',1,NULL,'2024-04-09 13:56:37',2,NULL,'2024-04-09 13:20:19',NULL,'2024-04-09 13:59:29',4,NULL,NULL,1,'\0',NULL,1,'','2024-04-24 14:05:32','\0',NULL,35.6,NULL,'\0',0,'\0',NULL,NULL,'2024-04-09 14:02:11','\0'),(753,161,1970,'2024-04-09 13:20:20',6,NULL,'<0.5','',NULL,'\0','\0','',1,NULL,'2024-04-09 13:56:23',2,NULL,'2024-04-09 13:20:20',NULL,'2024-04-09 13:59:29',4,NULL,NULL,1,'\0',NULL,1,'','2024-04-24 14:05:32','\0',NULL,NULL,NULL,'\0',0,'\0',NULL,NULL,'2024-04-09 14:02:11','\0'),(754,161,1965,'2024-04-09 13:20:20',6,NULL,'49.25','',NULL,'\0','\0','',1,NULL,'2024-04-09 13:56:23',2,NULL,'2024-04-09 13:20:20',NULL,'2024-04-09 13:59:29',4,NULL,NULL,1,'\0',NULL,1,'','2024-04-24 14:05:32','\0',NULL,49.25,NULL,'\0',0,'\0',NULL,NULL,'2024-04-09 14:02:11','\0'),(755,161,1966,'2024-04-09 13:20:20',6,NULL,'15.24','',NULL,'\0','\0','',1,NULL,'2024-04-09 13:56:23',2,NULL,'2024-04-09 13:20:20',NULL,'2024-04-09 13:59:29',4,NULL,NULL,1,'\0',NULL,1,'','2024-04-24 14:05:32','\0',NULL,15.24,NULL,'\0',0,'\0',NULL,NULL,'2024-04-09 14:02:11','\0'),(756,162,1970,'2024-04-09 13:20:20',6,NULL,'27.3','',NULL,'\0','\0','',1,NULL,'2024-04-09 13:56:05',2,NULL,'2024-04-09 13:20:20',NULL,'2024-04-09 13:59:29',4,NULL,NULL,1,'\0',NULL,1,'','2024-04-24 15:05:33','\0',NULL,27.3,NULL,'\0',0,'\0',NULL,NULL,'2024-04-09 14:02:11','\0'),(757,162,1967,'2024-04-09 13:20:20',6,NULL,'45.6','',NULL,'\0','\0','',1,NULL,'2024-04-09 13:56:05',2,NULL,'2024-04-09 13:20:20',NULL,'2024-04-09 13:59:29',4,NULL,NULL,1,'\0',NULL,1,'','2024-04-24 15:05:33','\0',NULL,45.6,NULL,'\0',0,'\0',NULL,NULL,'2024-04-09 14:02:11','\0'),(758,162,1968,'2024-04-09 13:20:20',6,NULL,'18','',NULL,'\0','\0','',1,NULL,'2024-04-09 13:56:05',2,NULL,'2024-04-09 13:20:20',NULL,'2024-04-09 13:59:29',4,NULL,NULL,1,'\0',NULL,1,'','2024-04-24 15:05:33','\0',NULL,18,NULL,'\0',0,'\0',NULL,NULL,'2024-04-09 14:02:11','\0'),(759,163,1965,'2024-04-09 13:20:20',6,NULL,'<0.1','',NULL,'\0','\0','',1,NULL,'2024-04-09 13:55:50',2,NULL,'2024-04-09 13:20:20',NULL,'2024-04-09 13:59:29',4,NULL,NULL,1,'\0',NULL,1,'','2024-04-24 14:05:32','\0',NULL,NULL,NULL,'\0',0,'\0',NULL,NULL,'2024-04-09 14:02:11','\0'),(760,163,1966,'2024-04-09 13:20:20',6,NULL,'1.56','',NULL,'\0','\0','',1,NULL,'2024-04-09 13:55:50',2,NULL,'2024-04-09 13:20:20',NULL,'2024-04-09 13:59:29',4,NULL,NULL,1,'\0',NULL,1,'','2024-04-24 14:05:32','\0',NULL,1.56,NULL,'\0',0,'\0',NULL,NULL,'2024-04-09 14:02:11','\0'),(761,164,1967,'2024-04-09 13:20:20',6,NULL,'99','',NULL,'\0','\0','',1,NULL,'2024-04-09 13:55:36',2,NULL,'2024-04-09 13:20:20',NULL,'2024-04-09 13:59:29',4,NULL,NULL,1,'\0',NULL,1,'','2024-04-24 14:05:32','\0',NULL,99,NULL,'\0',0,'\0',NULL,NULL,'2024-04-09 14:02:11','\0'),(762,164,1968,'2024-04-09 13:20:20',6,NULL,'253','',NULL,'\0','\0','',1,NULL,'2024-04-09 13:55:36',2,NULL,'2024-04-09 13:20:20',NULL,'2024-04-09 13:59:29',4,NULL,NULL,1,'\0',NULL,1,'','2024-04-24 14:05:32','\0',NULL,253,NULL,'\0',0,'\0',NULL,NULL,'2024-04-09 14:02:11','\0'),(763,165,1691,'2024-04-09 13:20:20',6,NULL,'44','',NULL,'\0','\0','',1,NULL,'2024-04-09 13:55:24',2,NULL,'2024-04-09 13:20:20',NULL,'2024-04-09 13:59:36',4,NULL,NULL,1,'\0',NULL,1,'','2024-04-24 14:05:32','\0',NULL,44,NULL,'\0',0,'\0',NULL,NULL,'2024-04-09 14:02:11','\0'),(764,166,1692,'2024-04-09 13:20:20',6,NULL,'<0.5','',NULL,'\0','\0','',1,NULL,'2024-04-09 13:55:17',2,NULL,'2024-04-09 13:20:20',NULL,'2024-04-09 13:59:36',4,NULL,NULL,1,'\0',NULL,1,'','2024-04-24 14:05:32','\0',NULL,NULL,NULL,'\0',0,'\0',NULL,NULL,'2024-04-09 14:02:11','\0'),(765,166,1693,'2024-04-09 13:20:20',6,NULL,'39','',NULL,'\0','\0','',1,NULL,'2024-04-09 13:55:17',2,NULL,'2024-04-09 13:20:20',NULL,'2024-04-09 13:59:36',4,NULL,NULL,1,'\0',NULL,1,'','2024-04-24 14:05:32','\0',NULL,39,NULL,'\0',0,'\0',NULL,NULL,'2024-04-09 14:02:11','\0'),(766,167,1689,'2024-04-09 13:20:20',6,NULL,'66','',NULL,'\0','\0','',1,NULL,'2024-04-09 13:55:01',2,NULL,'2024-04-09 13:20:20',NULL,'2024-04-09 13:59:36',4,NULL,NULL,1,'\0',NULL,1,'','2024-04-24 14:05:32','\0',NULL,66,NULL,'\0',0,'\0',NULL,NULL,'2024-04-09 14:02:11','\0'),(767,167,1690,'2024-04-09 13:20:20',6,NULL,'14','',NULL,'\0','\0','',1,NULL,'2024-04-09 13:55:01',2,NULL,'2024-04-09 13:20:20',NULL,'2024-04-09 13:59:36',4,NULL,NULL,1,'\0',NULL,1,'','2024-04-24 14:05:32','\0',NULL,14,NULL,'\0',0,'\0',NULL,NULL,'2024-04-09 14:02:11','\0'),(768,168,1990,'2024-04-09 13:20:20',6,NULL,'55','',NULL,'\0','\0','',1,NULL,'2024-04-09 13:54:52',2,NULL,'2024-04-09 13:20:20',NULL,'2024-04-09 13:59:36',4,NULL,NULL,1,'\0',NULL,1,'','2024-04-24 14:05:32','\0',NULL,55,NULL,'\0',0,'\0',NULL,NULL,'2024-04-09 14:02:11','\0'),(769,168,1989,'2024-04-09 13:20:20',6,NULL,'<0.5','',NULL,'\0','\0','',1,NULL,'2024-04-09 13:54:52',2,NULL,'2024-04-09 13:20:20',NULL,'2024-04-09 13:59:36',4,NULL,NULL,1,'\0',NULL,1,'','2024-04-24 14:05:32','\0',NULL,NULL,NULL,'\0',0,'\0',NULL,NULL,'2024-04-09 14:02:11','\0'),(770,169,1988,'2024-04-09 13:20:20',6,NULL,'18','',NULL,'\0','\0','',1,NULL,'2024-04-09 13:54:29',2,NULL,'2024-04-09 13:20:20',NULL,'2024-04-09 13:59:36',4,NULL,NULL,1,'\0',NULL,1,'','2024-04-24 14:05:32','\0',NULL,18,NULL,'\0',0,'\0',NULL,NULL,'2024-04-09 14:02:11','\0'),(771,170,2112,'2024-04-09 13:20:20',6,NULL,'+++','',NULL,'\0','\0','',1,NULL,'2024-04-09 13:54:19',2,NULL,'2024-04-09 13:20:20',NULL,'2024-04-09 13:59:54',4,NULL,NULL,1,'\0',NULL,1,'','2024-04-24 14:05:32','\0',NULL,NULL,NULL,'\0',0,'\0',NULL,NULL,'2024-04-09 14:02:42','\0'),(772,171,2095,'2024-04-09 13:20:39',6,NULL,'+','',NULL,'\0','\0','',1,NULL,'2024-04-09 13:54:14',2,NULL,'2024-04-09 13:20:39',NULL,'2024-04-09 13:59:54',4,NULL,NULL,1,'\0',NULL,1,'','2024-04-24 14:05:32','\0',NULL,NULL,NULL,'\0',0,'\0',NULL,NULL,'2024-04-09 14:02:42','\0'),(773,171,2096,'2024-04-09 13:20:39',6,NULL,'+','',NULL,'\0','\0','',1,NULL,'2024-04-09 13:54:14',2,NULL,'2024-04-09 13:20:39',NULL,'2024-04-09 13:59:54',4,NULL,NULL,1,'\0',NULL,1,'','2024-04-24 14:05:32','\0',NULL,NULL,NULL,'\0',0,'\0',NULL,NULL,'2024-04-09 14:02:42','\0'),(774,171,2090,'2024-04-09 13:20:39',6,NULL,'++','',NULL,'\0','\0','',1,NULL,'2024-04-09 13:54:14',2,NULL,'2024-04-09 13:20:39',NULL,'2024-04-09 13:59:54',4,NULL,NULL,1,'\0',NULL,1,'','2024-04-24 14:05:32','\0',NULL,NULL,NULL,'\0',0,'\0',NULL,NULL,'2024-04-09 14:02:42','\0'),(775,171,2092,'2024-04-09 13:20:39',6,NULL,'++','',NULL,'\0','\0','',1,NULL,'2024-04-09 13:54:14',2,NULL,'2024-04-09 13:20:39',NULL,'2024-04-09 13:59:54',4,NULL,NULL,1,'\0',NULL,1,'','2024-04-24 14:05:32','\0',NULL,NULL,NULL,'\0',0,'\0',NULL,NULL,'2024-04-09 14:02:42','\0'),(776,171,2094,'2024-04-09 13:20:39',6,NULL,'+++','',NULL,'\0','\0','',1,NULL,'2024-04-09 13:54:14',2,NULL,'2024-04-09 13:20:39',NULL,'2024-04-09 13:59:54',4,NULL,NULL,1,'\0',NULL,1,'','2024-04-24 14:05:32','\0',NULL,NULL,NULL,'\0',0,'\0',NULL,NULL,'2024-04-09 14:02:42','\0'),(777,171,2093,'2024-04-09 13:20:39',6,NULL,'(+)','',NULL,'\0','\0','',1,NULL,'2024-04-09 13:54:14',2,NULL,'2024-04-09 13:20:39',NULL,'2024-04-09 13:59:54',4,NULL,NULL,1,'\0',NULL,1,'','2024-04-24 14:05:32','\0',NULL,NULL,NULL,'\0',0,'\0',NULL,NULL,'2024-04-09 14:02:42','\0'),(778,171,2091,'2024-04-09 13:20:39',6,NULL,'o','',NULL,'\0','\0','',1,NULL,'2024-04-09 13:54:14',2,NULL,'2024-04-09 13:20:39',NULL,'2024-04-09 13:59:54',4,NULL,NULL,1,'\0',NULL,1,'','2024-04-24 14:05:32','\0',NULL,NULL,NULL,'\0',0,'\0',NULL,NULL,'2024-04-09 14:02:42','\0'),(779,172,2112,'2024-04-09 13:20:39',6,NULL,'o','',NULL,'\0','\0','',1,NULL,'2024-04-09 13:53:55',2,NULL,'2024-04-09 13:20:39',NULL,'2024-04-09 13:59:54',4,NULL,NULL,1,'\0',NULL,1,'','2024-04-24 14:05:32','\0',NULL,NULL,NULL,'\0',0,'\0',NULL,NULL,'2024-04-09 14:02:42','\0'),(780,172,2111,'2024-04-09 13:20:39',6,NULL,'o','',NULL,'\0','\0','',1,NULL,'2024-04-09 13:53:55',2,NULL,'2024-04-09 13:20:39',NULL,'2024-04-09 13:59:54',4,NULL,NULL,1,'\0',NULL,1,'','2024-04-24 14:05:32','\0',NULL,NULL,NULL,'\0',0,'\0',NULL,NULL,'2024-04-09 14:02:42','\0'),(781,162,1971,'2024-04-09 14:01:00',6,NULL,'10','',NULL,'\0','\0','',1,NULL,'2024-04-09 14:59:05',3,NULL,'2024-04-09 14:01:00',NULL,'2024-04-09 14:59:50',5,NULL,NULL,1,'\0',NULL,1,'','2024-04-24 15:05:33','\0',NULL,10,NULL,'\0',0,'\0',NULL,NULL,'2024-04-09 15:01:37','\0'),(782,162,1976,'2024-04-09 14:01:00',6,NULL,'2','',NULL,'\0','\0','',1,NULL,'2024-04-09 14:59:05',3,NULL,'2024-04-09 14:01:00',NULL,'2024-04-09 14:59:50',5,NULL,NULL,1,'\0',NULL,1,'','2024-04-24 15:05:33','\0',NULL,2,NULL,'\0',0,'\0',NULL,NULL,'2024-04-09 15:01:37','\0'),(783,162,1977,'2024-04-09 14:01:00',6,NULL,'5','',NULL,'\0','\0','',1,NULL,'2024-04-09 14:59:05',3,NULL,'2024-04-09 14:01:00',NULL,'2024-04-09 14:59:50',5,NULL,NULL,1,'\0',NULL,1,'','2024-04-24 15:05:33','\0',NULL,5,NULL,'\0',0,'\0',NULL,NULL,'2024-04-09 15:01:37','\0'),(784,162,1975,'2024-04-09 14:01:00',6,NULL,'15','',NULL,'\0','\0','',1,NULL,'2024-04-09 14:59:05',3,NULL,'2024-04-09 14:01:00',NULL,'2024-04-09 14:59:50',5,NULL,NULL,1,'\0',NULL,1,'','2024-04-24 15:05:33','\0',NULL,15,NULL,'\0',0,'\0',NULL,NULL,'2024-04-09 15:01:37','\0'),(785,162,1973,'2024-04-09 14:01:00',6,NULL,'12','',NULL,'\0','\0','',1,NULL,'2024-04-09 14:59:05',3,NULL,'2024-04-09 14:01:00',NULL,'2024-04-09 14:59:50',5,NULL,NULL,1,'\0',NULL,1,'','2024-04-24 15:05:33','\0',NULL,12,NULL,'\0',0,'\0',NULL,NULL,'2024-04-09 15:01:37','\0'),(786,162,1974,'2024-04-09 14:01:00',6,NULL,'2','',NULL,'\0','\0','',1,NULL,'2024-04-09 14:59:05',3,NULL,'2024-04-09 14:01:00',NULL,'2024-04-09 14:59:50',5,NULL,NULL,1,'\0',NULL,1,'','2024-04-24 15:05:33','\0',NULL,2,NULL,'\0',0,'\0',NULL,NULL,'2024-04-09 15:01:37','\0'),(787,162,1972,'2024-04-09 14:01:00',6,NULL,'3','',NULL,'\0','\0','',1,NULL,'2024-04-09 14:59:05',3,NULL,'2024-04-09 14:01:00',NULL,'2024-04-09 14:59:50',5,NULL,NULL,1,'\0',NULL,1,'','2024-04-24 15:05:33','\0',NULL,3,NULL,'\0',0,'\0',NULL,NULL,'2024-04-09 15:01:37','\0'),(788,150,2193,'2024-04-10 12:59:36',4,'o','o','','o','\0','\0','\0',0,'2024-04-10 13:28:11','2024-04-10 13:28:11',10,NULL,'2024-04-10 12:59:36',NULL,NULL,NULL,NULL,NULL,1,'\0',NULL,3,'','2024-04-15 15:20:33','',4,NULL,NULL,'\0',6,'\0',NULL,NULL,NULL,'\0'),(789,150,2194,'2024-04-10 12:59:36',4,'o','o','','o','\0','\0','\0',0,'2024-04-10 13:28:13','2024-04-10 13:28:13',10,NULL,'2024-04-10 12:59:36',NULL,NULL,NULL,NULL,NULL,1,'\0',NULL,3,'','2024-04-15 15:20:33','',4,NULL,NULL,'\0',6,'\0',NULL,NULL,NULL,'\0'),(790,150,2230,'2024-04-10 12:59:36',4,'++','++','','++','\0','\0','\0',0,'2024-04-10 13:28:12','2024-04-10 13:28:12',10,NULL,'2024-04-10 12:59:36',NULL,NULL,NULL,NULL,NULL,1,'\0',NULL,3,'','2024-04-15 15:20:33','',4,NULL,NULL,'\0',6,'\0',NULL,NULL,NULL,'\0'),(791,150,2234,'2024-04-10 12:59:36',4,'+++','+++','','+++','\0','\0','\0',0,'2024-04-10 13:28:14','2024-04-10 13:28:14',10,NULL,'2024-04-10 12:59:36',NULL,NULL,NULL,NULL,NULL,1,'\0',NULL,3,'','2024-04-15 15:20:33','',4,NULL,NULL,'\0',6,'\0',NULL,NULL,NULL,'\0'),(792,150,2187,'2024-04-10 12:59:36',4,'o','o','','o','\0','\0','\0',0,'2024-04-10 13:28:11','2024-04-10 13:28:11',10,NULL,'2024-04-10 12:59:36',NULL,NULL,NULL,NULL,NULL,1,'\0',NULL,3,'','2024-04-15 15:20:33','',4,NULL,NULL,'\0',6,'\0',NULL,NULL,NULL,'\0'),(793,150,2188,'2024-04-10 12:59:36',4,'(+)','(+)','','(+)','\0','\0','\0',0,'2024-04-10 13:28:11','2024-04-10 13:28:11',10,NULL,'2024-04-10 12:59:36',NULL,NULL,NULL,NULL,NULL,1,'\0',NULL,3,'','2024-04-15 15:20:33','',4,NULL,NULL,'\0',6,'\0',NULL,NULL,NULL,'\0'),(794,150,2189,'2024-04-10 12:59:36',4,'o','o','','o','\0','\0','\0',0,'2024-04-10 13:28:11','2024-04-10 13:28:11',10,NULL,'2024-04-10 12:59:36',NULL,NULL,NULL,NULL,NULL,1,'\0',NULL,3,'','2024-04-15 15:20:33','',4,NULL,NULL,'\0',6,'\0',NULL,NULL,NULL,'\0'),(795,150,2191,'2024-04-10 12:59:36',4,'o','o','','o','\0','\0','\0',0,'2024-04-10 13:28:11','2024-04-10 13:28:11',10,NULL,'2024-04-10 12:59:36',NULL,NULL,NULL,NULL,NULL,1,'\0',NULL,3,'','2024-04-15 15:20:33','',4,NULL,NULL,'\0',6,'\0',NULL,NULL,NULL,'\0'),(796,150,2192,'2024-04-10 12:59:36',4,'o','o','','o','\0','\0','\0',0,'2024-04-10 13:28:11','2024-04-10 13:28:11',10,NULL,'2024-04-10 12:59:36',NULL,NULL,NULL,NULL,NULL,1,'\0',NULL,3,'','2024-04-15 15:20:33','',4,NULL,NULL,'\0',6,'\0',NULL,NULL,NULL,'\0'),(797,150,2195,'2024-04-10 12:59:36',4,'+++','+++','','+++','\0','\0','\0',0,'2024-04-10 13:28:13','2024-04-10 13:28:13',10,NULL,'2024-04-10 12:59:36',NULL,NULL,NULL,NULL,NULL,1,'\0',NULL,3,'','2024-04-15 15:20:33','',4,NULL,NULL,'\0',6,'\0',NULL,NULL,NULL,'\0'),(798,150,2196,'2024-04-10 12:59:36',4,'o','o','','o','\0','\0','\0',0,'2024-04-10 13:28:13','2024-04-10 13:28:13',10,NULL,'2024-04-10 12:59:36',NULL,NULL,NULL,NULL,NULL,1,'\0',NULL,3,'','2024-04-15 15:20:33','',4,NULL,NULL,'\0',6,'\0',NULL,NULL,NULL,'\0'),(799,150,2197,'2024-04-10 12:59:36',4,'++','++','','++','\0','\0','\0',0,'2024-04-10 13:28:14','2024-04-10 13:28:14',10,NULL,'2024-04-10 12:59:36',NULL,NULL,NULL,NULL,NULL,1,'\0',NULL,3,'','2024-04-15 15:20:33','',4,NULL,NULL,'\0',6,'\0',NULL,NULL,NULL,'\0'),(800,150,2198,'2024-04-10 12:59:36',4,'++','++','','++','\0','\0','\0',0,'2024-04-10 13:28:14','2024-04-10 13:28:14',10,NULL,'2024-04-10 12:59:36',NULL,NULL,NULL,NULL,NULL,1,'\0',NULL,3,'','2024-04-15 15:20:33','',4,NULL,NULL,'\0',6,'\0',NULL,NULL,NULL,'\0'),(801,150,2199,'2024-04-10 12:59:36',4,'(+)','(+)','','(+)','\0','\0','\0',0,'2024-04-10 13:28:14','2024-04-10 13:28:14',10,NULL,'2024-04-10 12:59:36',NULL,NULL,NULL,NULL,NULL,1,'\0',NULL,3,'','2024-04-15 15:20:33','',4,NULL,NULL,'\0',6,'\0',NULL,NULL,NULL,'\0'),(802,150,2200,'2024-04-10 12:59:36',4,'++','++','','++','\0','\0','\0',0,'2024-04-10 13:28:14','2024-04-10 13:28:14',10,NULL,'2024-04-10 12:59:36',NULL,NULL,NULL,NULL,NULL,1,'\0',NULL,3,'','2024-04-15 15:20:33','',4,NULL,NULL,'\0',6,'\0',NULL,NULL,NULL,'\0'),(803,150,2201,'2024-04-10 12:59:36',4,'o','o','','o','\0','\0','\0',0,'2024-04-10 13:28:12','2024-04-10 13:28:12',10,NULL,'2024-04-10 12:59:36',NULL,NULL,NULL,NULL,NULL,1,'\0',NULL,3,'','2024-04-15 15:20:33','',4,NULL,NULL,'\0',6,'\0',NULL,NULL,NULL,'\0'),(804,150,2202,'2024-04-10 12:59:36',4,'o','o','','o','\0','\0','\0',0,'2024-04-10 13:28:13','2024-04-10 13:28:13',10,NULL,'2024-04-10 12:59:36',NULL,NULL,NULL,NULL,NULL,1,'\0',NULL,3,'','2024-04-15 15:20:33','',4,NULL,NULL,'\0',6,'\0',NULL,NULL,NULL,'\0'),(805,150,2203,'2024-04-10 12:59:36',4,'o','o','','o','\0','\0','\0',0,'2024-04-10 13:28:13','2024-04-10 13:28:13',10,NULL,'2024-04-10 12:59:36',NULL,NULL,NULL,NULL,NULL,1,'\0',NULL,3,'','2024-04-15 15:20:33','',4,NULL,NULL,'\0',6,'\0',NULL,NULL,NULL,'\0'),(806,150,2204,'2024-04-10 12:59:36',4,'++','++','','++','\0','\0','\0',0,'2024-04-10 13:28:13','2024-04-10 13:28:13',10,NULL,'2024-04-10 12:59:36',NULL,NULL,NULL,NULL,NULL,1,'\0',NULL,3,'','2024-04-15 15:20:33','',4,NULL,NULL,'\0',6,'\0',NULL,NULL,NULL,'\0'),(807,150,2205,'2024-04-10 12:59:36',4,'(+)','(+)','','(+)','\0','\0','\0',0,'2024-04-10 13:28:13','2024-04-10 13:28:14',10,NULL,'2024-04-10 12:59:36',NULL,NULL,NULL,NULL,NULL,1,'\0',NULL,3,'','2024-04-15 15:20:33','',4,NULL,NULL,'\0',6,'\0',NULL,NULL,NULL,'\0'),(808,150,2206,'2024-04-10 12:59:36',4,'+++','+++','','+++','\0','\0','\0',0,'2024-04-10 13:28:13','2024-04-10 13:28:13',10,NULL,'2024-04-10 12:59:36',NULL,NULL,NULL,NULL,NULL,1,'\0',NULL,3,'','2024-04-15 15:20:33','',4,NULL,NULL,'\0',6,'\0',NULL,NULL,NULL,'\0'),(809,150,2207,'2024-04-10 12:59:36',4,'+++','+++','','+++','\0','\0','\0',0,'2024-04-10 13:28:14','2024-04-10 13:28:14',10,NULL,'2024-04-10 12:59:36',NULL,NULL,NULL,NULL,NULL,1,'\0',NULL,3,'','2024-04-15 15:20:33','',4,NULL,NULL,'\0',6,'\0',NULL,NULL,NULL,'\0'),(810,150,2229,'2024-04-10 12:59:36',4,'++','++','','++','\0','\0','\0',0,'2024-04-10 13:28:12','2024-04-10 13:28:12',10,NULL,'2024-04-10 12:59:36',NULL,NULL,NULL,NULL,NULL,1,'\0',NULL,3,'','2024-04-15 15:20:33','',4,NULL,NULL,'\0',6,'\0',NULL,NULL,NULL,'\0'),(811,150,2233,'2024-04-10 12:59:36',4,'o','o','','o','\0','\0','\0',0,'2024-04-10 13:28:15','2024-04-10 13:28:15',10,NULL,'2024-04-10 12:59:36',NULL,NULL,NULL,NULL,NULL,1,'\0',NULL,3,'','2024-04-15 15:20:33','',4,NULL,NULL,'\0',6,'\0',NULL,NULL,NULL,'\0'),(812,150,2235,'2024-04-10 12:59:36',4,'+++','+++','','+++','\0','\0','\0',0,'2024-04-10 13:28:15','2024-04-10 13:28:15',10,NULL,'2024-04-10 12:59:36',NULL,NULL,NULL,NULL,NULL,1,'\0',NULL,3,'','2024-04-15 15:20:33','',4,NULL,NULL,'\0',6,'\0',NULL,NULL,NULL,'\0'),(813,150,2236,'2024-04-10 12:59:36',4,'+','+','','+','\0','\0','\0',0,'2024-04-10 13:28:15','2024-04-10 13:28:15',10,NULL,'2024-04-10 12:59:36',NULL,NULL,NULL,NULL,NULL,1,'\0',NULL,3,'','2024-04-15 15:20:33','',4,NULL,NULL,'\0',6,'\0',NULL,NULL,NULL,'\0'),(814,150,2237,'2024-04-10 12:59:36',4,'++','++','','++','\0','\0','\0',0,'2024-04-10 13:28:15','2024-04-10 13:28:15',10,NULL,'2024-04-10 12:59:36',NULL,NULL,NULL,NULL,NULL,1,'\0',NULL,3,'','2024-04-15 15:20:33','',4,NULL,NULL,'\0',6,'\0',NULL,NULL,NULL,'\0'),(815,150,2238,'2024-04-10 12:59:36',4,'+++','+++','','+++','\0','\0','\0',0,'2024-04-10 13:28:15','2024-04-10 13:28:15',10,NULL,'2024-04-10 12:59:36',NULL,NULL,NULL,NULL,NULL,1,'\0',NULL,3,'','2024-04-15 15:20:33','',4,NULL,NULL,'\0',6,'\0',NULL,NULL,NULL,'\0'),(816,150,2239,'2024-04-10 12:59:36',4,'+++','+++','','+++','\0','\0','\0',0,'2024-04-10 13:28:15','2024-04-10 13:28:15',10,NULL,'2024-04-10 12:59:36',NULL,NULL,NULL,NULL,NULL,1,'\0',NULL,3,'','2024-04-15 15:20:33','',4,NULL,NULL,'\0',6,'\0',NULL,NULL,NULL,'\0'),(817,150,2190,'2024-04-10 12:59:45',4,'o','o','','o','\0','\0','\0',0,'2024-04-10 13:28:12','2024-04-10 13:28:12',10,NULL,'2024-04-10 12:59:45',NULL,NULL,NULL,NULL,NULL,1,'\0',NULL,3,'','2024-04-15 15:20:33','',4,NULL,NULL,'\0',6,'\0',NULL,NULL,NULL,'\0'),(818,150,2193,'2024-04-10 14:18:40',4,'o','o','','','\0','\0','\0',0,'2024-04-10 14:19:26','2024-04-10 14:19:26',10,NULL,'2024-04-10 14:18:40',NULL,NULL,NULL,NULL,NULL,3,'\0',NULL,3,'','2024-04-15 15:20:33','\0',4,NULL,NULL,'\0',1,'\0',NULL,NULL,NULL,'\0'),(819,150,2194,'2024-04-10 14:18:40',4,'o','o','','','\0','\0','\0',0,'2024-04-10 14:19:28','2024-04-10 14:19:28',10,NULL,'2024-04-10 14:18:40',NULL,NULL,NULL,NULL,NULL,3,'\0',NULL,3,'','2024-04-15 15:20:33','\0',4,NULL,NULL,'\0',1,'\0',NULL,NULL,NULL,'\0'),(820,150,2230,'2024-04-10 14:18:40',4,'++','++','','','\0','\0','\0',0,'2024-04-10 14:19:28','2024-04-10 14:19:28',10,NULL,'2024-04-10 14:18:40',NULL,NULL,NULL,NULL,NULL,3,'\0',NULL,3,'','2024-04-15 15:20:33','\0',4,NULL,NULL,'\0',1,'\0',NULL,NULL,NULL,'\0'),(821,150,2234,'2024-04-10 14:18:40',4,'+++','+++','','','\0','\0','\0',0,'2024-04-10 14:19:30','2024-04-10 14:19:30',10,NULL,'2024-04-10 14:18:40',NULL,NULL,NULL,NULL,NULL,3,'\0',NULL,3,'','2024-04-15 15:20:33','\0',4,NULL,NULL,'\0',1,'\0',NULL,NULL,NULL,'\0'),(822,150,2187,'2024-04-10 14:18:40',4,'o','o','','','\0','\0','\0',0,'2024-04-10 14:19:26','2024-04-10 14:19:26',10,NULL,'2024-04-10 14:18:40',NULL,NULL,NULL,NULL,NULL,1,'\0',NULL,3,'','2024-04-15 15:20:33','\0',4,NULL,NULL,'\0',1,'\0',NULL,NULL,NULL,'\0'),(823,150,2188,'2024-04-10 14:18:40',4,'(+)','(+)','','','\0','\0','\0',0,'2024-04-10 14:19:26','2024-04-10 14:19:26',10,NULL,'2024-04-10 14:18:40',NULL,NULL,NULL,NULL,NULL,1,'\0',NULL,3,'','2024-04-15 15:20:33','\0',4,NULL,NULL,'\0',1,'\0',NULL,NULL,NULL,'\0'),(824,150,2189,'2024-04-10 14:18:40',4,'o','o','','','\0','\0','\0',0,'2024-04-10 14:19:26','2024-04-10 14:19:26',10,NULL,'2024-04-10 14:18:40',NULL,NULL,NULL,NULL,NULL,1,'\0',NULL,3,'','2024-04-15 15:20:33','\0',4,NULL,NULL,'\0',1,'\0',NULL,NULL,NULL,'\0'),(825,150,2191,'2024-04-10 14:18:40',4,'o','o','','','\0','\0','\0',0,'2024-04-10 14:19:27','2024-04-10 14:19:27',10,NULL,'2024-04-10 14:18:40',NULL,NULL,NULL,NULL,NULL,1,'\0',NULL,3,'','2024-04-15 15:20:33','\0',4,NULL,NULL,'\0',1,'\0',NULL,NULL,NULL,'\0'),(826,150,2192,'2024-04-10 14:18:40',4,'o','o','','','\0','\0','\0',0,'2024-04-10 14:19:27','2024-04-10 14:19:27',10,NULL,'2024-04-10 14:18:40',NULL,NULL,NULL,NULL,NULL,1,'\0',NULL,3,'','2024-04-15 15:20:33','\0',4,NULL,NULL,'\0',1,'\0',NULL,NULL,NULL,'\0'),(827,150,2214,'2024-04-10 14:18:40',1,NULL,NULL,'',NULL,'\0','\0','\0',0,NULL,'0001-01-01 00:00:00',2,NULL,'2024-04-10 14:18:40',NULL,NULL,NULL,NULL,NULL,1,'\0',NULL,3,'','2024-04-15 15:20:33','',NULL,NULL,NULL,'\0',0,'\0',NULL,NULL,NULL,'\0'),(828,150,2215,'2024-04-10 14:18:40',1,NULL,NULL,'',NULL,'\0','\0','\0',0,NULL,'0001-01-01 00:00:00',2,NULL,'2024-04-10 14:18:40',NULL,NULL,NULL,NULL,NULL,1,'\0',NULL,3,'','2024-04-15 15:20:33','',NULL,NULL,NULL,'\0',0,'\0',NULL,NULL,NULL,'\0'),(829,150,2216,'2024-04-10 14:18:40',1,NULL,NULL,'',NULL,'\0','\0','\0',0,NULL,'0001-01-01 00:00:00',2,NULL,'2024-04-10 14:18:40',NULL,NULL,NULL,NULL,NULL,1,'\0',NULL,3,'','2024-04-15 15:20:33','',NULL,NULL,NULL,'\0',0,'\0',NULL,NULL,NULL,'\0'),(830,150,2217,'2024-04-10 14:18:40',1,NULL,NULL,'',NULL,'\0','\0','\0',0,NULL,'0001-01-01 00:00:00',2,NULL,'2024-04-10 14:18:40',NULL,NULL,NULL,NULL,NULL,1,'\0',NULL,3,'','2024-04-15 15:20:33','',NULL,NULL,NULL,'\0',0,'\0',NULL,NULL,NULL,'\0'),(831,150,2218,'2024-04-10 14:18:40',1,NULL,NULL,'',NULL,'\0','\0','\0',0,NULL,'0001-01-01 00:00:00',2,NULL,'2024-04-10 14:18:40',NULL,NULL,NULL,NULL,NULL,1,'\0',NULL,3,'','2024-04-15 15:20:33','',NULL,NULL,NULL,'\0',0,'\0',NULL,NULL,NULL,'\0'),(832,150,2219,'2024-04-10 14:18:40',1,NULL,NULL,'',NULL,'\0','\0','\0',0,NULL,'0001-01-01 00:00:00',2,NULL,'2024-04-10 14:18:40',NULL,NULL,NULL,NULL,NULL,1,'\0',NULL,3,'','2024-04-15 15:20:33','',NULL,NULL,NULL,'\0',0,'\0',NULL,NULL,NULL,'\0'),(833,150,2220,'2024-04-10 14:18:40',1,NULL,NULL,'',NULL,'\0','\0','\0',0,NULL,'0001-01-01 00:00:00',2,NULL,'2024-04-10 14:18:40',NULL,NULL,NULL,NULL,NULL,1,'\0',NULL,3,'','2024-04-15 15:20:33','',NULL,NULL,NULL,'\0',0,'\0',NULL,NULL,NULL,'\0'),(834,150,2195,'2024-04-10 14:18:40',4,'+++','+++','','','\0','\0','\0',0,'2024-04-10 14:19:29','2024-04-10 14:19:29',10,NULL,'2024-04-10 14:18:40',NULL,NULL,NULL,NULL,NULL,1,'\0',NULL,3,'','2024-04-15 15:20:33','\0',4,NULL,NULL,'\0',1,'\0',NULL,NULL,NULL,'\0'),(835,150,2196,'2024-04-10 14:18:40',4,'o','o','','','\0','\0','\0',0,'2024-04-10 14:19:29','2024-04-10 14:19:29',10,NULL,'2024-04-10 14:18:40',NULL,NULL,NULL,NULL,NULL,1,'\0',NULL,3,'','2024-04-15 15:20:33','\0',4,NULL,NULL,'\0',1,'\0',NULL,NULL,NULL,'\0'),(836,150,2197,'2024-04-10 14:18:40',4,'++','++','','','\0','\0','\0',0,'2024-04-10 14:19:29','2024-04-10 14:19:29',10,NULL,'2024-04-10 14:18:40',NULL,NULL,NULL,NULL,NULL,1,'\0',NULL,3,'','2024-04-15 15:20:33','\0',4,NULL,NULL,'\0',1,'\0',NULL,NULL,NULL,'\0'),(837,150,2198,'2024-04-10 14:18:40',4,'++','++','','','\0','\0','\0',0,'2024-04-10 14:19:30','2024-04-10 14:19:30',10,NULL,'2024-04-10 14:18:40',NULL,NULL,NULL,NULL,NULL,1,'\0',NULL,3,'','2024-04-15 15:20:33','\0',4,NULL,NULL,'\0',1,'\0',NULL,NULL,NULL,'\0'),(838,150,2199,'2024-04-10 14:18:40',4,'(+)','(+)','','','\0','\0','\0',0,'2024-04-10 14:19:30','2024-04-10 14:19:30',10,NULL,'2024-04-10 14:18:40',NULL,NULL,NULL,NULL,NULL,1,'\0',NULL,3,'','2024-04-15 15:20:33','\0',4,NULL,NULL,'\0',1,'\0',NULL,NULL,NULL,'\0'),(839,150,2200,'2024-04-10 14:18:40',4,'++','++','','','\0','\0','\0',0,'2024-04-10 14:19:29','2024-04-10 14:19:29',10,NULL,'2024-04-10 14:18:40',NULL,NULL,NULL,NULL,NULL,1,'\0',NULL,3,'','2024-04-15 15:20:33','\0',4,NULL,NULL,'\0',1,'\0',NULL,NULL,NULL,'\0'),(840,150,2201,'2024-04-10 14:18:40',4,'o','o','','','\0','\0','\0',0,'2024-04-10 14:19:28','2024-04-10 14:19:28',10,NULL,'2024-04-10 14:18:40',NULL,NULL,NULL,NULL,NULL,1,'\0',NULL,3,'','2024-04-15 15:20:33','\0',4,NULL,NULL,'\0',1,'\0',NULL,NULL,NULL,'\0'),(841,150,2202,'2024-04-10 14:18:40',4,'o','o','','','\0','\0','\0',0,'2024-04-10 14:19:28','2024-04-10 14:19:28',10,NULL,'2024-04-10 14:18:40',NULL,NULL,NULL,NULL,NULL,1,'\0',NULL,3,'','2024-04-15 15:20:33','\0',4,NULL,NULL,'\0',1,'\0',NULL,NULL,NULL,'\0'),(842,150,2203,'2024-04-10 14:18:40',4,'o','o','','','\0','\0','\0',0,'2024-04-10 14:19:29','2024-04-10 14:19:29',10,NULL,'2024-04-10 14:18:40',NULL,NULL,NULL,NULL,NULL,1,'\0',NULL,3,'','2024-04-15 15:20:33','\0',4,NULL,NULL,'\0',1,'\0',NULL,NULL,NULL,'\0'),(843,150,2204,'2024-04-10 14:18:40',4,'++','++','','','\0','\0','\0',0,'2024-04-10 14:19:29','2024-04-10 14:19:29',10,NULL,'2024-04-10 14:18:40',NULL,NULL,NULL,NULL,NULL,1,'\0',NULL,3,'','2024-04-15 15:20:33','\0',4,NULL,NULL,'\0',1,'\0',NULL,NULL,NULL,'\0'),(844,150,2205,'2024-04-10 14:18:40',4,'(+)','(+)','','','\0','\0','\0',0,'2024-04-10 14:19:29','2024-04-10 14:19:29',10,NULL,'2024-04-10 14:18:40',NULL,NULL,NULL,NULL,NULL,1,'\0',NULL,3,'','2024-04-15 15:20:33','\0',4,NULL,NULL,'\0',1,'\0',NULL,NULL,NULL,'\0'),(845,150,2206,'2024-04-10 14:18:40',4,'+++','+++','','','\0','\0','\0',0,'2024-04-10 14:19:29','2024-04-10 14:19:29',10,NULL,'2024-04-10 14:18:40',NULL,NULL,NULL,NULL,NULL,1,'\0',NULL,3,'','2024-04-15 15:20:33','\0',4,NULL,NULL,'\0',1,'\0',NULL,NULL,NULL,'\0'),(846,150,2207,'2024-04-10 14:18:40',4,'+++','+++','','','\0','\0','\0',0,'2024-04-10 14:19:29','2024-04-10 14:19:29',10,NULL,'2024-04-10 14:18:40',NULL,NULL,NULL,NULL,NULL,1,'\0',NULL,3,'','2024-04-15 15:20:33','\0',4,NULL,NULL,'\0',1,'\0',NULL,NULL,NULL,'\0'),(847,150,2208,'2024-04-10 14:18:40',1,NULL,NULL,'',NULL,'\0','\0','\0',0,NULL,'0001-01-01 00:00:00',2,NULL,'2024-04-10 14:18:40',NULL,NULL,NULL,NULL,NULL,1,'\0',NULL,3,'','2024-04-15 15:20:33','',NULL,NULL,NULL,'\0',0,'\0',NULL,NULL,NULL,'\0'),(848,150,2209,'2024-04-10 14:18:40',1,NULL,NULL,'',NULL,'\0','\0','\0',0,NULL,'0001-01-01 00:00:00',2,NULL,'2024-04-10 14:18:40',NULL,NULL,NULL,NULL,NULL,1,'\0',NULL,3,'','2024-04-15 15:20:33','',NULL,NULL,NULL,'\0',0,'\0',NULL,NULL,NULL,'\0'),(849,150,2210,'2024-04-10 14:18:40',1,NULL,NULL,'',NULL,'\0','\0','\0',0,NULL,'0001-01-01 00:00:00',2,NULL,'2024-04-10 14:18:40',NULL,NULL,NULL,NULL,NULL,1,'\0',NULL,3,'','2024-04-15 15:20:33','',NULL,NULL,NULL,'\0',0,'\0',NULL,NULL,NULL,'\0'),(850,150,2211,'2024-04-10 14:18:40',1,NULL,NULL,'',NULL,'\0','\0','\0',0,NULL,'0001-01-01 00:00:00',2,NULL,'2024-04-10 14:18:40',NULL,NULL,NULL,NULL,NULL,1,'\0',NULL,3,'','2024-04-15 15:20:33','',NULL,NULL,NULL,'\0',0,'\0',NULL,NULL,NULL,'\0'),(851,150,2212,'2024-04-10 14:18:40',1,NULL,NULL,'',NULL,'\0','\0','\0',0,NULL,'0001-01-01 00:00:00',2,NULL,'2024-04-10 14:18:40',NULL,NULL,NULL,NULL,NULL,1,'\0',NULL,3,'','2024-04-15 15:20:33','',NULL,NULL,NULL,'\0',0,'\0',NULL,NULL,NULL,'\0'),(852,150,2213,'2024-04-10 14:18:40',1,NULL,NULL,'',NULL,'\0','\0','\0',0,NULL,'0001-01-01 00:00:00',2,NULL,'2024-04-10 14:18:40',NULL,NULL,NULL,NULL,NULL,1,'\0',NULL,3,'','2024-04-15 15:20:33','',NULL,NULL,NULL,'\0',0,'\0',NULL,NULL,NULL,'\0'),(853,150,2221,'2024-04-10 14:18:40',1,NULL,NULL,'',NULL,'\0','\0','\0',0,NULL,'0001-01-01 00:00:00',2,NULL,'2024-04-10 14:18:40',NULL,NULL,NULL,NULL,NULL,1,'\0',NULL,3,'','2024-04-15 15:20:33','',NULL,NULL,NULL,'\0',0,'\0',NULL,NULL,NULL,'\0'),(854,150,2222,'2024-04-10 14:18:40',1,NULL,NULL,'',NULL,'\0','\0','\0',0,NULL,'0001-01-01 00:00:00',2,NULL,'2024-04-10 14:18:40',NULL,NULL,NULL,NULL,NULL,1,'\0',NULL,3,'','2024-04-15 15:20:33','',NULL,NULL,NULL,'\0',0,'\0',NULL,NULL,NULL,'\0'),(855,150,2223,'2024-04-10 14:18:40',1,NULL,NULL,'',NULL,'\0','\0','\0',0,NULL,'0001-01-01 00:00:00',2,NULL,'2024-04-10 14:18:40',NULL,NULL,NULL,NULL,NULL,1,'\0',NULL,3,'','2024-04-15 15:20:33','',NULL,NULL,NULL,'\0',0,'\0',NULL,NULL,NULL,'\0'),(856,150,2224,'2024-04-10 14:18:40',1,NULL,NULL,'',NULL,'\0','\0','\0',0,NULL,'0001-01-01 00:00:00',2,NULL,'2024-04-10 14:18:40',NULL,NULL,NULL,NULL,NULL,1,'\0',NULL,3,'','2024-04-15 15:20:33','',NULL,NULL,NULL,'\0',0,'\0',NULL,NULL,NULL,'\0'),(857,150,2225,'2024-04-10 14:18:40',1,NULL,NULL,'',NULL,'\0','\0','\0',0,NULL,'0001-01-01 00:00:00',2,NULL,'2024-04-10 14:18:40',NULL,NULL,NULL,NULL,NULL,1,'\0',NULL,3,'','2024-04-15 15:20:33','',NULL,NULL,NULL,'\0',0,'\0',NULL,NULL,NULL,'\0'),(858,150,2226,'2024-04-10 14:18:40',1,NULL,NULL,'',NULL,'\0','\0','\0',0,NULL,'0001-01-01 00:00:00',2,NULL,'2024-04-10 14:18:40',NULL,NULL,NULL,NULL,NULL,1,'\0',NULL,3,'','2024-04-15 15:20:33','',NULL,NULL,NULL,'\0',0,'\0',NULL,NULL,NULL,'\0'),(859,150,2227,'2024-04-10 14:18:40',1,NULL,NULL,'',NULL,'\0','\0','\0',0,NULL,'0001-01-01 00:00:00',2,NULL,'2024-04-10 14:18:40',NULL,NULL,NULL,NULL,NULL,1,'\0',NULL,3,'','2024-04-15 15:20:33','',NULL,NULL,NULL,'\0',0,'\0',NULL,NULL,NULL,'\0'),(860,150,2228,'2024-04-10 14:18:40',1,NULL,NULL,'',NULL,'\0','\0','\0',0,NULL,'0001-01-01 00:00:00',2,NULL,'2024-04-10 14:18:40',NULL,NULL,NULL,NULL,NULL,1,'\0',NULL,3,'','2024-04-15 15:20:33','',NULL,NULL,NULL,'\0',0,'\0',NULL,NULL,NULL,'\0'),(861,150,2229,'2024-04-10 14:18:40',4,'++','++','','','\0','\0','\0',0,'2024-04-10 14:19:28','2024-04-10 14:19:28',10,NULL,'2024-04-10 14:18:40',NULL,NULL,NULL,NULL,NULL,1,'\0',NULL,3,'','2024-04-15 15:20:33','\0',4,NULL,NULL,'\0',1,'\0',NULL,NULL,NULL,'\0'),(862,150,2231,'2024-04-10 14:18:40',1,NULL,NULL,'',NULL,'\0','\0','\0',0,NULL,'0001-01-01 00:00:00',2,NULL,'2024-04-10 14:18:40',NULL,NULL,NULL,NULL,NULL,1,'\0',NULL,3,'','2024-04-15 15:20:33','',NULL,NULL,NULL,'\0',0,'\0',NULL,NULL,NULL,'\0'),(863,150,2232,'2024-04-10 14:18:40',1,NULL,NULL,'',NULL,'\0','\0','\0',0,NULL,'0001-01-01 00:00:00',2,NULL,'2024-04-10 14:18:40',NULL,NULL,NULL,NULL,NULL,1,'\0',NULL,3,'','2024-04-15 15:20:33','',NULL,NULL,NULL,'\0',0,'\0',NULL,NULL,NULL,'\0'),(864,150,2233,'2024-04-10 14:18:40',4,'o','o','','','\0','\0','\0',0,'2024-04-10 14:19:30','2024-04-10 14:19:30',10,NULL,'2024-04-10 14:18:40',NULL,NULL,NULL,NULL,NULL,1,'\0',NULL,3,'','2024-04-15 15:20:33','\0',4,NULL,NULL,'\0',1,'\0',NULL,NULL,NULL,'\0'),(865,150,2235,'2024-04-10 14:18:40',4,'+++','+++','','','\0','\0','\0',0,'2024-04-10 14:19:30','2024-04-10 14:19:30',10,NULL,'2024-04-10 14:18:40',NULL,NULL,NULL,NULL,NULL,1,'\0',NULL,3,'','2024-04-15 15:20:33','\0',4,NULL,NULL,'\0',1,'\0',NULL,NULL,NULL,'\0'),(866,150,2236,'2024-04-10 14:18:40',4,'+','+','','','\0','\0','\0',0,'2024-04-10 14:19:30','2024-04-10 14:19:30',10,NULL,'2024-04-10 14:18:40',NULL,NULL,NULL,NULL,NULL,1,'\0',NULL,3,'','2024-04-15 15:20:33','\0',4,NULL,NULL,'\0',1,'\0',NULL,NULL,NULL,'\0'),(867,150,2237,'2024-04-10 14:18:40',4,'++','++','','','\0','\0','\0',0,'2024-04-10 14:19:30','2024-04-10 14:19:30',10,NULL,'2024-04-10 14:18:40',NULL,NULL,NULL,NULL,NULL,1,'\0',NULL,3,'','2024-04-15 15:20:33','\0',4,NULL,NULL,'\0',1,'\0',NULL,NULL,NULL,'\0'),(868,150,2240,'2024-04-10 14:18:40',1,NULL,NULL,'',NULL,'\0','\0','\0',0,NULL,'0001-01-01 00:00:00',2,NULL,'2024-04-10 14:18:40',NULL,NULL,NULL,NULL,NULL,1,'\0',NULL,3,'','2024-04-15 15:20:33','',NULL,NULL,NULL,'\0',0,'\0',NULL,NULL,NULL,'\0'),(869,150,2241,'2024-04-10 14:18:40',1,NULL,NULL,'',NULL,'\0','\0','\0',0,NULL,'0001-01-01 00:00:00',2,NULL,'2024-04-10 14:18:40',NULL,NULL,NULL,NULL,NULL,1,'\0',NULL,3,'','2024-04-15 15:20:33','',NULL,NULL,NULL,'\0',0,'\0',NULL,NULL,NULL,'\0'),(870,150,2242,'2024-04-10 14:18:40',1,NULL,NULL,'',NULL,'\0','\0','\0',0,NULL,'0001-01-01 00:00:00',2,NULL,'2024-04-10 14:18:40',NULL,NULL,NULL,NULL,NULL,1,'\0',NULL,3,'','2024-04-15 15:20:33','',NULL,NULL,NULL,'\0',0,'\0',NULL,NULL,NULL,'\0'),(871,150,2243,'2024-04-10 14:18:40',1,NULL,NULL,'',NULL,'\0','\0','\0',0,NULL,'0001-01-01 00:00:00',2,NULL,'2024-04-10 14:18:40',NULL,NULL,NULL,NULL,NULL,1,'\0',NULL,3,'','2024-04-15 15:20:33','',NULL,NULL,NULL,'\0',0,'\0',NULL,NULL,NULL,'\0'),(872,150,2244,'2024-04-10 14:18:40',1,NULL,NULL,'',NULL,'\0','\0','\0',0,NULL,'0001-01-01 00:00:00',2,NULL,'2024-04-10 14:18:40',NULL,NULL,NULL,NULL,NULL,1,'\0',NULL,3,'','2024-04-15 15:20:33','',NULL,NULL,NULL,'\0',0,'\0',NULL,NULL,NULL,'\0'),(873,150,2245,'2024-04-10 14:18:40',1,NULL,NULL,'',NULL,'\0','\0','\0',0,NULL,'0001-01-01 00:00:00',2,NULL,'2024-04-10 14:18:40',NULL,NULL,NULL,NULL,NULL,1,'\0',NULL,3,'','2024-04-15 15:20:33','',NULL,NULL,NULL,'\0',0,'\0',NULL,NULL,NULL,'\0'),(874,150,2246,'2024-04-10 14:18:40',1,NULL,NULL,'',NULL,'\0','\0','\0',0,NULL,'0001-01-01 00:00:00',2,NULL,'2024-04-10 14:18:40',NULL,NULL,NULL,NULL,NULL,1,'\0',NULL,3,'','2024-04-15 15:20:33','',NULL,NULL,NULL,'\0',0,'\0',NULL,NULL,NULL,'\0'),(875,150,2238,'2024-04-10 14:18:40',4,'+++','+++','','','\0','\0','\0',0,'2024-04-10 14:19:31','2024-04-10 14:19:31',10,NULL,'2024-04-10 14:18:40',NULL,NULL,NULL,NULL,NULL,1,'\0',NULL,3,'','2024-04-15 15:20:33','\0',4,NULL,NULL,'\0',1,'\0',NULL,NULL,NULL,'\0'),(876,150,2239,'2024-04-10 14:18:40',4,'+++','+++','','','\0','\0','\0',0,'2024-04-10 14:19:31','2024-04-10 14:19:31',10,NULL,'2024-04-10 14:18:40',NULL,NULL,NULL,NULL,NULL,1,'\0',NULL,3,'','2024-04-15 15:20:33','\0',4,NULL,NULL,'\0',1,'\0',NULL,NULL,NULL,'\0'),(877,150,2190,'2024-04-10 14:18:50',3,'o','o','','','\0','\0','\0',0,'2024-04-10 14:19:27','2024-04-10 14:19:27',10,NULL,'2024-04-10 14:18:50',NULL,NULL,NULL,NULL,NULL,1,'\0',NULL,3,'','2024-04-15 15:20:33','\0',4,NULL,NULL,'\0',1,'\0',NULL,NULL,NULL,'\0'),(878,173,2229,'2024-04-18 08:57:28',4,NULL,'o',NULL,NULL,'\0','\0','\0',0,NULL,'2024-04-18 08:58:28',2,NULL,'2024-04-18 08:57:28',NULL,NULL,NULL,NULL,NULL,1,'\0',NULL,3,'','2024-05-08 09:00:27','\0',NULL,NULL,NULL,'\0',0,'\0',NULL,NULL,NULL,'\0'),(879,173,2187,'2024-04-18 08:57:28',4,NULL,'o',NULL,NULL,'\0','\0','\0',0,NULL,'2024-04-18 08:58:28',2,NULL,'2024-04-18 08:57:28',NULL,'2024-04-18 08:59:38',4,NULL,NULL,1,'\0',NULL,3,'','2024-05-08 09:00:27','\0',NULL,NULL,NULL,'\0',0,'\0',NULL,NULL,NULL,'\0'),(880,173,2188,'2024-04-18 08:57:28',4,NULL,'o',NULL,NULL,'\0','\0','\0',0,NULL,'2024-04-18 08:58:28',2,NULL,'2024-04-18 08:57:28',NULL,'2024-04-18 08:59:38',4,NULL,NULL,1,'\0',NULL,3,'','2024-05-08 09:00:27','\0',NULL,NULL,NULL,'\0',0,'\0',NULL,NULL,NULL,'\0'),(881,173,2189,'2024-04-18 08:57:28',4,NULL,'++',NULL,NULL,'\0','\0','\0',0,NULL,'2024-04-18 08:58:28',2,NULL,'2024-04-18 08:57:28',NULL,'2024-04-18 08:59:38',4,NULL,NULL,1,'\0',NULL,3,'','2024-05-08 09:00:27','\0',NULL,NULL,NULL,'\0',0,'\0',NULL,NULL,NULL,'\0'),(882,173,2190,'2024-04-18 08:57:28',4,NULL,'++',NULL,NULL,'\0','\0','\0',0,NULL,'2024-04-18 08:58:28',2,NULL,'2024-04-18 08:57:28',NULL,'2024-04-18 08:59:38',4,NULL,NULL,1,'\0',NULL,3,'','2024-05-08 09:00:27','\0',NULL,NULL,NULL,'\0',0,'\0',NULL,NULL,NULL,'\0'),(883,173,2191,'2024-04-18 08:57:28',4,NULL,'+++',NULL,NULL,'\0','\0','\0',0,NULL,'2024-04-18 08:58:28',2,NULL,'2024-04-18 08:57:28',NULL,'2024-04-18 08:59:38',4,NULL,NULL,1,'\0',NULL,3,'','2024-05-08 09:00:27','\0',NULL,NULL,NULL,'\0',0,'\0',NULL,NULL,NULL,'\0'),(884,173,2192,'2024-04-18 08:57:28',4,NULL,'o',NULL,NULL,'\0','\0','\0',0,NULL,'2024-04-18 08:58:28',2,NULL,'2024-04-18 08:57:28',NULL,'2024-04-18 08:59:38',4,NULL,NULL,1,'\0',NULL,3,'','2024-05-08 09:00:27','\0',NULL,NULL,NULL,'\0',0,'\0',NULL,NULL,NULL,'\0'),(885,173,2193,'2024-04-18 08:57:28',4,NULL,'o',NULL,NULL,'\0','\0','\0',0,NULL,'2024-04-18 08:58:28',2,NULL,'2024-04-18 08:57:28',NULL,'2024-04-18 08:59:38',4,NULL,NULL,1,'\0',NULL,3,'','2024-05-08 09:00:27','\0',NULL,NULL,NULL,'\0',0,'\0',NULL,NULL,NULL,'\0'),(886,173,2230,'2024-04-18 08:57:28',4,NULL,'o',NULL,NULL,'\0','\0','\0',0,NULL,'2024-04-18 08:58:28',2,NULL,'2024-04-18 08:57:28',NULL,NULL,NULL,NULL,NULL,1,'\0',NULL,3,'','2024-05-08 09:00:27','\0',NULL,NULL,NULL,'\0',0,'\0',NULL,NULL,NULL,'\0'),(887,173,2214,'2024-04-18 08:57:28',1,NULL,NULL,NULL,NULL,'\0','\0','\0',0,NULL,'0001-01-01 00:00:00',2,NULL,'2024-04-18 08:57:28',NULL,NULL,NULL,NULL,NULL,1,'\0',NULL,3,'','2024-05-08 09:00:27','',NULL,NULL,NULL,'\0',0,'\0',NULL,NULL,NULL,'\0'),(888,173,2215,'2024-04-18 08:57:28',1,NULL,NULL,NULL,NULL,'\0','\0','\0',0,NULL,'0001-01-01 00:00:00',2,NULL,'2024-04-18 08:57:28',NULL,NULL,NULL,NULL,NULL,1,'\0',NULL,3,'','2024-05-08 09:00:27','',NULL,NULL,NULL,'\0',0,'\0',NULL,NULL,NULL,'\0'),(889,173,2216,'2024-04-18 08:57:28',1,NULL,NULL,NULL,NULL,'\0','\0','\0',0,NULL,'0001-01-01 00:00:00',2,NULL,'2024-04-18 08:57:28',NULL,NULL,NULL,NULL,NULL,1,'\0',NULL,3,'','2024-05-08 09:00:27','',NULL,NULL,NULL,'\0',0,'\0',NULL,NULL,NULL,'\0'),(890,173,2217,'2024-04-18 08:57:28',1,NULL,NULL,NULL,NULL,'\0','\0','\0',0,NULL,'0001-01-01 00:00:00',2,NULL,'2024-04-18 08:57:28',NULL,NULL,NULL,NULL,NULL,1,'\0',NULL,3,'','2024-05-08 09:00:27','',NULL,NULL,NULL,'\0',0,'\0',NULL,NULL,NULL,'\0'),(891,173,2218,'2024-04-18 08:57:28',1,NULL,NULL,NULL,NULL,'\0','\0','\0',0,NULL,'0001-01-01 00:00:00',2,NULL,'2024-04-18 08:57:28',NULL,NULL,NULL,NULL,NULL,1,'\0',NULL,3,'','2024-05-08 09:00:27','',NULL,NULL,NULL,'\0',0,'\0',NULL,NULL,NULL,'\0'),(892,173,2219,'2024-04-18 08:57:28',1,NULL,NULL,NULL,NULL,'\0','\0','\0',0,NULL,'0001-01-01 00:00:00',2,NULL,'2024-04-18 08:57:28',NULL,NULL,NULL,NULL,NULL,1,'\0',NULL,3,'','2024-05-08 09:00:27','',NULL,NULL,NULL,'\0',0,'\0',NULL,NULL,NULL,'\0'),(893,173,2220,'2024-04-18 08:57:28',1,NULL,NULL,NULL,NULL,'\0','\0','\0',0,NULL,'0001-01-01 00:00:00',2,NULL,'2024-04-18 08:57:28',NULL,NULL,NULL,NULL,NULL,1,'\0',NULL,3,'','2024-05-08 09:00:27','',NULL,NULL,NULL,'\0',0,'\0',NULL,NULL,NULL,'\0'),(894,173,2231,'2024-04-18 08:57:28',1,NULL,NULL,NULL,NULL,'\0','\0','\0',0,NULL,'0001-01-01 00:00:00',2,NULL,'2024-04-18 08:57:28',NULL,NULL,NULL,NULL,NULL,1,'\0',NULL,3,'','2024-05-08 09:00:27','',NULL,NULL,NULL,'\0',0,'\0',NULL,NULL,NULL,'\0'),(895,173,2232,'2024-04-18 08:57:28',1,NULL,NULL,NULL,NULL,'\0','\0','\0',0,NULL,'0001-01-01 00:00:00',2,NULL,'2024-04-18 08:57:28',NULL,NULL,NULL,NULL,NULL,1,'\0',NULL,3,'','2024-05-08 09:00:27','',NULL,NULL,NULL,'\0',0,'\0',NULL,NULL,NULL,'\0'),(896,173,2194,'2024-04-18 09:02:34',4,NULL,'o','',NULL,'\0','\0','\0',0,NULL,'2024-04-18 09:02:57',2,NULL,'2024-04-18 09:02:34',NULL,NULL,NULL,NULL,NULL,1,'\0',NULL,3,'','2024-05-08 09:00:27','\0',NULL,NULL,NULL,'\0',0,'\0',NULL,NULL,NULL,'\0'),(897,173,2195,'2024-04-18 09:02:34',4,NULL,'o','',NULL,'\0','\0','\0',0,NULL,'2024-04-18 09:02:57',2,NULL,'2024-04-18 09:02:34',NULL,NULL,NULL,NULL,NULL,1,'\0',NULL,3,'','2024-05-08 09:00:27','\0',NULL,NULL,NULL,'\0',0,'\0',NULL,NULL,NULL,'\0'),(898,173,2196,'2024-04-18 09:02:34',4,NULL,'o','',NULL,'\0','\0','\0',0,NULL,'2024-04-18 09:02:57',2,NULL,'2024-04-18 09:02:34',NULL,NULL,NULL,NULL,NULL,1,'\0',NULL,3,'','2024-05-08 09:00:27','\0',NULL,NULL,NULL,'\0',0,'\0',NULL,NULL,NULL,'\0'),(899,173,2197,'2024-04-18 09:02:34',4,NULL,'o','',NULL,'\0','\0','\0',0,NULL,'2024-04-18 09:02:57',2,NULL,'2024-04-18 09:02:34',NULL,NULL,NULL,NULL,NULL,1,'\0',NULL,3,'','2024-05-08 09:00:27','\0',NULL,NULL,NULL,'\0',0,'\0',NULL,NULL,NULL,'\0'),(900,173,2198,'2024-04-18 09:02:34',4,NULL,'o','',NULL,'\0','\0','\0',0,NULL,'2024-04-18 09:02:57',2,NULL,'2024-04-18 09:02:34',NULL,NULL,NULL,NULL,NULL,1,'\0',NULL,3,'','2024-05-08 09:00:27','\0',NULL,NULL,NULL,'\0',0,'\0',NULL,NULL,NULL,'\0'),(901,173,2199,'2024-04-18 09:02:34',4,NULL,'o','',NULL,'\0','\0','\0',0,NULL,'2024-04-18 09:02:57',2,NULL,'2024-04-18 09:02:34',NULL,NULL,NULL,NULL,NULL,1,'\0',NULL,3,'','2024-05-08 09:00:27','\0',NULL,NULL,NULL,'\0',0,'\0',NULL,NULL,NULL,'\0'),(902,173,2200,'2024-04-18 09:02:34',4,NULL,'o','',NULL,'\0','\0','\0',0,NULL,'2024-04-18 09:02:57',2,NULL,'2024-04-18 09:02:34',NULL,NULL,NULL,NULL,NULL,1,'\0',NULL,3,'','2024-05-08 09:00:27','\0',NULL,NULL,NULL,'\0',0,'\0',NULL,NULL,NULL,'\0'),(903,173,2201,'2024-04-18 09:02:34',4,NULL,'o','',NULL,'\0','\0','\0',0,NULL,'2024-04-18 09:02:57',2,NULL,'2024-04-18 09:02:34',NULL,NULL,NULL,NULL,NULL,1,'\0',NULL,3,'','2024-05-08 09:00:27','\0',NULL,NULL,NULL,'\0',0,'\0',NULL,NULL,NULL,'\0'),(904,173,2202,'2024-04-18 09:02:34',4,NULL,'o','',NULL,'\0','\0','\0',0,NULL,'2024-04-18 09:02:57',2,NULL,'2024-04-18 09:02:34',NULL,NULL,NULL,NULL,NULL,1,'\0',NULL,3,'','2024-05-08 09:00:27','\0',NULL,NULL,NULL,'\0',0,'\0',NULL,NULL,NULL,'\0'),(905,173,2203,'2024-04-18 09:02:34',4,NULL,'o','',NULL,'\0','\0','\0',0,NULL,'2024-04-18 09:02:57',2,NULL,'2024-04-18 09:02:34',NULL,NULL,NULL,NULL,NULL,1,'\0',NULL,3,'','2024-05-08 09:00:27','\0',NULL,NULL,NULL,'\0',0,'\0',NULL,NULL,NULL,'\0'),(906,173,2204,'2024-04-18 09:02:34',4,NULL,'o','',NULL,'\0','\0','\0',0,NULL,'2024-04-18 09:02:57',2,NULL,'2024-04-18 09:02:34',NULL,NULL,NULL,NULL,NULL,1,'\0',NULL,3,'','2024-05-08 09:00:27','\0',NULL,NULL,NULL,'\0',0,'\0',NULL,NULL,NULL,'\0'),(907,173,2205,'2024-04-18 09:02:34',4,NULL,'o','',NULL,'\0','\0','\0',0,NULL,'2024-04-18 09:02:57',2,NULL,'2024-04-18 09:02:34',NULL,NULL,NULL,NULL,NULL,1,'\0',NULL,3,'','2024-05-08 09:00:27','\0',NULL,NULL,NULL,'\0',0,'\0',NULL,NULL,NULL,'\0'),(908,173,2206,'2024-04-18 09:02:34',4,NULL,'o','',NULL,'\0','\0','\0',0,NULL,'2024-04-18 09:02:57',2,NULL,'2024-04-18 09:02:34',NULL,NULL,NULL,NULL,NULL,1,'\0',NULL,3,'','2024-05-08 09:00:27','\0',NULL,NULL,NULL,'\0',0,'\0',NULL,NULL,NULL,'\0'),(909,173,2207,'2024-04-18 09:02:34',4,NULL,'o','',NULL,'\0','\0','\0',0,NULL,'2024-04-18 09:02:57',2,NULL,'2024-04-18 09:02:34',NULL,NULL,NULL,NULL,NULL,1,'\0',NULL,3,'','2024-05-08 09:00:27','\0',NULL,NULL,NULL,'\0',0,'\0',NULL,NULL,NULL,'\0'),(910,174,2229,'2024-04-18 09:04:39',4,NULL,'o',NULL,NULL,'\0','\0','\0',0,NULL,'2024-04-18 09:04:54',2,NULL,'2024-04-18 09:04:39',NULL,NULL,NULL,NULL,NULL,1,'\0',NULL,3,'','2024-05-08 09:05:28','\0',NULL,NULL,NULL,'\0',0,'\0',NULL,NULL,NULL,'\0'),(911,174,2230,'2024-04-18 09:04:39',4,NULL,'o',NULL,NULL,'\0','\0','\0',0,NULL,'2024-04-18 09:04:54',2,NULL,'2024-04-18 09:04:39',NULL,NULL,NULL,NULL,NULL,1,'\0',NULL,3,'','2024-05-08 09:05:28','\0',NULL,NULL,NULL,'\0',0,'\0',NULL,NULL,NULL,'\0'),(912,175,2198,'2024-04-18 11:18:31',6,'o','o','','1','\0','\0','',1,'2024-04-18 12:57:09','2024-04-18 13:00:03',10,NULL,'2024-04-18 11:18:31',NULL,'2024-04-18 13:09:50',4,NULL,NULL,1,'\0',NULL,1,'','2024-05-03 13:15:32','\0',4,NULL,NULL,'\0',2,'\0',NULL,NULL,'2024-04-18 13:11:21','\0'),(913,175,2199,'2024-04-18 11:18:31',6,'o','o','','2','\0','\0','',1,'2024-04-18 12:57:09','2024-04-18 13:00:03',10,NULL,'2024-04-18 11:18:31',NULL,'2024-04-18 13:09:50',4,NULL,NULL,1,'\0',NULL,1,'','2024-05-03 13:15:32','\0',4,NULL,NULL,'\0',2,'\0',NULL,NULL,'2024-04-18 13:11:21','\0'),(914,175,2207,'2024-04-18 11:18:31',6,'o','o','','2','\0','\0','',1,'2024-04-18 12:57:09','2024-04-18 13:00:03',10,NULL,'2024-04-18 11:18:31',NULL,'2024-04-18 13:09:50',4,NULL,NULL,1,'\0',NULL,1,'','2024-05-03 13:15:32','\0',4,NULL,NULL,'\0',2,'\0',NULL,NULL,'2024-04-18 13:11:21','\0'),(915,175,2197,'2024-04-18 11:18:31',6,'o','o','','1','\0','\0','',1,'2024-04-18 12:57:09','2024-04-18 13:00:03',10,NULL,'2024-04-18 11:18:31',NULL,'2024-04-18 13:09:50',4,NULL,NULL,1,'\0',NULL,1,'','2024-05-03 13:15:32','\0',4,NULL,NULL,'\0',2,'\0',NULL,NULL,'2024-04-18 13:11:21','\0'),(916,175,2200,'2024-04-18 11:18:31',6,'(+)','(+)','','11','\0','\0','',1,'2024-04-18 12:57:09','2024-04-18 13:00:03',10,NULL,'2024-04-18 11:18:31',NULL,'2024-04-18 13:09:50',4,NULL,NULL,1,'\0',NULL,1,'','2024-05-03 13:15:32','\0',4,NULL,NULL,'\0',2,'\0',NULL,NULL,'2024-04-18 13:11:21','\0'),(917,175,2205,'2024-04-18 11:18:31',6,'o','o','','3','\0','\0','',1,'2024-04-18 12:57:09','2024-04-18 13:00:03',10,NULL,'2024-04-18 11:18:31',NULL,'2024-04-18 13:09:50',4,NULL,NULL,1,'\0',NULL,1,'','2024-05-03 13:15:32','\0',4,NULL,NULL,'\0',2,'\0',NULL,NULL,'2024-04-18 13:11:21','\0'),(918,175,2196,'2024-04-18 11:18:31',6,'o','o','','2','\0','\0','',1,'2024-04-18 12:57:09','2024-04-18 13:00:03',10,NULL,'2024-04-18 11:18:31',NULL,'2024-04-18 13:09:50',4,NULL,NULL,1,'\0',NULL,1,'','2024-05-03 13:15:32','\0',4,NULL,NULL,'\0',2,'\0',NULL,NULL,'2024-04-18 13:11:21','\0'),(919,175,2204,'2024-04-18 11:18:31',6,'o','o','','3','\0','\0','',1,'2024-04-18 12:57:09','2024-04-18 13:00:03',10,NULL,'2024-04-18 11:18:31',NULL,'2024-04-18 13:09:50',4,NULL,NULL,1,'\0',NULL,1,'','2024-05-03 13:15:32','\0',4,NULL,NULL,'\0',2,'\0',NULL,NULL,'2024-04-18 13:11:21','\0'),(920,175,2195,'2024-04-18 11:18:31',6,'o','o','','1','\0','\0','',1,'2024-04-18 12:57:09','2024-04-18 13:00:03',10,NULL,'2024-04-18 11:18:31',NULL,'2024-04-18 13:09:50',4,NULL,NULL,1,'\0',NULL,1,'','2024-05-03 13:15:32','\0',4,NULL,NULL,'\0',2,'\0',NULL,NULL,'2024-04-18 13:11:21','\0'),(921,175,2203,'2024-04-18 11:18:31',6,'o','o','','1','\0','\0','',1,'2024-04-18 12:57:09','2024-04-18 13:00:03',10,NULL,'2024-04-18 11:18:31',NULL,'2024-04-18 13:09:50',4,NULL,NULL,1,'\0',NULL,1,'','2024-05-03 13:15:32','\0',4,NULL,NULL,'\0',2,'\0',NULL,NULL,'2024-04-18 13:11:21','\0'),(922,175,2202,'2024-04-18 11:18:31',6,'o','o','','1','\0','\0','',1,'2024-04-18 12:57:09','2024-04-18 13:00:03',10,NULL,'2024-04-18 11:18:31',NULL,'2024-04-18 13:09:50',4,NULL,NULL,1,'\0',NULL,1,'','2024-05-03 13:15:32','\0',4,NULL,NULL,'\0',2,'\0',NULL,NULL,'2024-04-18 13:11:21','\0'),(923,175,2206,'2024-04-18 11:18:31',6,'o','o','','2','\0','\0','',1,'2024-04-18 12:57:09','2024-04-18 13:00:03',10,NULL,'2024-04-18 11:18:31',NULL,'2024-04-18 13:09:50',4,NULL,NULL,1,'\0',NULL,1,'','2024-05-03 13:15:32','\0',4,NULL,NULL,'\0',2,'\0',NULL,NULL,'2024-04-18 13:11:21','\0'),(924,175,2201,'2024-04-18 11:18:31',6,'o','o','','3','\0','\0','',1,'2024-04-18 12:57:09','2024-04-18 13:00:03',10,NULL,'2024-04-18 11:18:31',NULL,'2024-04-18 13:09:50',4,NULL,NULL,1,'\0',NULL,1,'','2024-05-03 13:15:32','\0',4,NULL,NULL,'\0',2,'\0',NULL,NULL,'2024-04-18 13:11:21','\0'),(925,175,2194,'2024-04-18 11:18:31',6,'o','o','','2','\0','\0','',1,'2024-04-18 12:57:09','2024-04-18 13:00:03',10,NULL,'2024-04-18 11:18:31',NULL,'2024-04-18 13:09:50',4,NULL,NULL,1,'\0',NULL,1,'','2024-05-03 13:15:32','\0',4,NULL,NULL,'\0',2,'\0',NULL,NULL,'2024-04-18 13:11:21','\0'),(926,176,2238,'2024-04-18 11:21:31',6,'o','o','','3','\0','\0','',1,'2024-04-18 12:57:09','2024-04-18 13:00:05',10,NULL,'2024-04-18 11:21:31',NULL,'2024-04-18 13:09:52',4,NULL,NULL,1,'\0',NULL,1,'','2024-05-03 13:15:32','\0',4,NULL,NULL,'\0',2,'\0',NULL,NULL,'2024-04-18 13:11:21','\0'),(927,176,2239,'2024-04-18 11:21:31',6,'o','o','','4','\0','\0','',1,'2024-04-18 12:57:09','2024-04-18 13:00:05',10,NULL,'2024-04-18 11:21:31',NULL,'2024-04-18 13:09:52',4,NULL,NULL,1,'\0',NULL,1,'','2024-05-03 13:15:32','\0',4,NULL,NULL,'\0',2,'\0',NULL,NULL,'2024-04-18 13:11:21','\0'),(928,176,2233,'2024-04-18 11:21:31',6,'o','o','','6','\0','\0','',1,'2024-04-18 12:57:09','2024-04-18 13:00:05',10,NULL,'2024-04-18 11:21:31',NULL,'2024-04-18 13:09:52',4,NULL,NULL,1,'\0',NULL,1,'','2024-05-03 13:15:32','\0',4,NULL,NULL,'\0',2,'\0',NULL,NULL,'2024-04-18 13:11:21','\0'),(929,176,2235,'2024-04-18 11:21:31',6,'o','o','','2','\0','\0','',1,'2024-04-18 12:57:09','2024-04-18 13:00:05',10,NULL,'2024-04-18 11:21:31',NULL,'2024-04-18 13:09:52',4,NULL,NULL,1,'\0',NULL,1,'','2024-05-03 13:15:32','\0',4,NULL,NULL,'\0',2,'\0',NULL,NULL,'2024-04-18 13:11:21','\0'),(930,176,2237,'2024-04-18 11:21:31',6,'o','o','','3','\0','\0','',1,'2024-04-18 12:57:09','2024-04-18 13:00:05',10,NULL,'2024-04-18 11:21:31',NULL,'2024-04-18 13:09:52',4,NULL,NULL,1,'\0',NULL,1,'','2024-05-03 13:15:32','\0',4,NULL,NULL,'\0',2,'\0',NULL,NULL,'2024-04-18 13:11:21','\0'),(931,176,2236,'2024-04-18 11:21:31',6,'o','o','','4','\0','\0','',1,'2024-04-18 12:57:09','2024-04-18 13:00:05',10,NULL,'2024-04-18 11:21:31',NULL,'2024-04-18 13:09:52',4,NULL,NULL,1,'\0',NULL,1,'','2024-05-03 13:15:32','\0',4,NULL,NULL,'\0',2,'\0',NULL,NULL,'2024-04-18 13:11:21','\0'),(932,176,2234,'2024-04-18 11:21:31',6,'o','o','','2','\0','\0','',1,'2024-04-18 12:57:09','2024-04-18 13:00:05',10,NULL,'2024-04-18 11:21:31',NULL,'2024-04-18 13:09:52',4,NULL,NULL,1,'\0',NULL,1,'','2024-05-03 13:15:32','\0',4,NULL,NULL,'\0',2,'\0',NULL,NULL,'2024-04-18 13:11:21','\0'),(933,177,2230,'2024-04-18 11:22:31',6,'o','o','','5','\0','\0','',1,'2024-04-18 12:57:09','2024-04-18 13:00:04',10,NULL,'2024-04-18 11:22:31',NULL,'2024-04-18 13:09:53',4,NULL,NULL,1,'\0',NULL,1,'','2024-05-03 13:15:32','\0',4,NULL,NULL,'\0',2,'\0',NULL,NULL,'2024-04-18 13:11:21','\0'),(934,177,2229,'2024-04-18 11:22:31',6,'o','o','','2','\0','\0','',1,'2024-04-18 12:57:09','2024-04-18 13:00:04',10,NULL,'2024-04-18 11:22:31',NULL,'2024-04-18 13:09:53',4,NULL,NULL,1,'\0',NULL,1,'','2024-05-03 13:15:32','\0',4,NULL,NULL,'\0',2,'\0',NULL,NULL,'2024-04-18 13:11:21','\0'),(935,178,2190,'2024-04-18 11:23:11',6,'+++','+++','','136','\0','\0','',1,'2024-04-18 12:57:09','2024-04-18 13:00:01',10,NULL,'2024-04-18 11:23:11',NULL,'2024-04-18 13:09:56',4,NULL,NULL,1,'\0',NULL,1,'','2024-05-03 13:15:32','\0',4,NULL,NULL,'\0',2,'\0',NULL,NULL,'2024-04-18 13:11:21','\0'),(936,178,2191,'2024-04-18 11:23:11',6,'+++','+++','','134','\0','\0','',1,'2024-04-18 12:57:09','2024-04-18 13:00:01',10,NULL,'2024-04-18 11:23:11',NULL,'2024-04-18 13:09:56',4,NULL,NULL,1,'\0',NULL,1,'','2024-05-03 13:15:32','\0',4,NULL,NULL,'\0',2,'\0',NULL,NULL,'2024-04-18 13:11:21','\0'),(937,178,2189,'2024-04-18 11:23:11',6,'o','o','','4','\0','\0','',1,'2024-04-18 12:57:09','2024-04-18 13:00:01',10,NULL,'2024-04-18 11:23:11',NULL,'2024-04-18 13:09:56',4,NULL,NULL,1,'\0',NULL,1,'','2024-05-03 13:15:32','\0',4,NULL,NULL,'\0',2,'\0',NULL,NULL,'2024-04-18 13:11:21','\0'),(938,178,2193,'2024-04-18 11:23:11',6,'o','o','','2','\0','\0','',1,'2024-04-18 12:57:09','2024-04-18 13:00:01',10,NULL,'2024-04-18 11:23:11',NULL,'2024-04-18 13:09:56',4,NULL,NULL,1,'\0',NULL,1,'','2024-05-03 13:15:32','\0',4,NULL,NULL,'\0',2,'\0',NULL,NULL,'2024-04-18 13:11:21','\0'),(939,178,2188,'2024-04-18 11:23:11',6,'o','o','','7','\0','\0','',1,'2024-04-18 12:57:09','2024-04-18 13:00:01',10,NULL,'2024-04-18 11:23:11',NULL,'2024-04-18 13:09:56',4,NULL,NULL,1,'\0',NULL,1,'','2024-05-03 13:15:32','\0',4,NULL,NULL,'\0',2,'\0',NULL,NULL,'2024-04-18 13:11:21','\0'),(940,178,2187,'2024-04-18 11:23:11',6,'o','o','','3','\0','\0','',1,'2024-04-18 12:57:09','2024-04-18 13:00:01',10,NULL,'2024-04-18 11:23:11',NULL,'2024-04-18 13:09:56',4,NULL,NULL,1,'\0',NULL,1,'','2024-05-03 13:15:32','\0',4,NULL,NULL,'\0',2,'\0',NULL,NULL,'2024-04-18 13:11:21','\0'),(941,178,2192,'2024-04-18 11:23:11',6,'o','o','','2','\0','\0','',1,'2024-04-18 12:57:09','2024-04-18 13:00:01',10,NULL,'2024-04-18 11:23:11',NULL,'2024-04-18 13:09:56',4,NULL,NULL,1,'\0',NULL,1,'','2024-05-03 13:15:32','\0',4,NULL,NULL,'\0',2,'\0',NULL,NULL,'2024-04-18 13:11:21','\0'),(942,178,2238,'2024-04-18 11:23:11',6,'o','o','','4','\0','\0','',1,'2024-04-18 12:57:09','2024-04-18 13:00:02',10,NULL,'2024-04-18 11:23:11',NULL,'2024-04-18 13:09:56',4,NULL,NULL,1,'\0',NULL,1,'','2024-05-03 13:15:32','\0',4,NULL,NULL,'\0',2,'\0',NULL,NULL,'2024-04-18 13:11:21','\0'),(943,178,2239,'2024-04-18 11:23:11',6,'o','o','','3','\0','\0','',1,'2024-04-18 12:57:09','2024-04-18 13:00:02',10,NULL,'2024-04-18 11:23:11',NULL,'2024-04-18 13:09:56',4,NULL,NULL,1,'\0',NULL,1,'','2024-05-03 13:15:32','\0',4,NULL,NULL,'\0',2,'\0',NULL,NULL,'2024-04-18 13:11:21','\0'),(944,178,2233,'2024-04-18 11:23:11',6,'o','o','','4','\0','\0','',1,'2024-04-18 12:57:09','2024-04-18 13:00:02',10,NULL,'2024-04-18 11:23:11',NULL,'2024-04-18 13:09:56',4,NULL,NULL,1,'\0',NULL,1,'','2024-05-03 13:15:32','\0',4,NULL,NULL,'\0',2,'\0',NULL,NULL,'2024-04-18 13:11:21','\0'),(945,178,2235,'2024-04-18 11:23:11',6,'o','o','','2','\0','\0','',1,'2024-04-18 12:57:09','2024-04-18 13:00:02',10,NULL,'2024-04-18 11:23:11',NULL,'2024-04-18 13:09:56',4,NULL,NULL,1,'\0',NULL,1,'','2024-05-03 13:15:32','\0',4,NULL,NULL,'\0',2,'\0',NULL,NULL,'2024-04-18 13:11:21','\0'),(946,178,2237,'2024-04-18 11:23:11',6,'o','o','','5','\0','\0','',1,'2024-04-18 12:57:09','2024-04-18 13:00:01',10,NULL,'2024-04-18 11:23:11',NULL,'2024-04-18 13:09:56',4,NULL,NULL,1,'\0',NULL,1,'','2024-05-03 13:15:32','\0',4,NULL,NULL,'\0',2,'\0',NULL,NULL,'2024-04-18 13:11:21','\0'),(947,178,2236,'2024-04-18 11:23:11',6,'o','o','','2','\0','\0','',1,'2024-04-18 12:57:09','2024-04-18 13:00:01',10,NULL,'2024-04-18 11:23:11',NULL,'2024-04-18 13:09:56',4,NULL,NULL,1,'\0',NULL,1,'','2024-05-03 13:15:32','\0',4,NULL,NULL,'\0',2,'\0',NULL,NULL,'2024-04-18 13:11:21','\0'),(948,178,2234,'2024-04-18 11:23:11',6,'o','o','','3','\0','\0','',1,'2024-04-18 12:57:09','2024-04-18 13:00:01',10,NULL,'2024-04-18 11:23:11',NULL,'2024-04-18 13:09:56',4,NULL,NULL,1,'\0',NULL,1,'','2024-05-03 13:15:32','\0',4,NULL,NULL,'\0',2,'\0',NULL,NULL,'2024-04-18 13:11:21','\0'),(949,179,2190,'2024-04-18 11:27:51',6,'o','o','','2','\0','\0','',1,'2024-04-18 12:57:09','2024-04-18 13:00:02',10,NULL,'2024-04-18 11:27:51',NULL,'2024-04-18 13:09:59',4,NULL,NULL,1,'\0',NULL,1,'','2024-05-03 13:15:32','\0',4,NULL,NULL,'\0',2,'\0',NULL,NULL,'2024-04-18 13:11:21','\0'),(950,179,2191,'2024-04-18 11:27:51',6,'o','o','','1','\0','\0','',1,'2024-04-18 12:57:09','2024-04-18 13:00:02',10,NULL,'2024-04-18 11:27:51',NULL,'2024-04-18 13:09:59',4,NULL,NULL,1,'\0',NULL,1,'','2024-05-03 13:15:32','\0',4,NULL,NULL,'\0',2,'\0',NULL,NULL,'2024-04-18 13:11:21','\0'),(951,179,2189,'2024-04-18 11:27:51',6,'o','o','','2','\0','\0','',1,'2024-04-18 12:57:09','2024-04-18 13:00:02',10,NULL,'2024-04-18 11:27:51',NULL,'2024-04-18 13:09:59',4,NULL,NULL,1,'\0',NULL,1,'','2024-05-03 13:15:32','\0',4,NULL,NULL,'\0',2,'\0',NULL,NULL,'2024-04-18 13:11:21','\0'),(952,179,2193,'2024-04-18 11:27:51',6,'o','o','','1','\0','\0','',1,'2024-04-18 12:57:09','2024-04-18 13:00:02',10,NULL,'2024-04-18 11:27:51',NULL,'2024-04-18 13:09:59',4,NULL,NULL,1,'\0',NULL,1,'','2024-05-03 13:15:32','\0',4,NULL,NULL,'\0',2,'\0',NULL,NULL,'2024-04-18 13:11:21','\0'),(953,179,2188,'2024-04-18 11:27:51',6,'o','o','','1','\0','\0','',1,'2024-04-18 12:57:09','2024-04-18 13:00:02',10,NULL,'2024-04-18 11:27:51',NULL,'2024-04-18 13:09:59',4,NULL,NULL,1,'\0',NULL,1,'','2024-05-03 13:15:32','\0',4,NULL,NULL,'\0',2,'\0',NULL,NULL,'2024-04-18 13:11:21','\0'),(954,179,2187,'2024-04-18 11:27:51',6,'o','o','','1','\0','\0','',1,'2024-04-18 12:57:09','2024-04-18 13:00:02',10,NULL,'2024-04-18 11:27:51',NULL,'2024-04-18 13:09:59',4,NULL,NULL,1,'\0',NULL,1,'','2024-05-03 13:15:32','\0',4,NULL,NULL,'\0',2,'\0',NULL,NULL,'2024-04-18 13:11:21','\0'),(955,179,2192,'2024-04-18 11:27:51',6,'o','o','','1','\0','\0','',1,'2024-04-18 12:57:09','2024-04-18 13:00:02',10,NULL,'2024-04-18 11:27:51',NULL,'2024-04-18 13:09:59',4,NULL,NULL,1,'\0',NULL,1,'','2024-05-03 13:15:32','\0',4,NULL,NULL,'\0',2,'\0',NULL,NULL,'2024-04-18 13:11:21','\0'),(956,180,2461,'2024-06-13 07:51:59',1,NULL,NULL,'',NULL,'\0','\0','\0',0,NULL,'0001-01-01 00:00:00',1,NULL,'2024-06-13 07:51:59',NULL,NULL,NULL,NULL,NULL,1,'\0',NULL,1,'','2024-07-03 07:55:28','\0',NULL,NULL,NULL,'\0',0,'\0',NULL,NULL,NULL,'\0'),(957,181,2461,'2024-06-13 08:03:59',1,NULL,NULL,'',NULL,'\0','\0','\0',0,NULL,'0001-01-01 00:00:00',1,NULL,'2024-06-13 08:03:59',NULL,NULL,NULL,NULL,NULL,1,'\0',NULL,1,'','2024-07-03 08:05:29','\0',NULL,NULL,NULL,'\0',0,'\0',NULL,NULL,NULL,'\0');

--
-- Table structure for table `testanalyserflag`
--

CREATE TABLE `testanalyserflag` (
  `TestId` bigint(20) unsigned NOT NULL ,
  `ExaminerFlagId` int(10) unsigned NOT NULL ,
  PRIMARY KEY (`TestId`,`ExaminerFlagId`),
  KEY `TestId` (`TestId`),
  KEY `ExaminerFlagId` (`ExaminerFlagId`),
  CONSTRAINT `FK_TestExaminerFlag_ExaminerFlagId` FOREIGN KEY (`ExaminerFlagId`) REFERENCES `analyserflag` (`Id`) ON DELETE CASCADE ON UPDATE NO ACTION,
  CONSTRAINT `FK_TestExaminerFlag_TestId` FOREIGN KEY (`TestId`) REFERENCES `test` (`Id`) ON DELETE CASCADE ON UPDATE NO ACTION
) ENGINE=InnoDB DEFAULT CHARSET=utf8mb4 COLLATE=utf8mb4_unicode_ci ROW_FORMAT=DYNAMIC COMMENT='{BFFC9F92-3181-45C8-933A-2C46DF799278}';

--
-- Dumping data for table `testanalyserflag`
--

INSERT INTO `testanalyserflag` VALUES (80,1),(92,2),(93,2),(112,2),(113,2),(331,1),(332,1),(333,1),(337,2),(338,2),(339,2),(340,2),(341,2),(342,2),(343,2),(344,2),(345,2),(346,2),(347,2),(348,2),(349,2),(350,2),(351,2),(352,2),(353,2),(354,2),(355,2),(356,2),(357,2),(358,2),(359,2),(360,2),(361,2),(362,2),(363,2),(364,2),(365,2),(366,2),(421,2),(422,2),(423,2),(424,2),(425,2),(426,2),(427,2),(428,2),(429,2),(430,2),(431,2),(432,2),(433,2),(434,2),(435,2),(436,2),(437,2),(438,2),(439,2),(440,2),(441,2),(442,2),(443,2),(444,2),(445,2),(446,2),(447,2),(448,2),(449,2),(450,2),(451,2),(452,2),(453,2),(454,2),(455,2),(456,2),(457,2),(458,2),(459,2),(460,2),(461,2),(462,2),(463,2),(464,2),(465,2),(466,2),(467,2),(468,2),(469,2),(470,2),(471,2),(472,2),(473,2),(474,2),(475,2),(476,2),(477,2),(478,2),(489,4),(490,1),(491,3),(492,4),(493,3),(494,4),(495,1),(496,1),(497,3),(498,1),(499,3),(500,1),(502,1),(503,4),(504,3),(505,1),(506,5),(550,1),(551,3),(552,5),(554,1),(555,1),(556,1),(557,1),(558,1),(559,1),(560,4),(561,5),(562,4),(563,4),(564,1),(565,4),(566,1),(641,6),(642,6),(643,6),(644,6),(645,6),(646,6),(647,6),(709,6),(710,6),(711,6),(712,6),(713,6),(714,6),(715,6),(716,6),(717,6),(718,6),(719,6),(720,6),(721,6),(722,6),(788,2),(789,2),(790,2),(791,2),(792,2),(793,2),(794,2),(795,2),(796,2),(797,2),(798,2),(799,2),(800,2),(801,2),(802,2),(803,2),(804,2),(805,2),(806,2),(807,2),(808,2),(809,2),(810,2),(811,2),(812,2),(813,2),(814,2),(815,2),(816,2),(817,9),(818,2),(819,2),(820,2),(821,2),(822,2),(823,2),(824,2),(825,2),(826,2),(834,2),(835,2),(836,2),(837,2),(838,2),(839,2),(840,2),(841,2),(842,2),(843,2),(844,2),(845,2),(846,2),(861,2),(864,2),(865,2),(866,2),(867,2),(875,2),(876,2),(877,2),(912,2),(913,2),(914,2),(915,2),(916,2),(917,2),(918,2),(919,2),(920,2),(921,2),(922,2),(923,2),(924,2),(925,2),(926,2),(927,2),(928,2),(929,2),(930,2),(931,2),(932,2),(933,2),(934,2),(935,2),(936,2),(937,2),(938,2),(939,2),(940,2),(941,2),(942,2),(943,2),(944,2),(945,2),(946,2),(947,2),(948,2),(949,2),(950,2),(951,2),(952,2),(953,2),(954,2),(955,2);


