CREATE TABLE `aaa` (
  `id` int(11) PRIMARY KEY AUTO_INCREMENT,
  `date` datetime NOT NULL,
  `code` int(11) DEFAULT NULL
);

CREATE TABLE `bbb` (
  `id` int(11) PRIMARY KEY AUTO_INCREMENT,
  `code` int(11) NOT NULL,
  `name` varchar(9) NOT NULL
);

CREATE TABLE `ccc` (
  `id` int(11) PRIMARY KEY AUTO_INCREMENT,
  `type` varchar(16) NOT NULL,
  `name` varchar(9) DEFAULT NULL
);

INSERT INTO `aaa` (`date`, `code`) VALUES
('2000-02-05 23:30:31', 241),
('2000-02-06 01:18:37', 243),
('2000-02-06 04:24:42', 244),
('2000-02-06 11:32:25', 245),
('2000-02-06 14:25:31', 248),
('2000-02-06 14:53:28', 249),
('2000-02-06 15:19:49', 251),
('2000-02-06 15:59:07', 252),
('2000-02-06 18:20:58', 254),
('2000-02-06 18:48:02', 256),
('2000-02-06 19:37:11', 257),
('2000-02-06 19:41:44', 258),
('2000-02-06 21:23:18', 259),
('2000-02-06 22:13:27', 260),
('2000-02-06 22:20:20', 261),
('2000-02-06 23:25:21', 263),
('2000-02-06 23:42:30', 264),
('2000-02-07 00:56:37', 265),
('2000-02-07 07:01:17', 266),
('2000-02-07 07:12:10', 267),
('2000-02-07 10:38:25', 269),
('2000-02-07 12:33:55', 270),
('2000-02-07 13:25:52', 271),
('2000-02-07 13:24:55', 272),
('2000-02-07 15:26:42', 275),
('2000-02-07 16:09:07', 276),
('2000-02-07 16:10:02', 277),
('2000-02-07 18:51:43', 279),
('2000-02-07 18:57:12', 280),
('2000-02-07 19:00:31', 281),
('2000-02-07 20:41:29', 283),
('2000-02-07 23:39:18', 287),
('2000-02-07 23:55:32', 288),
('2000-02-08 00:40:19', 289),
('2000-02-08 09:29:17', 290),
('2000-02-08 09:53:34', 292),
('2000-02-08 09:58:46', 293),
('2000-02-08 10:11:57', 294),
('2000-02-08 11:07:06', 295),
('2000-02-08 11:16:54', 296),
('2000-02-08 11:24:16', 297),
('2000-02-08 11:35:56', 298),
('2000-02-08 12:41:55', 294),
('2000-02-08 13:57:49', 301),
('2000-02-08 15:03:20', 299),
('2000-02-08 15:16:29', 303),
('2000-02-08 17:18:09', 305),
('2000-02-08 17:54:01', 306),
('2000-02-08 18:00:15', 307),
('2000-02-08 21:25:58', 309),
('2000-02-09 11:47:57', 310),
('2000-02-09 11:57:18', 311),
('2000-02-09 16:26:40', 313),
('2000-02-09 17:17:49', 314),
('2000-02-09 19:04:00', 317),
('2000-02-09 19:35:27', 318),
('2000-02-09 21:01:21', 319),
('2000-02-09 21:10:36', 321),
('2000-02-09 21:22:47', 322),
('2000-02-09 21:43:52', 323),
('2000-02-09 22:10:20', 324),
('2000-02-09 22:56:08', 325),
('2000-02-09 23:00:20', 326),
('2000-02-09 23:06:41', 327),
('2000-02-10 11:01:08', 330),
('2000-02-10 11:14:14', 331),
('2000-02-10 11:20:29', 332),
('2000-02-10 15:12:50', 335),
('2000-02-10 16:18:21', 336),
('2000-02-10 18:16:05', 337),
('2000-02-10 21:35:30', 339),
('2000-02-10 21:34:58', 340),
('2000-02-10 23:11:06', 341),
('2000-02-10 23:26:43', 342),
('2000-02-11 10:09:46', 343),
('2000-02-11 13:04:42', 345),
('2000-02-11 14:12:12', 347),
('2000-02-11 16:34:19', 351),
('2000-02-11 16:43:57', 349),
('2000-02-11 19:58:40', 352),
('2000-02-11 20:08:57', 354),
('2000-02-11 20:13:24', 355),
('2000-02-11 20:30:49', 356),
('2000-02-11 20:32:26', 357),
('2000-02-11 21:24:10', 358),
('2000-02-11 22:37:24', 359),
('2000-02-11 22:49:00', 360),
('2000-02-12 11:42:45', 363),
('2000-02-12 13:22:18', 364),
('2000-02-12 13:47:06', 365),
('2000-02-12 14:33:21', 366),
('2000-02-12 15:19:45', 367),
('2000-02-12 16:10:14', 368),
('2000-02-12 17:09:42', 369),
('2000-02-12 17:36:08', 370),
('2000-02-12 18:05:04', 371),
('2000-02-12 18:48:30', 375),
('2000-02-12 19:48:46', 378),
('2000-02-12 20:31:04', 380),
('2000-02-12 21:05:24', 381),
('2000-02-12 21:13:54', 382),
('2000-02-12 21:14:14', 383),
('2000-02-12 21:25:53', 384),
('2000-02-12 21:35:16', 385),
('2000-02-12 23:42:30', 388),
('2000-02-13 07:11:48', 389),
('2000-02-13 11:13:24', 394),
('2000-02-13 11:29:18', 395),
('2000-02-13 11:30:52', 396),
('2000-02-13 11:53:22', 397),
('2000-02-13 14:02:09', 403),
('2000-02-13 14:47:12', 404),
('2000-02-13 20:30:14', 405),
('2000-02-13 21:51:12', 406),
('2000-02-13 22:43:15', 408),
('2000-02-13 22:43:34', 409),
('2000-02-13 23:08:41', 410),
('2000-02-13 23:15:14', 411),
('2000-02-14 00:12:44', 412),
('2000-02-14 07:17:52', 413),
('2000-02-14 09:50:51', 414),
('2000-02-14 10:51:09', 395),
('2000-02-14 11:34:54', 416),
('2000-02-14 11:40:05', 417),
('2000-02-14 12:21:18', 418),
('2000-02-14 12:27:46', 419),
('2000-02-14 12:34:26', 420),
('2000-02-14 12:57:53', 421),
('2000-02-14 13:42:45', 422),
('2000-02-14 16:17:12', 424),
('2000-02-14 16:58:52', 425),
('2000-02-14 17:38:31', 426),
('2000-02-14 19:50:08', 429),
('2000-02-14 19:54:59', 430),
('2000-02-14 20:00:19', 431),
('2000-02-14 20:29:19', 432),
('2000-02-14 20:57:05', 433),
('2000-02-14 21:05:32', 434),
('2000-02-14 22:10:47', 435),
('2000-02-14 23:10:48', 436),
('2000-02-14 23:12:19', 437),
('2000-02-15 08:12:48', 439),
('2000-02-15 10:01:39', 440),
('2000-02-15 10:03:21', 441),
('2000-02-15 13:06:21', 443),
('2000-02-15 13:18:10', 444),
('2000-02-15 17:21:56', 445),
('2000-02-15 21:35:38', 446),
('2000-02-15 22:50:21', 447),
('2000-02-16 12:06:43', 450),
('2000-02-16 12:14:59', 451),
('2000-02-16 12:45:48', 452),
('2000-02-16 13:06:42', 453),
('2000-02-16 14:04:48', 455),
('2000-02-16 14:05:37', 456),
('2000-02-16 14:59:39', 457),
('2000-02-16 15:03:36', 458),
('2000-02-16 16:15:42', 460),
('2000-02-16 18:36:17', 462),
('2000-02-16 18:49:43', 463),
('2000-02-16 19:53:18', 464),
('2000-02-16 21:27:49', 466),
('2000-02-16 22:04:39', 467),
('2000-02-20 11:55:23', 468),
('2000-02-17 10:53:53', 469),
('2000-02-17 12:01:40', 471),
('2000-02-17 12:35:59', 472),
('2000-02-17 17:01:27', 478),
('2000-02-17 17:21:00', 480),
('2000-02-17 21:51:08', 481),
('2000-02-18 09:09:04', 483),
('2000-02-18 09:22:10', 485),
('2000-02-18 10:56:03', 487),
('2000-02-18 11:14:37', 488),
('2000-02-18 12:28:58', 490),
('2000-02-18 12:38:27', 491),
('2000-02-18 14:34:48', 492),
('2000-02-18 15:27:33', 493),
('2000-02-18 16:23:00', 494),
('2000-02-18 17:47:13', 495),
('2000-02-18 19:44:14', 497),
('2000-02-18 21:51:25', 498),
('2000-02-18 23:29:43', 499),
('2000-02-19 09:33:31', 502),
('2000-02-19 10:57:37', 505),
('2000-02-19 10:58:10', 506),
('2000-02-19 13:24:42', 507),
('2000-02-19 13:39:29', 508),
('2000-02-19 13:47:08', 509),
('2000-02-19 14:15:36', 510),
('2000-02-19 14:57:08', 512),
('2000-02-19 15:04:24', 513),
('2000-02-19 15:45:04', 514),
('2000-02-19 16:44:26', 515),
('2000-02-19 17:01:53', 516),
('2000-02-19 18:31:43', 518),
('2000-02-19 20:24:22', 520),
('2000-02-19 21:35:45', 521),
('2000-02-19 23:28:35', 523),
('2000-02-20 00:42:07', 525),
('2000-02-20 09:19:53', 528),
('2000-02-20 10:55:41', 530),
('2000-02-20 12:15:19', 532),
('2000-02-20 12:28:36', 533),
('2000-02-20 13:10:05', 534),
('2000-02-20 13:40:39', 535),
('2000-02-20 15:21:48', 537),
('2000-02-20 15:42:29', 537),
('2000-02-20 17:09:59', 538),
('2000-02-20 18:00:22', 540),
('2000-02-20 18:19:29', 541),
('2000-02-20 19:55:36', 543),
('2000-02-20 20:05:03', 546),
('2000-02-20 20:20:42', 547),
('2000-02-20 23:30:27', 549),
('2000-02-21 07:56:46', 550),
('2000-02-21 08:09:04', 551),
('2000-02-21 08:58:47', 552),
('2000-02-21 12:54:19', 553),
('2000-02-21 16:22:28', 557),
('2000-02-21 17:56:41', 558),
('2000-02-21 21:32:41', 561),
('2000-02-21 23:14:55', 563),
('2000-02-21 23:25:40', 564),
('2000-02-22 12:21:13', 566),
('2000-02-26 10:11:11', 570),
('2000-02-26 22:15:45', 571),
('2000-02-27 11:29:44', 572),
('2000-02-27 21:29:32', 573),
('2000-02-27 22:38:26', 574),
('2000-02-27 22:44:15', 575),
('2000-02-28 09:19:17', 573),
('2000-02-28 10:38:56', 577),
('2000-02-29 07:33:41', 579),
('2000-02-29 13:07:05', 578),
('2000-02-29 18:48:09', 581),
('2000-02-30 10:47:38', 583),
('2000-02-30 13:11:53', 584),
('2000-02-30 16:25:10', 586),
('2022-01-01 16:48:17', 589),
('2022-01-01 18:10:08', 590),
('2022-01-02 17:28:34', 593),
('2022-01-02 19:11:15', 594),
('2022-01-02 20:30:22', 595),
('2022-01-02 22:17:19', 597),
('2022-01-03 19:02:16', 602),
('2022-01-04 19:30:50', 606),
('2022-01-04 19:57:03', 607),
('2022-01-05 08:58:04', 608),
('2022-01-05 14:57:58', 609),
('2022-01-05 21:59:40', 610),
('2022-01-06 11:57:18', 611),
('2022-01-06 17:36:27', 613),
('2022-01-06 20:04:42', 615),
('2022-01-06 21:16:04', 616),
('2022-01-06 21:21:25', 617),
('2022-01-07 14:30:51', 618),
('2022-01-07 18:16:05', 619),
('2022-01-07 22:42:57', 620),
('2022-01-07 23:43:17', 621),
('2022-01-08 20:26:32', 624),
('2022-01-08 23:00:01', 625),
('2022-01-09 12:30:18', 626),
('2022-01-09 19:24:12', 629),
('2022-01-09 20:46:23', 630),
('2022-01-09 21:22:08', 631),
('2022-01-09 21:45:46', 632),
('2022-01-10 09:06:11', 634),
('2022-01-10 13:55:17', 635),
('2022-01-10 18:10:06', 638),
('2022-01-10 22:10:21', 641),
('2022-01-11 07:48:06', 642),
('2022-01-11 07:50:23', 643),
('2022-01-11 09:59:48', 639),
('2022-01-11 11:03:25', 646),
('2022-01-11 11:08:57', 647),
('2022-01-11 11:46:39', 649),
('2022-01-11 15:45:27', 650),
('2022-01-11 18:22:06', 652),
('2022-01-11 18:50:47', 653),
('2022-01-11 19:31:58', 655),
('2022-01-11 20:23:15', 656),
('2022-01-11 21:37:06', 657),
('2022-01-11 22:21:28', 658),
('2022-01-12 00:11:00', 659),
('2022-01-12 08:03:37', 660),
('2022-01-12 09:02:20', 604),
('2022-01-12 10:09:23', 663),
('2022-01-12 10:13:52', 662),
('2022-01-12 12:49:55', 665),
('2022-01-12 13:32:38', 666),
('2022-01-12 14:09:16', 648),
('2022-01-12 22:18:35', 668),
('2022-01-12 22:52:04', 669),
('2022-01-13 11:01:45', 671),
('2022-01-13 11:44:11', 672),
('2022-01-13 22:00:41', 673),
('2022-01-14 08:41:12', 662),
('2022-01-14 11:24:10', 675),
('2022-01-14 11:25:27', 674),
('2022-01-14 11:56:32', 676),
('2022-01-14 16:36:38', 679),
('2022-01-14 17:41:53', 680),
('2022-01-14 20:15:24', 681),
('2022-01-15 17:28:48', 683),
('2022-01-15 21:10:59', 684),
('2022-01-16 11:53:00', 685),
('2022-01-16 13:48:14', 686),
('2022-01-16 13:59:46', 687),
('2022-01-16 14:45:47', 688),
('2022-01-16 17:48:35', 689),
('2022-01-16 18:26:19', 690),
('2022-01-16 18:44:02', 691),
('2022-01-16 19:20:21', 692),
('2022-01-16 21:22:01', 693),
('2022-01-16 21:30:09', 694),
('2022-01-17 09:18:56', 695),
('2022-01-17 15:58:07', 699),
('2022-01-17 16:32:59', 700),
('2022-01-17 17:55:49', 701),
('2022-01-17 20:39:36', 702),
('2022-01-18 09:32:34', 696),
('2022-01-18 11:37:24', 705),
('2022-01-18 12:20:26', 706),
('2022-01-18 17:28:03', 704),
('2022-01-18 18:33:08', 709),
('2022-01-18 21:18:04', 712),
('2022-01-19 14:57:49', 715),
('2022-01-19 16:25:01', 716),
('2022-01-19 16:49:06', 717),
('2022-01-19 17:09:14', 718),
('2022-01-19 19:46:33', 719),
('2022-01-20 09:35:44', 722),
('2022-01-20 15:08:42', 726),
('2022-01-21 14:29:32', 730),
('2022-01-21 20:50:17', 731),
('2022-01-22 02:24:45', 732),
('2022-01-22 12:26:41', 733),
('2022-01-22 15:22:27', 734),
('2022-01-23 10:31:56', 737),
('2022-01-23 13:12:19', 738),
('2022-01-23 17:17:32', 739),
('2022-01-23 19:06:16', 740),
('2022-01-23 20:46:42', 741),
('2022-01-23 22:11:51', 743),
('2022-01-24 08:41:19', 744),
('2022-01-24 16:01:19', 746),
('2022-01-24 20:59:52', 749),
('2022-01-24 21:15:32', 750),
('2022-01-25 08:38:19', 752),
('2022-01-25 14:46:30', 756),
('2022-01-25 19:32:08', 757),
('2022-01-25 20:21:07', 758),
('2022-01-25 22:22:01', 759),
('2022-01-26 12:52:16', 763),
('2022-01-27 05:47:21', 765),
('2022-01-27 15:08:35', 767),
('2022-01-27 19:54:56', 769),
('2022-01-28 16:49:19', 773),
('2022-01-28 22:02:25', 699);

INSERT INTO `bbb` (`code`, `name`) VALUES
(172, 'KDTW'),
(173, 'KVBF'),
(174, 'MIBO'),
(175, 'UQNX'),
(176, 'KNDM'),
(177, 'WJYK'),
(178, 'YEPN'),
(179, 'KJQE'),
(180, 'FHUM'),
(181, 'LTXG'),
(182, 'JKOP'),
(183, 'ZLEQ'),
(184, 'UPJE'),
(185, 'UKPK'),
(186, 'GVPW'),
(187, 'FGUO'),
(188, 'HTTP'),
(189, 'XWBM'),
(190, 'SQJV'),
(191, 'RTLK'),
(192, 'NDWZ'),
(193, 'MJIQ'),
(194, 'TQVS'),
(195, 'IEQG'),
(196, 'NLZO'),
(197, 'XVYC'),
(198, 'WHWB'),
(199, 'QLXO'),
(200, 'VDLX'),
(201, 'QMWX'),
(202, 'QJHE'),
(203, 'TACK'),
(204, 'TIOJ'),
(205, 'VCUO'),
(206, 'ZFKA'),
(207, 'STEJ'),
(208, 'ZKYE'),
(209, 'HXTN'),
(210, 'YACP'),
(211, 'PHUE'),
(212, 'GHTG'),
(213, 'NXZG'),
(214, 'ILEX'),
(215, 'MJOT'),
(216, 'QLLQ'),
(217, 'ZXIM'),
(218, 'JYOQ'),
(219, 'RILC'),
(220, 'RJDM'),
(221, 'MCNX'),
(222, 'IIVW'),
(223, 'KBNQ'),
(224, 'AZQR'),
(225, 'HCJY'),
(226, 'XIYD'),
(227, 'ISYJ'),
(228, 'XUFW'),
(229, 'FZJL'),
(230, 'FCGT'),
(231, 'XYGA'),
(232, 'WQGB'),
(233, 'DZLN'),
(234, 'BPDN'),
(235, 'QTXO'),
(236, 'WULV'),
(237, 'ZJJB'),
(238, 'FZKF'),
(239, 'GFFQ'),
(240, 'INFF'),
(241, 'VBBV'),
(242, 'QKEB'),
(243, 'DNIY'),
(244, 'BEXL'),
(245, 'UTCN'),
(246, 'VMGL'),
(247, 'HKLL'),
(248, 'STFW'),
(249, 'MICM'),
(250, 'VTYE'),
(251, 'GSTG'),
(252, 'KROY'),
(253, 'WWWZ'),
(254, 'PHIV'),
(255, 'IAQN'),
(256, 'FGTR'),
(257, 'CGPV'),
(258, 'JFAU'),
(259, 'WREN'),
(260, 'HSTP'),
(261, 'QZQV'),
(262, 'QRSS'),
(263, 'SXHG'),
(264, 'ZUCL'),
(265, 'CRKF'),
(266, 'VHVL'),
(267, 'CTBB'),
(268, 'KHON'),
(269, 'CVYF'),
(270, 'QCPG'),
(271, 'EAFJ'),
(272, 'VBFB'),
(273, 'NPUC'),
(274, 'YNWD'),
(275, 'KKSF'),
(276, 'MVJK'),
(277, 'OFYT'),
(278, 'WPOK'),
(279, 'MZBG'),
(280, 'IMNP'),
(281, 'SXIB'),
(282, 'YMMS'),
(283, 'XOLR'),
(284, 'GQQZ'),
(285, 'XMNV'),
(286, 'AOHY'),
(287, 'EWNL'),
(288, 'XWDV'),
(289, 'ZDIR'),
(290, 'TVZP'),
(291, 'DUOY'),
(292, 'PARK'),
(293, 'SQVO'),
(294, 'WXMP'),
(295, 'RHGW'),
(296, 'XTIZ'),
(297, 'VVEF'),
(298, 'VSAZ'),
(299, 'SOCM'),
(300, 'LVCH'),
(301, 'YISV'),
(302, 'JFWW'),
(303, 'BZZQ'),
(304, 'NRJW'),
(305, 'ESFZ'),
(306, 'SDWQ'),
(307, 'QJGZ'),
(308, 'XLQO'),
(309, 'VMQL'),
(310, 'JRTV'),
(311, 'OCFH'),
(312, 'WKYZ'),
(313, 'QACZ'),
(314, 'JXOP'),
(315, 'MCCJ'),
(316, 'CKZR'),
(317, 'LJTB'),
(318, 'IGVE'),
(319, 'JCCA'),
(320, 'ZJCM'),
(321, 'VIUE'),
(322, 'SSXZ'),
(323, 'VHSF'),
(324, 'HMSK'),
(325, 'ISAT'),
(326, 'EFJO'),
(327, 'SFLP'),
(328, 'COES'),
(329, 'SBTK'),
(330, 'NOUH'),
(331, 'YTSK'),
(332, 'SVQK'),
(333, 'EBWE'),
(334, 'YTXT'),
(335, 'VXPL'),
(336, 'LDGA'),
(337, 'UFMC'),
(338, 'ZDXL'),
(339, 'BIUG'),
(340, 'ILZL'),
(341, 'UWIZ'),
(342, 'OWDX'),
(343, 'JJDN'),
(344, 'VANB'),
(345, 'YOMK'),
(346, 'LOJC'),
(347, 'PUSM'),
(348, 'WNJK'),
(349, 'FXDL'),
(350, 'NYVR'),
(351, 'LOWW'),
(352, 'RWZZ'),
(353, 'RTKN'),
(354, 'STTF'),
(355, 'GFQR'),
(356, 'WPCB'),
(357, 'NFGU'),
(358, 'HINA'),
(359, 'MMDO'),
(360, 'VTUR'),
(361, 'MAQX'),
(362, 'GSVV'),
(363, 'ACHY'),
(364, 'BTDK'),
(365, 'TQLD'),
(366, 'SGBV'),
(367, 'TWEQ'),
(368, 'RZJH'),
(369, 'ZCHS'),
(370, 'NBFR'),
(371, 'GAGB'),
(372, 'ZEXX'),
(373, 'OSLQ'),
(374, 'INZX'),
(375, 'HQYT'),
(376, 'RDML'),
(377, 'BMDI'),
(378, 'XQJT'),
(379, 'IWQG'),
(380, 'NUPS'),
(381, 'EMEV'),
(382, 'ZJKS'),
(383, 'YFDY'),
(384, 'TYHU'),
(385, 'ZAVQ'),
(386, 'PXUU'),
(387, 'CKVV'),
(388, 'XDNP'),
(389, 'GIAP'),
(390, 'JJYP'),
(391, 'DAVK'),
(392, 'SAUY'),
(393, 'XBLP'),
(394, 'PXYL'),
(395, 'INFM'),
(396, 'DSQA'),
(397, 'XZNA'),
(398, 'YXAS'),
(399, 'TQIN'),
(400, 'GRRU'),
(401, 'LWEI'),
(402, 'BRFZ'),
(403, 'QLKY'),
(404, 'HSIH'),
(405, 'MZVI'),
(406, 'YSOW'),
(407, 'MGPB'),
(408, 'CETC'),
(409, 'JMLE'),
(410, 'FVKK'),
(411, 'OTFD'),
(412, 'KEIC'),
(413, 'MXPF'),
(414, 'XGWN'),
(415, 'KOYO'),
(416, 'YBEM'),
(417, 'YHVB'),
(418, 'HXLX'),
(419, 'KUQH'),
(420, 'JEHJ'),
(421, 'DMXO'),
(422, 'EECM'),
(423, 'OYRP'),
(424, 'AARU'),
(425, 'DKXL'),
(426, 'BYLA'),
(427, 'SUWL'),
(428, 'BGJQ'),
(429, 'KBEG'),
(430, 'CYKP'),
(431, 'GYKX'),
(432, 'QTKK'),
(433, 'GTXC'),
(434, 'DYOS'),
(435, 'XRYV'),
(436, 'RJHC'),
(437, 'JAKG'),
(438, 'OTUK'),
(439, 'EDUX'),
(440, 'WGEZ'),
(441, 'MDDY'),
(442, 'URCG'),
(443, 'KLYN'),
(444, 'MQXZ'),
(445, 'RLVQ'),
(446, 'HGNJ'),
(447, 'TIGI'),
(448, 'VJMY'),
(449, 'FCPX'),
(450, 'ASDE'),
(451, 'VAJX'),
(452, 'YCKF'),
(453, 'NYTY'),
(454, 'TENO'),
(455, 'ZTSN'),
(456, 'XWCW'),
(457, 'XKKV'),
(458, 'BNUX'),
(459, 'RCDP'),
(460, 'ZVAF'),
(461, 'AXGV'),
(462, 'MATK'),
(463, 'FOET'),
(464, 'LYBA'),
(465, 'MFXC'),
(466, 'FQUF'),
(467, 'FLRR'),
(468, 'ZMOV'),
(469, 'HSGL'),
(470, 'IJPG'),
(471, 'AWWW'),
(472, 'FSLE'),
(473, 'ZFFR'),
(474, 'JZGV'),
(475, 'ONZM'),
(476, 'LYDR'),
(477, 'JQYJ'),
(478, 'SSRL'),
(479, 'KIGW'),
(480, 'BUMW'),
(481, 'BETL'),
(482, 'DDWB'),
(483, 'YWRZ'),
(484, 'WZZN'),
(485, 'UPCD'),
(486, 'MVYK'),
(487, 'GWMT'),
(488, 'QTGG'),
(489, 'EANL'),
(490, 'SLZW'),
(491, 'WMLE'),
(492, 'ZBCC'),
(493, 'HOZL'),
(494, 'YKMA'),
(495, 'RURJ'),
(496, 'JBLE'),
(497, 'DMUO'),
(498, 'JGNM'),
(499, 'DNWL'),
(500, 'UKVY'),
(501, 'MUVD'),
(502, 'VMXN'),
(503, 'GDPL'),
(504, 'ICBO'),
(505, 'JCWO'),
(506, 'XMGO'),
(507, 'UYNK'),
(508, 'RUUR'),
(509, 'WVBP'),
(510, 'MYME'),
(511, 'SOAC'),
(512, 'FTCJ'),
(513, 'FTYC'),
(514, 'YCIC'),
(515, 'VHDM'),
(516, 'AKDJ'),
(517, 'KPWG'),
(518, 'YVRC'),
(519, 'SAMB'),
(520, 'BLVZ'),
(521, 'VAXS'),
(522, 'SJML'),
(523, 'YSWT'),
(524, 'ZWSS'),
(525, 'HWMG'),
(526, 'DXND'),
(527, 'YTMK'),
(528, 'MASX'),
(529, 'WDRF'),
(530, 'OGBS'),
(531, 'QCFD'),
(532, 'MPAU'),
(533, 'YOIM'),
(534, 'KMBQ'),
(535, 'XAZE'),
(536, 'ARJR'),
(537, 'GNAB'),
(538, 'QBKT'),
(539, 'OLJB'),
(540, 'KSKA'),
(541, 'BSPT'),
(542, 'ZDPR'),
(543, 'WBHY'),
(544, 'MXIG'),
(545, 'YDUZ'),
(546, 'UCIH'),
(547, 'WNNO'),
(548, 'KEUN'),
(549, 'XIAX'),
(550, 'ARAZ'),
(551, 'ITWL'),
(552, 'BPJR'),
(553, 'NPQZ'),
(554, 'AEBX'),
(555, 'WUPB'),
(556, 'GNWM'),
(557, 'QDXM'),
(558, 'IQWQ'),
(559, 'PRWM'),
(560, 'NJAV'),
(561, 'LTXM'),
(562, 'FJAN'),
(563, 'JOKV'),
(564, 'QAOP'),
(565, 'SWSN'),
(566, 'HUYU'),
(567, 'DIZV'),
(568, 'MOJJ'),
(569, 'DMAT'),
(570, 'SGRE'),
(571, 'PRDX'),
(572, 'FZCP'),
(573, 'ASTB'),
(574, 'BZSR'),
(575, 'IEZT'),
(576, 'KFTK'),
(577, 'SEPY'),
(578, 'EOHV'),
(579, 'OXQJ'),
(580, 'UINH'),
(581, 'PVAH'),
(582, 'SFEC'),
(583, 'CVKZ'),
(584, 'BIAF'),
(585, 'MXCX'),
(586, 'EEXE'),
(587, 'VYMW'),
(588, 'VRUI'),
(589, 'KOCR'),
(590, 'OARO'),
(591, 'AZUB'),
(592, 'OGMM'),
(593, 'MMND'),
(594, 'GZZK'),
(595, 'MITY'),
(596, 'KGRZ'),
(597, 'XEJK'),
(598, 'KILE'),
(599, 'EUUF'),
(600, 'MUIA'),
(601, 'CTWZ'),
(602, 'XXBK'),
(603, 'EQIN'),
(604, 'XZRO'),
(605, 'JCTO'),
(606, 'MXCZ'),
(607, 'UPOZ'),
(608, 'DEBD'),
(609, 'GOJQ'),
(610, 'JGNK'),
(611, 'TNRG'),
(612, 'UHAI'),
(613, 'TQQX'),
(614, 'ATDT'),
(615, 'BNXK'),
(616, 'YCMP'),
(617, 'ZLSM'),
(618, 'HMSX'),
(619, 'WCSL'),
(620, 'WXSW'),
(621, 'ZUOR'),
(622, 'CIYX'),
(623, 'KCYM'),
(624, 'IJYP'),
(625, 'DPZO'),
(626, 'LPHP'),
(627, 'DGEL'),
(628, 'VNIU'),
(629, 'GOYK'),
(630, 'JXSZ'),
(631, 'ACXH'),
(632, 'WPSS'),
(633, 'NQKT'),
(634, 'RPEQ'),
(635, 'LRFS'),
(636, 'UGOS'),
(637, 'ZSPU'),
(638, 'TSOB'),
(639, 'IWGZ'),
(640, 'CNBL'),
(641, 'ASBQ'),
(642, 'INBO'),
(643, 'NHYV'),
(644, 'YIRD'),
(645, 'IUFZ'),
(646, 'AALL'),
(647, 'WPVA'),
(648, 'CSEW'),
(649, 'MXTJ'),
(650, 'KTSP'),
(651, 'DBSZ'),
(652, 'QZUK'),
(653, 'KYJJ'),
(654, 'KUNY'),
(655, 'GTTF'),
(656, 'PMDZ'),
(657, 'AWAQ'),
(658, 'ZEBF'),
(659, 'AITT'),
(660, 'GVPK'),
(661, 'BTGN'),
(662, 'ZRJE'),
(663, 'FBGN'),
(664, 'YUIQ'),
(665, 'RUCC'),
(666, 'QEWN'),
(667, 'TQUK'),
(668, 'ATZG'),
(669, 'IOSM'),
(670, 'NMUY'),
(671, 'XUYR'),
(672, 'DSQD'),
(673, 'YOZQ'),
(674, 'IUZN'),
(675, 'AEJR'),
(676, 'WWLW'),
(677, 'GUZG'),
(678, 'DWNS'),
(679, 'OFTN'),
(680, 'XAKI'),
(681, 'HTMO'),
(682, 'DNXI'),
(683, 'LAEM'),
(684, 'IHPM'),
(685, 'NIPJ'),
(686, 'CXTT'),
(687, 'XBBK'),
(688, 'IHMC'),
(689, 'ZKRK'),
(690, 'QEHV'),
(691, 'RALA'),
(692, 'FMQF'),
(693, 'GHYI'),
(694, 'PORF'),
(695, 'MMAA'),
(696, 'JBWE'),
(697, 'IPOH'),
(698, 'GDUX'),
(699, 'EIWF'),
(700, 'SOMQ'),
(701, 'UCKH'),
(702, 'LSQP'),
(703, 'ZLYM'),
(704, 'MHRF'),
(705, 'DVDQ'),
(706, 'AGLD'),
(707, 'KQGA'),
(708, 'RXPM'),
(709, 'YSPV'),
(710, 'GMIG'),
(711, 'BBCE'),
(712, 'ERSC'),
(713, 'MHKH'),
(714, 'VSNL'),
(715, 'EANH'),
(716, 'LMDZ'),
(717, 'QHLW'),
(718, 'FGWY'),
(719, 'LPPO'),
(720, 'FLCV'),
(721, 'IZNI'),
(722, 'KDHK'),
(723, 'HQZH'),
(724, 'SFEX'),
(725, 'XLFW'),
(726, 'XHSB'),
(727, 'SSLF'),
(728, 'BTZT'),
(729, 'STKP'),
(730, 'ATFX'),
(731, 'HXRF'),
(732, 'VDJG'),
(733, 'EQWO'),
(734, 'ALWC'),
(735, 'CMYE'),
(736, 'NVNR'),
(737, 'FZGO'),
(738, 'ISBP'),
(739, 'JVJD'),
(740, 'EBJF'),
(741, 'LEHD'),
(742, 'TZER'),
(743, 'YBXW'),
(744, 'IEJW'),
(745, 'VARK'),
(746, 'PPCA'),
(747, 'OBNQ'),
(748, 'CPVT'),
(749, 'IBBJ'),
(750, 'EXFH'),
(751, 'RVUG'),
(752, 'CQHK'),
(753, 'HJYU'),
(754, 'BNDV'),
(755, 'MGFW'),
(756, 'TPNR'),
(757, 'HUZH'),
(758, 'NYRB'),
(759, 'RLRR'),
(760, 'KEFV'),
(761, 'MXOB'),
(762, 'ANLZ'),
(763, 'NAOJ'),
(764, 'IMGB'),
(765, 'FLTW'),
(766, 'NRYB'),
(767, 'RRXU'),
(768, 'EPFT'),
(769, 'ILLB'),
(770, 'ZPDM'),
(771, 'VIQD'),
(772, 'KBST'),
(773, 'ICVL');

INSERT INTO `ccc` (`type`, `name`) VALUES
('foo', 'VRUI'),
('foo', 'KOCR'),
('foo', 'OGMM'),
('foo', 'MMND'),
('foo', 'GZZK'),
('foo', 'XEJK'),
('foo', 'MUIA'),
('foo', 'KILE'),
('foo', 'KGRZ'),
('unknown', 'CTWZ'),
('foo', 'EQIN'),
('foo', 'XXBK'),
('foo', 'MITY'),
('foo', 'AZUB'),
('foo', 'OARO'),
('foo', 'VYMW'),
('unknown', 'MXCX'),
('foo', 'EUUF'),
('foo', 'UPOZ'),
('foo', 'MXCZ'),
('foo', 'JCTO'),
('foo', 'DEBD'),
('foo', 'GOJQ'),
('foo', 'ZLSM'),
('foo', 'JGNK'),
('foo', 'TNRG'),
('foo', 'TQQX'),
('foo', 'ATDT'),
('foo', 'BNXK'),
('foo', 'HMSX'),
('foo', 'WCSL'),
('foo', 'WXSW'),
('foo', 'ZUOR'),
('foo', 'YCMP'),
('foo', 'CIYX'),
('foo', 'DPZO'),
('foo', 'LPHP'),
('foo', 'IJYP'),
('foo', 'GOYK'),
('foo', 'JXSZ'),
('foo', 'ACXH'),
('foo', 'WPSS'),
('foo', 'NQKT'),
('foo', 'RPEQ'),
('unknown', 'LRFS'),
('foo', 'TSOB'),
('foo', 'DGEL'),
('foo', 'CNBL'),
('foo', 'KCYM'),
('foo', 'NHYV'),
('foo', 'IWGZ'),
('foo', 'INBO'),
('foo', 'ASBQ'),
('foo', 'IUFZ'),
('foo', 'WPVA'),
('foo', 'VNIU'),
('foo', 'MXTJ'),
('foo', 'AALL'),
('unknown', 'UHAI'),
('foo', 'KTSP'),
('foo', 'XZRO'),
('unknown', 'DBSZ'),
('foo', 'QZUK'),
('foo', 'KYJJ'),
('foo', 'GTTF'),
('foo', 'PMDZ'),
('foo', 'AWAQ'),
('foo', 'AITT'),
('foo', 'ZRJE'),
('foo', 'FBGN'),
('foo', 'KUNY'),
('foo', 'RUCC'),
('foo', 'CSEW'),
('foo', 'UGOS'),
('foo', 'QEWN'),
('foo', 'ATZG'),
('foo', 'NMUY'),
('foo', 'IOSM'),
('foo', 'XUYR'),
('foo', 'TQUK'),
('foo', 'DSQD'),
('foo', 'BTGN'),
('foo', 'YOZQ'),
('foo', 'ZEBF'),
('foo', 'IUZN'),
('foo', 'AEJR'),
('foo', 'WWLW'),
('foo', 'OFTN'),
('foo', 'XAKI'),
('foo', 'HTMO'),
('foo', 'DNXI'),
('foo', 'LAEM'),
('foo', 'IHPM'),
('foo', 'BRHS'),
('foo', 'NIPJ'),
('foo', 'CXTT'),
('foo', 'XBBK'),
('foo', 'IHMC'),
('foo', 'QEHV'),
('foo', 'RALA'),
('foo', 'IPOH'),
('foo', 'FMQF'),
('foo', 'GHYI'),
('foo', 'PORF'),
('foo', 'MMAA'),
('foo', 'ZFFR'),
('foo', 'YUIQ'),
('foo', 'GDUX'),
('foo', 'SOMQ'),
('foo', 'UCKH'),
('foo', 'LSQP'),
('foo', 'JBWE'),
('foo', 'GVPK'),
('foo', 'DWNS'),
('foo', 'ZKRK'),
('foo', 'ZLYM'),
('foo', 'DVDQ'),
('foo', 'AGLD'),
('foo', 'KQGA'),
('foo', 'EIWF'),
('foo', 'YSPV'),
('foo', 'MHRF'),
('foo', 'GMIG'),
('foo', 'ERSC'),
('foo', 'MHKH'),
('foo', 'VSNL'),
('foo', 'RXPM'),
('foo', 'BBCE'),
('foo', 'EANH'),
('foo', 'LMDZ'),
('foo', 'QHLW'),
('foo', 'FGWY'),
('foo', 'LPPO'),
('foo', 'KDHK'),
('foo', 'FLCV'),
('foo', 'SFEX'),
('foo', 'XHSB'),
('foo', 'HQZH'),
('foo', 'SSLF'),
('foo', 'STKP'),
('foo', 'ATFX'),
('foo', 'HXRF'),
('foo', 'VDJG'),
('foo', 'EQWO'),
('foo', 'ALWC'),
('foo', 'FZGO'),
('foo', 'ISBP'),
('foo', 'JVJD'),
('foo', 'EBJF'),
('foo', 'LEHD'),
('foo', 'YBXW'),
('foo', 'IEJW'),
('foo', 'NVNR'),
('foo', 'TZER'),
('foo', 'PPCA'),
('unknown', 'OBNQ'),
('foo', 'IBBJ'),
('foo', 'EXFH'),
('foo', 'RVUG'),
('foo', 'CQHK'),
('foo', 'BNDV'),
('foo', 'HJYU'),
('foo', 'CMYE'),
('foo', 'TPNR'),
('foo', 'HUZH'),
('foo', 'NYRB'),
('foo', 'RLRR'),
('foo', 'MXOB'),
('foo', 'MGFW'),
('foo', 'ANLZ'),
('foo', 'NAOJ'),
('foo', 'IMGB'),
('foo', 'FLTW'),
('foo', 'NRYB'),
('foo', 'RRXU'),
('foo', 'EPFT'),
('foo', 'ILLB'),
('unknown', 'PXNU'),
('foo', 'KDTW'),
('foo', 'BPID'),
('foo', 'KVBF'),
('foo', 'UQNX'),
('foo', 'KNDM'),
('foo', 'WJYK'),
('foo', 'YEPN'),
('foo', 'KJQE'),
('foo', 'FHUM'),
('foo', 'LTXG'),
('foo', 'JKOP'),
('foo', 'UPJE'),
('foo', 'UKPK'),
('foo', 'GVPW'),
('foo', 'NDWZ'),
('foo', 'MJIQ'),
('foo', 'YPGP'),
('foo', 'MIBO'),
('foo', 'SQJV'),
('foo', 'TQVS'),
('foo', 'IEQG'),
('foo', 'XVYC'),
('foo', 'WHWB'),
('foo', 'QLXO'),
('foo', 'ZLEQ'),
('foo', 'QMWX'),
('foo', 'NLZO'),
('unknown', 'QJHE'),
('foo', 'TACK'),
('foo', 'FGUO'),
('foo', 'RTLK'),
('foo', 'TIOJ'),
('foo', 'VCUO'),
('foo', 'LTXG'),
('foo', 'VDLX'),
('foo', 'ZKYE'),
('foo', 'ZFKA'),
('foo', 'PHUE'),
('foo', 'GHTG'),
('foo', 'YACP'),
('foo', 'NXZG'),
('foo', 'ILEX'),
('foo', 'MJOT'),
('foo', 'ZXIM'),
('foo', 'RILC'),
('foo', 'RJDM'),
('foo', 'MCNX'),
('foo', 'IIVW'),
('foo', 'AZQR'),
('foo', 'HCJY'),
('foo', 'JYOQ'),
('foo', 'XIYD'),
('foo', 'QLLQ'),
('foo', 'HXTN'),
('foo', 'XUFW'),
('foo', 'ISYJ'),
('foo', 'FZJL'),
('foo', 'FCGT'),
('foo', 'WQGB'),
('foo', 'DZLN'),
('foo', 'BPDN'),
('foo', 'VMGL'),
('foo', 'QTXO'),
('foo', 'WULV'),
('foo', 'ZJJB'),
('foo', 'FZKF'),
('foo', 'GFFQ'),
('foo', 'INFF'),
('foo', 'VBBV'),
('foo', 'BEXL'),
('foo', 'DNIY'),
('foo', 'UTCN'),
('foo', 'STFW'),
('foo', 'MICM'),
('foo', 'GSTG'),
('foo', 'KROY'),
('foo', 'WWWZ'),
('foo', 'PHIV'),
('foo', 'FGTR'),
('foo', 'CGPV'),
('foo', 'WREN'),
('foo', 'HSTP'),
('foo', 'QZQV'),
('foo', 'QRSS'),
('foo', 'SXHG'),
('foo', 'HKLL'),
('foo', 'STEJ'),
('foo', 'ZUCL'),
('foo', 'CRKF'),
('unknown', 'KHON'),
('foo', 'VHVL'),
('foo', 'KBNQ'),
('foo', 'IAQN'),
('foo', 'CTBB'),
('foo', 'CVYF'),
('foo', 'IMNP'),
('foo', 'MZBG'),
('foo', 'QCPG'),
('foo', 'EAFJ'),
('foo', 'VBFB'),
('foo', 'KKSF'),
('foo', 'MVJK'),
('foo', 'OFYT'),
('foo', 'SXIB'),
('foo', 'XOLR'),
('foo', 'EWNL'),
('foo', 'WPOK'),
('foo', 'NPUC'),
('foo', 'XMNV'),
('foo', 'GQQZ'),
('foo', 'XWDV'),
('foo', 'ZDIR'),
('foo', 'TVZP'),
('foo', 'VVEF'),
('foo', 'DUOY'),
('foo', 'PARK'),
('foo', 'SQVO'),
('foo', 'LVCH'),
('foo', 'YNWD'),
('foo', 'WXMP'),
('foo', 'RHGW'),
('foo', 'XTIZ'),
('foo', 'JFWW'),
('foo', 'SOCM'),
('foo', 'VSAZ'),
('unknown', 'YISV'),
('foo', 'BZZQ'),
('foo', 'ESFZ'),
('foo', 'SDWQ'),
('foo', 'QJGZ'),
('foo', 'XLQO'),
('foo', 'VMQL'),
('unknown', 'XWBM'),
('foo', 'JRTV'),
('foo', 'OCFH'),
('foo', 'WKYZ'),
('foo', 'QACZ'),
('foo', 'JXOP'),
('unknown', 'LJTB'),
('foo', 'IGVE'),
('foo', 'JCCA'),
('foo', 'VIUE'),
('foo', 'SSXZ'),
('foo', 'VHSF'),
('foo', 'HMSK'),
('foo', 'ISAT'),
('foo', 'EFJO'),
('foo', 'MCCJ'),
('foo', 'CKZR'),
('foo', 'ZJCM'),
('foo', 'SFLP'),
('foo', 'NOUH'),
('foo', 'YTSK'),
('foo', 'SVQK'),
('foo', 'EBWE'),
('foo', 'COES'),
('foo', 'SBTK'),
('foo', 'VXPL'),
('foo', 'LDGA'),
('foo', 'UFMC'),
('foo', 'BIUG'),
('foo', 'ILZL'),
('foo', 'UWIZ'),
('foo', 'YOMK'),
('foo', 'LOJC'),
('foo', 'PUSM'),
('foo', 'FXDL'),
('foo', 'NYVR'),
('foo', 'LOWW'),
('foo', 'RWZZ'),
('foo', 'STTF'),
('foo', 'GFQR'),
('foo', 'WPCB'),
('foo', 'HINA'),
('foo', 'SAUY'),
('foo', 'MMDO'),
('foo', 'VTUR'),
('foo', 'MAQX'),
('foo', 'ACHY'),
('foo', 'BTDK'),
('foo', 'TQLD'),
('foo', 'SGBV'),
('foo', 'TWEQ'),
('foo', 'RZJH'),
('foo', 'ZCHS'),
('foo', 'NBFR'),
('foo', 'GAGB'),
('foo', 'ZEXX'),
('foo', 'HQYT'),
('foo', 'RDML'),
('foo', 'XQJT'),
('foo', 'IWQG'),
('foo', 'NUPS'),
('foo', 'EMEV'),
('foo', 'TYHU'),
('foo', 'ZDXL'),
('foo', 'RTKN'),
('foo', 'ZAVQ'),
('foo', 'PXUU'),
('foo', 'CKVV'),
('foo', 'GIAP'),
('foo', 'GSVV'),
('foo', 'XBLP'),
('foo', 'PXYL'),
('foo', 'DSQA'),
('foo', 'XZNA'),
('foo', 'TQIN'),
('unknown', 'QLKY'),
('foo', 'YXAS'),
('foo', 'GRRU'),
('foo', 'HSIH'),
('foo', 'MZVI'),
('foo', 'YSOW'),
('foo', 'MGPB'),
('foo', 'CETC'),
('foo', 'JMLE'),
('foo', 'FVKK'),
('foo', 'OTFD'),
('foo', 'INFM'),
('foo', 'KEIC'),
('foo', 'MXPF'),
('foo', 'XGWN'),
('foo', 'YHVB'),
('foo', 'KOYO'),
('foo', 'YTXT'),
('foo', 'YBEM'),
('foo', 'BRFZ'),
('foo', 'HXLX'),
('foo', 'KUQH'),
('foo', 'JEHJ'),
('foo', 'DMXO'),
('foo', 'EECM'),
('foo', 'AARU'),
('foo', 'DKXL'),
('foo', 'BYLA'),
('foo', 'KBEG'),
('foo', 'CYKP'),
('foo', 'GYKX'),
('foo', 'QTKK'),
('foo', 'GTXC'),
('foo', 'DYOS'),
('foo', 'XRYV'),
('foo', 'RJHC'),
('foo', 'JAKG'),
('foo', 'EDUX'),
('foo', 'XDNP'),
('foo', 'VANB'),
('foo', 'YFDY'),
('foo', 'ZJKS'),
('foo', 'INZX'),
('foo', 'NFGU'),
('foo', 'OWDX'),
('foo', 'JJDN'),
('foo', 'JFAU'),
('foo', 'BGJQ'),
('foo', 'WGEZ'),
('foo', 'MDDY'),
('foo', 'URCG'),
('foo', 'MQXZ'),
('unknown', 'BMDI'),
('foo', 'LWEI'),
('foo', 'KLYN'),
('foo', 'RLVQ'),
('unknown', 'HGNJ'),
('foo', 'TIGI'),
('foo', 'VJMY'),
('foo', 'JJYP'),
('foo', 'ASDE'),
('foo', 'VAJX'),
('foo', 'OSLQ'),
('foo', 'YCKF'),
('foo', 'NYTY'),
('foo', 'ZTSN'),
('foo', 'XWCW'),
('foo', 'BNUX'),
('foo', 'RCDP'),
('foo', 'ZVAF'),
('foo', 'MATK'),
('foo', 'FOET'),
('foo', 'LYBA'),
('foo', 'MFXC'),
('foo', 'FQUF'),
('foo', 'FLRR'),
('foo', 'FCPX'),
('foo', 'AXGV'),
('foo', 'HSGL'),
('foo', 'AWWW'),
('foo', 'IJPG'),
('foo', 'FSLE'),
('foo', 'JZGV'),
('foo', 'LYDR'),
('foo', 'JQYJ'),
('foo', 'SSRL'),
('foo', 'BUMW'),
('foo', 'BETL'),
('foo', 'DDWB'),
('foo', 'YWRZ'),
('foo', 'WZZN'),
('foo', 'UPCD'),
('foo', 'GWMT'),
('foo', 'QTGG'),
('foo', 'EANL'),
('foo', 'HOZL'),
('foo', 'SLZW'),
('foo', 'ZBCC'),
('foo', 'YKMA'),
('foo', 'RURJ'),
('unknown', 'JBLE'),
('foo', 'DMUO'),
('foo', 'JGNM'),
('foo', 'DNWL'),
('foo', 'MUVD'),
('foo', 'VMXN'),
('foo', 'JCWO'),
('foo', 'XMGO'),
('foo', 'UYNK'),
('foo', 'RUUR'),
('foo', 'WVBP'),
('foo', 'MYME'),
('foo', 'FTCJ'),
('foo', 'FTYC'),
('foo', 'YCIC'),
('foo', 'KIGW'),
('foo', 'VHDM'),
('foo', 'KPWG'),
('foo', 'SAMB'),
('foo', 'BLVZ'),
('foo', 'VAXS'),
('foo', 'YSWT'),
('foo', 'ZWSS'),
('foo', 'HWMG'),
('foo', 'DXND'),
('foo', 'WDRF'),
('foo', 'SOAC'),
('foo', 'SJML'),
('foo', 'VTYE'),
('foo', 'MVYK'),
('foo', 'QCFD'),
('foo', 'UKVY'),
('foo', 'MASX'),
('foo', 'OGBS'),
('foo', 'ONZM'),
('foo', 'MPAU'),
('foo', 'YOIM'),
('foo', 'ZMOV'),
('foo', 'KMBQ'),
('foo', 'XAZE'),
('unknown', 'ARJR'),
('foo', 'GNAB'),
('foo', 'QBKT'),
('foo', 'OLJB'),
('foo', 'KSKA'),
('foo', 'BSPT'),
('foo', 'ZDPR'),
('foo', 'WBHY'),
('foo', 'MXIG'),
('foo', 'UCIH'),
('foo', 'WNNO'),
('foo', 'KEUN'),
('foo', 'XIAX'),
('foo', 'ARAZ'),
('foo', 'ITWL'),
('foo', 'BPJR'),
('foo', 'TENO'),
('foo', 'NPQZ'),
('foo', 'SWSN'),
('foo', 'QDXM'),
('foo', 'IQWQ'),
('foo', 'LTXM'),
('unknown', 'JOKV'),
('foo', 'QAOP'),
('foo', 'WUPB'),
('foo', 'WMLE'),
('foo', 'YVRC'),
('foo', 'XKKV'),
('foo', 'AKDJ'),
('foo', 'OTUK'),
('foo', 'YTMK'),
('foo', 'NJAV'),
('foo', 'FJAN'),
('foo', 'DAVK'),
('foo', 'HUYU'),
('foo', 'DIZV'),
('foo', 'OYRP'),
('foo', 'MOJJ'),
('foo', 'DMAT'),
('foo', 'SGRE'),
('foo', 'FZCP'),
('foo', 'ASTB'),
('foo', 'BZSR'),
('unknown', 'IEZT'),
('foo', 'KFTK'),
('foo', 'SEPY'),
('foo', 'PRDX'),
('foo', 'OXQJ'),
('unknown', 'EOHV'),
('foo', 'UINH'),
('foo', 'PVAH'),
('foo', 'SFEC'),
('foo', 'CVKZ'),
('foo', 'BIAF'),
('foo', 'EEXE');
